-- Table structure for table `llx_contrat`
--

CREATE TABLE `llx_contrat` (
  `rowid` int(11) NOT NULL AUTO_INCREMENT,
  `ref` varchar(50) DEFAULT NULL,
  `ref_ext` varchar(255) DEFAULT NULL,
  `ref_supplier` varchar(50) DEFAULT NULL,
  `entity` int(11) NOT NULL DEFAULT 1,
  `tms` timestamp NOT NULL DEFAULT current_timestamp() ON UPDATE current_timestamp(),
  `datec` datetime DEFAULT NULL,
  `date_contrat` datetime DEFAULT NULL,
  `signed_status` smallint(6) DEFAULT NULL,
  `statut` smallint(6) DEFAULT 0,
  `mise_en_service` datetime DEFAULT NULL,
  `fin_validite` datetime DEFAULT NULL,
  `date_cloture` datetime DEFAULT NULL,
  `fk_soc` int(11) NOT NULL,
  `fk_projet` int(11) DEFAULT NULL,
  `fk_commercial_signature` int(11) DEFAULT NULL,
  `fk_commercial_suivi` int(11) DEFAULT NULL,
  `fk_user_author` int(11) NOT NULL DEFAULT 0,
  `fk_user_mise_en_service` int(11) DEFAULT NULL,
  `fk_user_cloture` int(11) DEFAULT NULL,
  `note_private` text DEFAULT NULL,
  `note_public` text DEFAULT NULL,
  `model_pdf` varchar(255) DEFAULT NULL,
  `import_key` varchar(14) DEFAULT NULL,
  `extraparams` varchar(255) DEFAULT NULL,
  `ref_customer` varchar(128) DEFAULT NULL,
  `fk_user_modif` int(11) DEFAULT NULL,
  `last_main_doc` varchar(255) DEFAULT NULL,
  `online_sign_ip` varchar(48) DEFAULT NULL,
  `online_sign_name` varchar(64) DEFAULT NULL,
  `total_tva` double(24,8) DEFAULT 0.00000000,
  `localtax1` double(24,8) DEFAULT 0.00000000,
  `localtax2` double(24,8) DEFAULT 0.00000000,
  `revenuestamp` double(24,8) DEFAULT 0.00000000,
  `total_ht` double(24,8) DEFAULT 0.00000000,
  `total_ttc` double(24,8) DEFAULT 0.00000000,
  `denormalized_lower_planned_end_date` datetime DEFAULT NULL,
  PRIMARY KEY (`rowid`),
  UNIQUE KEY `uk_contrat_ref` (`ref`,`entity`),
  KEY `idx_contrat_fk_soc` (`fk_soc`),
  KEY `idx_contrat_fk_user_author` (`fk_user_author`),
  CONSTRAINT `fk_contrat_fk_soc` FOREIGN KEY (`fk_soc`) REFERENCES `llx_societe` (`rowid`),
  CONSTRAINT `fk_contrat_user_author` FOREIGN KEY (`fk_user_author`) REFERENCES `llx_user` (`rowid`)
) ENGINE=InnoDB AUTO_INCREMENT=15 DEFAULT CHARSET=utf8mb3 COLLATE=utf8mb3_unicode_ci;

--
-- Dumping data for table `llx_contrat`
--

INSERT INTO `llx_contrat` VALUES
(1,'CONTRACT1',NULL,NULL,1,'2025-03-12 18:31:17','2012-07-09 01:53:25','2012-07-09 00:00:00',NULL,0,NULL,NULL,NULL,3,NULL,2,2,1,NULL,NULL,NULL,NULL,'strato',NULL,NULL,NULL,NULL,'contract/CONTRACT1/CONTRACT1.pdf',NULL,NULL,0.00000000,0.00000000,0.00000000,0.00000000,0.00000000,0.00000000,NULL),
(2,'CONTRAT1',NULL,NULL,1,'2023-03-02 11:57:07','2012-07-10 18:13:37','2012-07-10 00:00:00',NULL,1,NULL,NULL,NULL,2,NULL,2,2,1,NULL,NULL,NULL,NULL,'strato',NULL,NULL,NULL,NULL,'contract/CONTRAT1/CONTRAT1.pdf',NULL,NULL,0.00000000,0.00000000,0.00000000,0.00000000,0.00000000,0.00000000,NULL),
(3,'CT1303-0001',NULL,NULL,1,'2015-03-06 09:05:07','2015-03-06 10:04:57','2015-03-06 00:00:00',NULL,1,NULL,NULL,NULL,19,NULL,1,1,1,NULL,NULL,NULL,NULL,NULL,NULL,NULL,NULL,NULL,NULL,NULL,NULL,0.00000000,0.00000000,0.00000000,0.00000000,0.00000000,0.00000000,NULL),
(5,'CT2501-0003',NULL,NULL,1,'2025-01-03 14:26:46','2025-01-03 14:59:56','2025-01-03 14:59:56',0,1,NULL,NULL,NULL,39,NULL,29,29,29,NULL,NULL,'Contract created from the online instance registration form or the customer dashboard. forcesubdomain was empty.',NULL,NULL,NULL,NULL,'testldr1.with1.home.lan',NULL,NULL,NULL,NULL,0.00000000,0.00000000,0.00000000,0.00000000,0.00000000,0.00000000,NULL),
(6,'CT2501-0004',NULL,NULL,1,'2025-06-04 17:45:54','2025-01-03 15:05:10','2025-01-03 15:05:10',0,1,NULL,NULL,NULL,39,NULL,29,29,29,NULL,NULL,'Contract created from the online instance registration form or the customer dashboard. forcesubdomain was empty.',NULL,NULL,NULL,NULL,'testldr1b.with1.home.lan',NULL,NULL,NULL,NULL,0.00000000,0.00000000,0.00000000,0.00000000,0.00000000,0.00000000,NULL),
(7,'CT2501-0002',NULL,NULL,1,'2025-01-03 14:26:46','2025-01-03 15:08:56','2025-01-03 15:08:56',0,1,NULL,NULL,NULL,39,NULL,29,29,29,NULL,NULL,'Contract created from the online instance registration form or the customer dashboard. forcesubdomain was empty.',NULL,NULL,NULL,NULL,'testldr1c.with1.home.lan',NULL,NULL,NULL,NULL,0.00000000,0.00000000,0.00000000,0.00000000,0.00000000,0.00000000,NULL),
(8,'(PROV8)',NULL,NULL,1,'2025-01-03 14:13:54','2025-01-03 15:13:54','2025-01-03 15:13:54',0,0,NULL,NULL,NULL,39,NULL,29,29,29,NULL,NULL,'Contract created from the online instance registration form or the customer dashboard. forcesubdomain was empty.',NULL,NULL,NULL,NULL,'testldr1d.with1.home.lan',NULL,NULL,NULL,NULL,0.00000000,0.00000000,0.00000000,0.00000000,0.00000000,0.00000000,NULL),
(9,'(PROV9)',NULL,NULL,1,'2025-03-12 19:10:46','2025-01-03 15:17:40','2025-01-03 15:17:40',0,0,NULL,NULL,NULL,39,NULL,29,29,29,NULL,NULL,'Contract created from the online instance registration form or the customer dashboard. forcesubdomain was empty.',NULL,'strato',NULL,NULL,'testldre.with1.home.lan',NULL,'contract/(PROV9)/(PROV9).pdf',NULL,NULL,0.00000000,0.00000000,0.00000000,0.00000000,0.00000000,0.00000000,NULL),
(10,'(PROV10)',NULL,NULL,1,'2025-01-28 16:39:40','2025-01-28 17:39:40','2025-01-28 17:39:40',0,0,NULL,NULL,NULL,39,NULL,29,29,29,NULL,NULL,'Contract created from the online instance registration form or the customer dashboard. forcesubdomain was empty.',NULL,NULL,NULL,NULL,'aaa.with1.home.lan',NULL,NULL,NULL,NULL,0.00000000,0.00000000,0.00000000,0.00000000,0.00000000,0.00000000,NULL),
(14,'(PROV14)',NULL,NULL,1,'2025-06-26 17:54:04','2025-06-26 17:54:04','2025-06-26 00:00:00',0,0,NULL,NULL,NULL,32,NULL,12,12,12,NULL,NULL,NULL,NULL,NULL,NULL,NULL,NULL,NULL,NULL,NULL,NULL,0.00000000,0.00000000,0.00000000,0.00000000,0.00000000,0.00000000,NULL);

--
-- Table structure for table `llx_contrat_extrafields`
--

CREATE TABLE `llx_contrat_extrafields` (
  `rowid` int(11) NOT NULL AUTO_INCREMENT,
  `tms` timestamp NOT NULL DEFAULT current_timestamp() ON UPDATE current_timestamp(),
  `fk_object` int(11) NOT NULL,
  `import_key` varchar(14) DEFAULT NULL,
  `plan` varchar(64) DEFAULT NULL,
  `deployment_init_adminpass` varchar(64) DEFAULT NULL,
  `deployment_status` varchar(255) DEFAULT NULL,
  `deployment_host` varchar(128) DEFAULT NULL,
  `deployment_date_start` datetime DEFAULT NULL,
  `deployment_date_end` datetime DEFAULT NULL,
  `deployment_ip` varchar(128) DEFAULT NULL,
  `deployment_vpn_proba` double(8,4) DEFAULT NULL,
  `deployment_ipquality` varchar(255) DEFAULT NULL,
  `deployment_emailquality` varchar(255) DEFAULT NULL,
  `deployment_ua` varchar(255) DEFAULT NULL,
  `date_softalert_endfreeperiod` datetime DEFAULT NULL,
  `date_endfreeperiod` datetime DEFAULT NULL,
  `undeployment_date` datetime DEFAULT NULL,
  `undeployment_ip` varchar(128) DEFAULT NULL,
  `custom_url` varchar(128) DEFAULT NULL,
  `custom_virtualhostline` varchar(255) DEFAULT NULL,
  `custom_virtualhostdir` varchar(255) DEFAULT NULL,
  `hostname_os` varchar(128) DEFAULT NULL,
  `username_os` varchar(32) DEFAULT NULL,
  `password_os` varchar(128) DEFAULT NULL,
  `sshaccesstype` varchar(255) DEFAULT NULL,
  `hostname_db` varchar(128) DEFAULT NULL,
  `database_db` varchar(32) DEFAULT NULL,
  `port_db` varchar(8) DEFAULT NULL,
  `username_db` varchar(32) DEFAULT NULL,
  `password_db` varchar(128) DEFAULT NULL,
  `username_ro_db` varchar(32) DEFAULT NULL,
  `password_ro_db` varchar(128) DEFAULT NULL,
  `prefix_db` varchar(64) DEFAULT NULL,
  `timezone` varchar(64) DEFAULT NULL,
  `fileauthorizekey` datetime DEFAULT NULL,
  `filelock` datetime DEFAULT NULL,
  `fileinstallmoduleslock` datetime DEFAULT NULL,
  `latestresupdate_date` datetime DEFAULT NULL,
  `latestbackup_date` datetime DEFAULT NULL,
  `latestbackup_date_ok` datetime DEFAULT NULL,
  `latestbackup_status` varchar(2) DEFAULT NULL,
  `latestbackup_message` text DEFAULT NULL,
  `backup_frequency` int(3) DEFAULT 1,
  `maxperday` int(6) DEFAULT NULL,
  `cookieregister_counter` int(10) DEFAULT NULL,
  `cookieregister_previous_instance` varchar(128) DEFAULT NULL,
  `discountcode` varchar(255) DEFAULT NULL,
  `suspendmaintenance_message` varchar(255) DEFAULT NULL,
  `commentonqty` text DEFAULT NULL,
  `spammer` varchar(8) DEFAULT NULL,
  `reasonundeploy` varchar(255) DEFAULT NULL,
  `commentundeploy` text DEFAULT NULL,
  `date_hardalert_endfreeperiod` datetime DEFAULT NULL,
  `directaccess` varchar(255) DEFAULT NULL,
  `fileupgradeunlock` datetime DEFAULT NULL,
  `instanceversion` varchar(128) DEFAULT NULL,
  `latestbackupremote_date` datetime DEFAULT NULL,
  `latestbackupremote_date_ok` datetime DEFAULT NULL,
  `latestbackupremote_status` varchar(2) DEFAULT NULL,
  `aaa` varchar(255) DEFAULT NULL,
  PRIMARY KEY (`rowid`),
  UNIQUE KEY `uk_contrat_extrafields` (`fk_object`),
  UNIQUE KEY `uk_contrat_extrafields_username_os` (`username_os`),
  UNIQUE KEY `uk_contrat_extrafields_database_db` (`database_db`),
  UNIQUE KEY `uk_contrat_extrafields_username_db` (`username_db`),
  UNIQUE KEY `uk_contrat_extrafields_username_ro_db` (`username_ro_db`)
) ENGINE=InnoDB AUTO_INCREMENT=14 DEFAULT CHARSET=utf8mb3 COLLATE=utf8mb3_unicode_ci;

--
-- Dumping data for table `llx_contrat_extrafields`
--

INSERT INTO `llx_contrat_extrafields` VALUES
(1,'2023-01-19 12:39:56',2,NULL,NULL,NULL,'done',NULL,NULL,NULL,NULL,NULL,NULL,NULL,NULL,NULL,NULL,NULL,NULL,NULL,NULL,NULL,NULL,NULL,NULL,NULL,NULL,NULL,NULL,NULL,NULL,NULL,NULL,NULL,NULL,NULL,NULL,NULL,NULL,NULL,NULL,NULL,NULL,1,NULL,NULL,NULL,NULL,NULL,NULL,NULL,NULL,NULL,NULL,NULL,NULL,NULL,NULL,NULL,NULL,NULL),
(5,'2025-01-03 14:13:54',8,NULL,'DOLICLOUD','testldr1-ABC','processing','127.0.0.1','2025-01-03 15:13:54',NULL,'127.0.0.1',NULL,NULL,NULL,'Mozilla/5.0 (X11; Linux x86_64) AppleWebKit/537.36 (KHTML, like Gecko) Chrome/131.0.0.0 Safari/537.36 - fr-FR,fr;q=0.9,en-US;q=0.8,en;q=0.7',NULL,'2025-01-18 15:13:54',NULL,NULL,NULL,NULL,NULL,'testldr1d.with1.home.lan','osuo724k4hqa','demokey','0','testldr1d.with1.home.lan','dbntq7Wk89Mt','3306','dbuZe76P3B70','demokey',NULL,NULL,NULL,'Europe/Paris',NULL,NULL,NULL,NULL,NULL,NULL,NULL,NULL,1,NULL,1,NULL,NULL,NULL,NULL,NULL,NULL,NULL,NULL,NULL,NULL,NULL,NULL,NULL,NULL,NULL),
(6,'2025-01-03 14:17:40',9,NULL,'DOLICLOUD','testldr1-ABC','processing','127.0.0.1','2025-01-03 15:17:40',NULL,'127.0.0.1',NULL,NULL,NULL,'Mozilla/5.0 (X11; Linux x86_64) AppleWebKit/537.36 (KHTML, like Gecko) Chrome/131.0.0.0 Safari/537.36 - fr-FR,fr;q=0.9,en-US;q=0.8,en;q=0.7',NULL,'2025-01-18 15:17:40',NULL,NULL,NULL,NULL,NULL,'testldre.with1.home.lan','osuky642i38n','demokey','0','testldre.with1.home.lan','dbnd3X892MlO','3306','dbuCbWmMi7O8','demokey',NULL,NULL,NULL,'Europe/Paris',NULL,NULL,NULL,NULL,NULL,NULL,NULL,NULL,1,NULL,1,NULL,NULL,NULL,NULL,NULL,NULL,NULL,NULL,NULL,NULL,NULL,NULL,NULL,NULL,NULL),
(7,'2025-03-25 23:57:06',7,NULL,'DOLICLOUD','testldr1b-ABC','undeployed','127.0.0.1','2025-01-03 15:08:56',NULL,'127.0.0.1',NULL,NULL,NULL,'Mozilla/5.0 (X11; Linux x86_64) AppleWebKit/537.36 (KHTML, like Gecko) Chrome/131.0.0.0 Safari/537.36 - fr-FR,fr;q=0.9,en-US;q=0.8,en;q=0.7',NULL,'2025-01-23 15:08:56','2025-01-03 15:26:46','127.0.0.1',NULL,NULL,NULL,'testldr1c.with1.home.lan','osu6viclw5if','demokey','0','testldr1c.with1.home.lan','dbnrC5ydd7GC','3306','dbub5pLDMaTw','demokey',NULL,NULL,NULL,'Europe/Paris',NULL,NULL,NULL,NULL,NULL,NULL,NULL,NULL,1,NULL,1,NULL,NULL,NULL,NULL,NULL,NULL,NULL,NULL,NULL,NULL,NULL,NULL,NULL,NULL,NULL),
(8,'2025-01-03 14:26:46',5,NULL,'DOLICLOUD','testldr1-ABC','undeployed','127.0.0.1','2025-01-03 14:59:56',NULL,'127.0.0.1',NULL,NULL,NULL,'Mozilla/5.0 (X11; Linux x86_64) AppleWebKit/537.36 (KHTML, like Gecko) Chrome/131.0.0.0 Safari/537.36 - fr-FR,fr;q=0.9,en-US;q=0.8,en;q=0.7',NULL,'2025-01-18 14:59:56','2025-01-03 15:26:46','127.0.0.1',NULL,NULL,NULL,'testldr1.with1.home.lan','osu07jp64r9z','demokey','0','testldr1.with1.home.lan','dbnL4N55fzF6','3306','dbuH73bA3QfX','demokey',NULL,NULL,NULL,'Europe/Paris',NULL,NULL,NULL,NULL,NULL,NULL,NULL,NULL,1,NULL,1,NULL,NULL,NULL,NULL,NULL,NULL,NULL,NULL,NULL,NULL,NULL,NULL,NULL,NULL,NULL),
(9,'2025-03-25 21:53:24',6,NULL,'DOLICLOUD','testldr1-ABC','undeployed','127.0.0.1','2025-01-03 15:05:10',NULL,'127.0.0.1',NULL,NULL,NULL,'Mozilla/5.0 (X11; Linux x86_64) AppleWebKit/537.36 (KHTML, like Gecko) Chrome/131.0.0.0 Safari/537.36 - fr-FR,fr;q=0.9,en-US;q=0.8,en;q=0.7',NULL,'2026-01-19 15:05:10','2025-01-03 15:27:11','127.0.0.1',NULL,NULL,NULL,'testldr1b.with1.home.lan','osu7xkedfm24','demokey','0','testldr1b.with1.home.lan','dbnVmeQT2M8i','3306','dbuK7VsLk5c8','demokey',NULL,NULL,NULL,'Europe/Paris',NULL,NULL,NULL,NULL,NULL,NULL,NULL,NULL,1,NULL,1,NULL,NULL,NULL,NULL,NULL,NULL,NULL,NULL,NULL,NULL,NULL,NULL,NULL,NULL,NULL),
(10,'2025-01-28 16:39:40',10,NULL,'DOLICLOUD','Azerty01','processing','127.0.0.1','2025-01-28 17:39:40',NULL,'127.0.0.1',NULL,NULL,NULL,'Mozilla/5.0 (X11; Linux x86_64) AppleWebKit/537.36 (KHTML, like Gecko) Chrome/131.0.0.0 Safari/537.36 - fr-FR,fr;q=0.9,en-US;q=0.8,en;q=0.7',NULL,'2025-02-12 17:39:40',NULL,NULL,NULL,NULL,NULL,'aaa.with1.home.lan','osuy6m0f5xtl','demokey','0','aaa.with1.home.lan','dbnSE8YB6jGm','3306','dbu8MhF1Dwcl','demokey',NULL,NULL,NULL,'Europe/Paris',NULL,NULL,NULL,NULL,NULL,NULL,NULL,NULL,1,NULL,1,NULL,NULL,NULL,NULL,NULL,NULL,NULL,NULL,NULL,NULL,NULL,NULL,NULL,NULL,NULL),
(13,'2025-06-26 17:54:04',14,NULL,NULL,NULL,'0',NULL,NULL,NULL,NULL,NULL,NULL,NULL,NULL,NULL,NULL,NULL,NULL,NULL,NULL,NULL,NULL,NULL,NULL,NULL,NULL,NULL,NULL,NULL,NULL,NULL,NULL,NULL,NULL,NULL,NULL,NULL,NULL,NULL,NULL,NULL,NULL,1,NULL,NULL,NULL,NULL,NULL,NULL,NULL,NULL,NULL,NULL,'0',NULL,NULL,NULL,NULL,NULL,NULL);

--
-- Table structure for table `llx_contratdet`
--

CREATE TABLE `llx_contratdet` (
  `rowid` int(11) NOT NULL AUTO_INCREMENT,
  `tms` timestamp NOT NULL DEFAULT current_timestamp() ON UPDATE current_timestamp(),
  `fk_contrat` int(11) NOT NULL,
  `fk_product` int(11) DEFAULT NULL,
  `statut` smallint(6) DEFAULT 0,
  `label` text DEFAULT NULL,
  `description` text DEFAULT NULL,
  `fk_remise_except` int(11) DEFAULT NULL,
  `date_commande` datetime DEFAULT NULL,
  `date_ouverture_prevue` datetime DEFAULT NULL,
  `date_ouverture` datetime DEFAULT NULL,
  `date_fin_validite` datetime DEFAULT NULL,
  `date_cloture` datetime DEFAULT NULL,
  `tva_tx` double(6,3) DEFAULT 0.000,
  `vat_src_code` varchar(10) DEFAULT '',
  `localtax1_tx` double(6,3) DEFAULT 0.000,
  `localtax1_type` varchar(10) NOT NULL DEFAULT '0',
  `localtax2_tx` double(6,3) DEFAULT 0.000,
  `localtax2_type` varchar(10) NOT NULL DEFAULT '0',
  `qty` double NOT NULL,
  `remise_percent` double DEFAULT 0,
  `subprice` double(24,8) DEFAULT 0.00000000,
  `subprice_ttc` double(24,8) DEFAULT 0.00000000,
  `total_ht` double(24,8) DEFAULT 0.00000000,
  `total_tva` double(24,8) DEFAULT 0.00000000,
  `total_localtax1` double(24,8) DEFAULT 0.00000000,
  `total_localtax2` double(24,8) DEFAULT 0.00000000,
  `total_ttc` double(24,8) DEFAULT 0.00000000,
  `product_type` int(11) DEFAULT 1,
  `info_bits` int(11) DEFAULT 0,
  `rang` int(11) DEFAULT 0,
  `fk_product_fournisseur_price` int(11) DEFAULT NULL,
  `buy_price_ht` double(24,8) DEFAULT 0.00000000,
  `fk_user_author` int(11) NOT NULL DEFAULT 0,
  `fk_user_ouverture` int(11) DEFAULT NULL,
  `fk_user_cloture` int(11) DEFAULT NULL,
  `commentaire` text DEFAULT NULL,
  `fk_unit` int(11) DEFAULT NULL,
  `fk_multicurrency` int(11) DEFAULT NULL,
  `multicurrency_code` varchar(3) DEFAULT NULL,
  `multicurrency_subprice` double(24,8) DEFAULT 0.00000000,
  `multicurrency_subprice_ttc` double(24,8) DEFAULT 0.00000000,
  `multicurrency_total_ht` double(24,8) DEFAULT 0.00000000,
  `multicurrency_total_tva` double(24,8) DEFAULT 0.00000000,
  `multicurrency_total_ttc` double(24,8) DEFAULT 0.00000000,
  `extraparams` varchar(255) DEFAULT NULL,
  PRIMARY KEY (`rowid`),
  KEY `idx_contratdet_fk_contrat` (`fk_contrat`),
  KEY `idx_contratdet_fk_product` (`fk_product`),
  KEY `idx_contratdet_date_ouverture_prevue` (`date_ouverture_prevue`),
  KEY `idx_contratdet_date_ouverture` (`date_ouverture`),
  KEY `idx_contratdet_date_fin_validite` (`date_fin_validite`),
  KEY `fk_contratdet_fk_unit` (`fk_unit`),
  KEY `idx_contratdet_statut` (`statut`),
  CONSTRAINT `fk_contratdet_fk_contrat` FOREIGN KEY (`fk_contrat`) REFERENCES `llx_contrat` (`rowid`),
  CONSTRAINT `fk_contratdet_fk_product` FOREIGN KEY (`fk_product`) REFERENCES `llx_product` (`rowid`),
  CONSTRAINT `fk_contratdet_fk_unit` FOREIGN KEY (`fk_unit`) REFERENCES `llx_c_units` (`rowid`)
) ENGINE=InnoDB AUTO_INCREMENT=36 DEFAULT CHARSET=utf8mb3 COLLATE=utf8mb3_unicode_ci;

--
-- Dumping data for table `llx_contratdet`
--

INSERT INTO `llx_contratdet` VALUES
(2,'2023-01-25 15:43:02',2,NULL,4,'','Abonnement annuel assurance',NULL,NULL,'2012-07-10 00:00:00','2023-01-03 12:00:00','2023-01-04 12:00:00',NULL,1.000,'',0.000,'',0.000,'',1,0,10.00000000,0.00000000,10.00000000,0.10000000,0.00000000,0.00000000,10.10000000,1,0,1,NULL,0.00000000,0,12,NULL,'',NULL,NULL,NULL,0.00000000,0.00000000,0.00000000,0.00000000,0.00000000,NULL),
(3,'2023-01-25 15:43:02',2,3,4,'','gdfg',NULL,NULL,'2012-07-10 00:00:00','2023-01-03 12:00:00','2023-01-04 12:00:00',NULL,4.000,'',0.000,'',0.000,'',1,0,0.00000000,0.00000000,0.00000000,0.00000000,0.00000000,0.00000000,0.00000000,1,0,2,0,0.00000000,0,12,1,'',NULL,NULL,NULL,0.00000000,0.00000000,0.00000000,0.00000000,0.00000000,NULL),
(4,'2025-04-09 15:23:04',2,3,4,'','',NULL,NULL,'2012-07-10 00:00:00','2025-04-09 17:23:04','2023-01-02 00:00:00',NULL,0.000,'',0.000,'',0.000,'',1,10,40.00000000,0.00000000,36.00000000,0.00000000,0.00000000,0.00000000,36.00000000,1,0,3,NULL,0.00000000,0,12,12,'',NULL,NULL,NULL,0.00000000,0.00000000,0.00000000,0.00000000,0.00000000,NULL),
(5,'2022-12-11 21:23:42',3,NULL,4,'','gfdg',NULL,NULL,NULL,'2015-03-06 12:00:00','2015-03-07 12:00:00',NULL,0.000,'',0.000,'',0.000,'',1,0,10.00000000,0.00000000,10.00000000,0.00000000,0.00000000,0.00000000,10.00000000,1,0,1,0,0.00000000,0,1,1,'',NULL,NULL,NULL,0.00000000,0.00000000,0.00000000,0.00000000,0.00000000,NULL),
(17,'2025-01-03 13:59:56',5,12,0,'','Service SaaS d&#39;hébergement de la solution Dolibarr ERP CRM',NULL,NULL,'2025-01-03 14:59:56',NULL,'2025-01-18 14:59:56',NULL,0.000,NULL,0.000,'0',0.000,'0',1,0,9.00000000,0.00000000,9.00000000,0.00000000,0.00000000,0.00000000,9.00000000,1,0,0,NULL,8.50000000,0,NULL,NULL,NULL,NULL,NULL,NULL,0.00000000,0.00000000,0.00000000,0.00000000,0.00000000,NULL),
(18,'2025-06-04 17:45:54',6,12,5,'','Service SaaS d&#39;hébergement de la solution Dolibarr ERP CRM',NULL,NULL,'2025-01-03 15:05:10',NULL,'2027-01-18 15:05:10','2025-06-04 17:45:54',0.000,'',0.000,'0',0.000,'0',1,0,9.00000000,0.00000000,9.00000000,0.00000000,0.00000000,0.00000000,9.00000000,1,0,0,NULL,8.50000000,0,NULL,12,'',NULL,NULL,NULL,0.00000000,0.00000000,0.00000000,0.00000000,0.00000000,NULL),
(19,'2025-03-25 23:57:06',7,12,0,'','Service SaaS d&#39;hébergement de la solution Dolibarr ERP CRM',NULL,NULL,'2025-01-03 15:08:56',NULL,'2025-01-23 15:08:56',NULL,0.000,'',0.000,'0',0.000,'0',1,0,9.00000000,0.00000000,9.00000000,0.00000000,0.00000000,0.00000000,9.00000000,1,0,0,NULL,8.50000000,0,NULL,NULL,'',NULL,NULL,NULL,0.00000000,0.00000000,0.00000000,0.00000000,0.00000000,NULL),
(20,'2025-01-03 14:13:54',8,12,0,'','Service SaaS d&#39;hébergement de la solution Dolibarr ERP CRM',NULL,NULL,'2025-01-03 15:13:54',NULL,'2025-01-18 15:13:54',NULL,0.000,NULL,0.000,'0',0.000,'0',1,0,9.00000000,0.00000000,9.00000000,0.00000000,0.00000000,0.00000000,9.00000000,1,0,0,NULL,8.50000000,0,NULL,NULL,NULL,NULL,NULL,NULL,0.00000000,0.00000000,0.00000000,0.00000000,0.00000000,NULL),
(22,'2025-01-28 16:39:40',10,12,0,'','Service SaaS d&#39;hébergement de la solution Dolibarr ERP CRM',NULL,NULL,'2025-01-28 17:39:40',NULL,'2025-02-12 17:39:40',NULL,0.000,NULL,0.000,'0',0.000,'0',1,0,9.00000000,0.00000000,9.00000000,0.00000000,0.00000000,0.00000000,9.00000000,1,0,0,NULL,8.50000000,0,NULL,NULL,NULL,NULL,NULL,NULL,0.00000000,0.00000000,0.00000000,0.00000000,0.00000000,NULL),
(27,'2025-03-12 18:35:22',1,12,0,'','Ceci est une description...',NULL,NULL,NULL,NULL,NULL,NULL,0.000,NULL,0.000,'0',0.000,'0',1,0,9.00000000,0.00000000,9.00000000,0.00000000,0.00000000,0.00000000,9.00000000,1,0,1,0,8.50000000,0,NULL,NULL,NULL,1,NULL,NULL,0.00000000,0.00000000,0.00000000,0.00000000,0.00000000,NULL),
(29,'2025-03-12 18:46:33',9,12,0,'','Ceci est une description...<br>\na<br>\n<strong>et la suite</strong><br>\na<br>\naaaa',NULL,NULL,NULL,NULL,NULL,NULL,0.000,NULL,0.000,'0',0.000,'0',1,0,9.00000000,0.00000000,9.00000000,0.00000000,0.00000000,0.00000000,9.00000000,1,0,1,0,8.50000000,0,NULL,NULL,NULL,1,NULL,NULL,0.00000000,0.00000000,0.00000000,0.00000000,0.00000000,NULL),
(35,'2025-03-12 19:07:45',9,12,0,'','Ceci est une description...<br>\na<br>\n<strong>et la suite</strong><br>\na<br>\naaaa<br>\nzzzzz',NULL,NULL,NULL,NULL,NULL,NULL,0.000,NULL,0.000,'0',0.000,'0',1,0,9.00000000,0.00000000,9.00000000,0.00000000,0.00000000,0.00000000,9.00000000,1,0,2,0,8.50000000,0,NULL,NULL,NULL,1,NULL,NULL,0.00000000,0.00000000,0.00000000,0.00000000,0.00000000,NULL);

--
-- Table structure for table `llx_contratdet_extrafields`
--

CREATE TABLE `llx_contratdet_extrafields` (
  `rowid` int(11) NOT NULL AUTO_INCREMENT,
  `tms` timestamp NOT NULL DEFAULT current_timestamp() ON UPDATE current_timestamp(),
  `fk_object` int(11) NOT NULL,
  `import_key` varchar(14) DEFAULT NULL,
  PRIMARY KEY (`rowid`),
  UNIQUE KEY `uk_contratdet_extrafields` (`fk_object`)
) ENGINE=InnoDB DEFAULT CHARSET=utf8mb3 COLLATE=utf8mb3_unicode_ci;

--
-- Dumping data for table `llx_contratdet_extrafields`
--


--
-- Table structure for table `llx_cronjob`
--

CREATE TABLE `llx_cronjob` (
  `rowid` int(11) NOT NULL AUTO_INCREMENT,
  `tms` timestamp NOT NULL DEFAULT current_timestamp() ON UPDATE current_timestamp(),
  `datec` datetime DEFAULT NULL,
  `jobtype` varchar(10) NOT NULL,
  `label` varchar(255) NOT NULL,
  `command` varchar(255) DEFAULT NULL,
  `classesname` varchar(255) DEFAULT NULL,
  `objectname` varchar(255) DEFAULT NULL,
  `methodename` varchar(255) DEFAULT NULL,
  `params` text DEFAULT NULL,
  `md5params` varchar(32) DEFAULT NULL,
  `module_name` varchar(255) DEFAULT NULL,
  `priority` int(11) DEFAULT 0,
  `datelastrun` datetime DEFAULT NULL,
  `datenextrun` datetime DEFAULT NULL,
  `datestart` datetime DEFAULT NULL,
  `dateend` datetime DEFAULT NULL,
  `datelastresult` datetime DEFAULT NULL,
  `lastresult` text DEFAULT NULL,
  `lastoutput` text DEFAULT NULL,
  `unitfrequency` varchar(255) NOT NULL DEFAULT '3600',
  `frequency` int(11) NOT NULL DEFAULT 0,
  `nbrun` int(11) DEFAULT NULL,
  `status` int(11) NOT NULL DEFAULT 1,
  `fk_user_author` int(11) DEFAULT NULL,
  `fk_user_mod` int(11) DEFAULT NULL,
  `note` text DEFAULT NULL,
  `libname` varchar(255) DEFAULT NULL,
  `entity` int(11) DEFAULT 0,
  `maxrun` int(11) NOT NULL DEFAULT 0,
  `autodelete` int(11) DEFAULT 0,
  `fk_mailing` int(11) DEFAULT NULL,
  `test` varchar(255) DEFAULT '1',
  `processing` int(11) NOT NULL DEFAULT 0,
  `email_alert` varchar(128) DEFAULT NULL,
  `pid` int(11) DEFAULT NULL,
  PRIMARY KEY (`rowid`),
  UNIQUE KEY `uk_cronjob` (`label`,`entity`)
) ENGINE=InnoDB AUTO_INCREMENT=89 DEFAULT CHARSET=utf8mb3 COLLATE=utf8mb3_unicode_ci;

--
-- Dumping data for table `llx_cronjob`
--

INSERT INTO `llx_cronjob` VALUES
(1,'2015-03-23 18:18:39','2015-03-23 19:18:39','command','aaa','aaaa','','','','','','',0,NULL,NULL,'2015-03-23 19:18:00',NULL,NULL,NULL,NULL,'3600',3600,0,0,1,1,'',NULL,0,0,0,NULL,'1',0,NULL,NULL),
(40,'2018-11-23 11:58:15','2018-11-23 12:58:15','method','SendEmailsReminders',NULL,'comm/action/class/actioncomm.class.php','ActionComm','sendEmailsReminder',NULL,NULL,'agenda',10,NULL,NULL,'2018-11-23 12:58:15',NULL,NULL,NULL,NULL,'60',10,NULL,1,NULL,NULL,'SendEMailsReminder',NULL,1,0,0,NULL,'$conf->agenda->enabled',0,NULL,NULL),
(41,'2018-11-23 11:58:16','2018-11-23 12:58:16','method','PurgeDeleteTemporaryFilesShort',NULL,'core/class/utils.class.php','Utils','purgeFiles',NULL,NULL,'cron',50,NULL,NULL,'2018-11-23 12:58:16',NULL,NULL,NULL,NULL,'604800',2,NULL,1,NULL,NULL,'PurgeDeleteTemporaryFiles',NULL,0,0,0,NULL,'1',0,NULL,NULL),
(42,'2020-01-15 15:43:12','2018-11-23 12:58:16','method','MakeLocalDatabaseDumpShort',NULL,'core/class/utils.class.php','Utils','dumpDatabase','none,auto,1,auto,10',NULL,'cron',90,'2020-01-15 19:43:12','2020-01-17 12:58:16','2018-11-23 12:58:16',NULL,'2020-01-15 19:43:12','-1','Failed to run external command. Check it is available and runnable by your PHP server. If PHP <b>Safe Mode</b> is enabled, check that command is inside a directory defined by parameter <b>safe_mode_exec_dir</b>.\nFailed to run external command. Check it is available and runnable by your PHP server. If PHP <b>Safe Mode</b> is enabled, check that command is inside a directory defined by parameter <b>safe_mode_exec_dir</b>.','604800',1,2,1,NULL,12,'MakeLocalDatabaseDump',NULL,0,0,0,NULL,'1',0,NULL,NULL),
(43,'2022-07-04 01:11:54','2018-11-23 12:58:17','method','RecurringInvoicesJob',NULL,'compta/facture/class/facture-rec.class.php','FactureRec','createRecurringInvoices',NULL,NULL,'facture',50,NULL,NULL,'2018-11-23 23:00:00',NULL,NULL,NULL,NULL,'86400',1,NULL,1,NULL,NULL,'Generate recurring invoices',NULL,1,0,0,NULL,'$conf->facture->enabled',0,NULL,NULL),
(45,'2020-01-01 12:00:34','2020-01-01 16:00:34','method','MyJob label',NULL,'/captureserver/class/myobject.class.php','MyObject','doScheduledJob',NULL,NULL,'captureserver',0,NULL,NULL,'2020-01-01 16:00:34',NULL,NULL,NULL,NULL,'3600',2,NULL,0,NULL,NULL,'Comment',NULL,1,0,0,NULL,'$conf->captureserver->enabled',0,NULL,NULL),
(46,'2020-01-12 20:13:55','2020-01-13 00:13:55','method','Email collector',NULL,'/emailcollector/class/emailcollector.class.php','EmailCollector','doCollect',NULL,NULL,'emailcollector',50,NULL,NULL,'2020-01-13 00:13:55',NULL,NULL,NULL,NULL,'60',5,NULL,1,NULL,NULL,'Comment',NULL,1,0,0,NULL,'$conf->emailcollector->enabled',0,NULL,NULL),
(48,'2021-07-11 17:49:46','2021-07-11 19:49:46','method','SendEmailsRemindersOnInvoiceDueDate',NULL,'compta/facture/class/facture.class.php','Facture','sendEmailsRemindersOnInvoiceDueDate','10,all,EmailTemplateCode',NULL,'facture',50,NULL,NULL,'2021-07-11 23:00:00',NULL,NULL,NULL,NULL,'86400',1,NULL,0,NULL,NULL,'Send an emails when the unpaid invoices reach a due date + n days = today. First param is the offset n of days, second parameter is \"all\" or a payment mode code, last paramater is the code of email template to use (an email template with EmailTemplateCode must exists. the version in the language of the thirdparty will be used in priority).',NULL,1,0,0,NULL,'$conf->facture->enabled',0,NULL,NULL),
(49,'2022-02-07 13:38:17','2022-02-07 13:38:17','method','HolidayBalanceMonthlyUpdate',NULL,'holiday/class/holiday.class.php','Holiday','updateBalance',NULL,NULL,'holiday',50,NULL,NULL,'2022-02-07 04:00:00',NULL,NULL,NULL,NULL,'86400',1,NULL,1,NULL,NULL,'Update holiday balance every month',NULL,1,0,0,NULL,'$conf->holiday->enabled',0,NULL,NULL),
(50,'2022-07-04 01:12:18','2022-07-04 01:12:18','method','MakeSendLocalDatabaseDumpShort',NULL,'core/class/utils.class.php','Utils','sendDumpDatabase',',,,,,sql',NULL,'cron',91,NULL,NULL,'2022-07-04 01:12:18',NULL,NULL,NULL,NULL,'604800',1,NULL,0,NULL,NULL,'MakeSendLocalDatabaseDump',NULL,0,0,0,NULL,'!empty($conf->global->MAIN_ALLOW_BACKUP_BY_EMAIL) && in_array($conf->db->type, array(\'mysql\', \'mysqli\'))',0,NULL,NULL),
(51,'2022-07-04 01:12:18','2022-07-04 01:12:18','method','RecurringSupplierInvoicesJob',NULL,'fourn/class/fournisseur.facture-rec.class.php','FactureFournisseurRec','createRecurringInvoices',NULL,NULL,'fournisseur',51,NULL,NULL,'2022-07-04 23:00:00',NULL,NULL,NULL,NULL,'86400',1,NULL,1,NULL,NULL,'Generate recurring supplier invoices',NULL,1,0,0,NULL,'',0,NULL,NULL),
(52,'2022-12-11 21:23:42','2022-12-11 21:23:42','method','CleanUnfinishedCronjobShort',NULL,'core/class/utils.class.php','Utils','cleanUnfinishedCronjob',NULL,NULL,'cron',10,NULL,NULL,'2022-12-11 21:23:42',NULL,NULL,NULL,NULL,'60',5,NULL,0,NULL,NULL,'CleanUnfinishedCronjob',NULL,0,0,0,NULL,'getDolGlobalInt(\"MAIN_FEATURES_LEVEL\") >= 2',0,NULL,NULL),
(53,'2022-12-11 21:23:43','2022-12-11 21:23:43','method','HolidayBalanceMonthlyUpdate:holiday',NULL,'holiday/class/holiday.class.php','Holiday','updateBalance',NULL,NULL,'holiday',50,NULL,NULL,'2022-12-11 04:00:00',NULL,NULL,NULL,NULL,'86400',1,NULL,1,NULL,NULL,'Update holiday balance every month',NULL,1,0,0,NULL,'$conf->holiday->enabled',0,NULL,NULL),
(54,'2023-01-19 12:20:14','2023-01-19 09:20:14','method','SellYourSaasValidateDraftInvoices',NULL,'/sellyoursaas/class/sellyoursaasutils.class.php','SellYourSaasUtils','doValidateDraftInvoices',NULL,NULL,'sellyoursaas',61,NULL,NULL,'2023-01-19 21:15:00',NULL,NULL,NULL,NULL,'86400',1,NULL,1,NULL,NULL,'Search draft invoices on sellyoursaas customers and check they are linked to a not closed contract. Validate it if not and if there is not another validated invoice, do nothing if closed. You can set the id of a thirdparty as parameter to restrict the batch to a given thirdparty.',NULL,1,0,0,NULL,'$conf->sellyoursaas->enabled',0,NULL,NULL),
(55,'2023-01-19 12:20:14','2023-01-19 09:20:14','method','SellYourSaasAlertSoftEndTrial',NULL,'/sellyoursaas/class/sellyoursaasutils.class.php','SellYourSaasUtils','doAlertSoftEndTrial',NULL,NULL,'sellyoursaas',62,NULL,NULL,'2023-01-19 21:15:00',NULL,NULL,NULL,NULL,'60',30,NULL,1,NULL,NULL,'Search contracts of sellyoursaas customers that are deployed + with open lines + about to expired (= date between (end date - SELLYOURSAAS_NBDAYS_BEFORE_TRIAL_END_FOR_SOFT_ALERT) and (end date - SELLYOURSAAS_NBDAYS_BEFORE_TRIAL_END_FOR_SOFT_ALERT + 7)) + not yet already warned (date_softalert_endfreeperiod is null), then send email remind',NULL,1,0,0,NULL,'$conf->sellyoursaas->enabled',0,NULL,NULL),
(56,'2023-01-19 12:20:14','2023-01-19 09:20:14','method','SellYourSaasAlertCreditCardExpiration',NULL,'/sellyoursaas/class/sellyoursaasutils.class.php','SellYourSaasUtils','doAlertCreditCardExpiration','1, 20',NULL,'sellyoursaas',65,NULL,NULL,'2023-01-19 21:15:00',NULL,NULL,NULL,NULL,'86400',1,NULL,1,NULL,NULL,'Send warning to sellyoursaas customers with an active recurring invoice when default payment mode is credit card and it will expire at end of month',NULL,1,0,0,NULL,'$conf->sellyoursaas->enabled',0,NULL,NULL),
(57,'2023-01-19 12:20:14','2023-01-19 09:20:14','method','SellYourSaasTakePaymentStripe',NULL,'/sellyoursaas/class/sellyoursaasutils.class.php','SellYourSaasUtils','doTakePaymentStripe','0, 0',NULL,'sellyoursaas',75,NULL,NULL,'2023-01-19 21:15:00',NULL,NULL,NULL,NULL,'86400',1,NULL,1,NULL,NULL,'Loop on invoice for customer with default payment mode Stripe and take payment/send email. Unsuspend if it was suspended and all payments are now ok (done by trigger BILL_CANCEL or BILL_PAYED). First parameter is the maximum number of payments processed in one run. Second parameter is 1 to disable email to customer if payment fails.',NULL,1,0,0,NULL,'$conf->sellyoursaas->enabled',0,NULL,NULL),
(58,'2023-01-19 12:20:14','2023-01-19 09:20:14','method','SellYourSaasRefreshContracts',NULL,'/sellyoursaas/class/sellyoursaasutils.class.php','SellYourSaasUtils','doRefreshContracts',NULL,NULL,'sellyoursaas',77,NULL,NULL,'2023-01-19 21:15:00',NULL,NULL,NULL,NULL,'86400',1,NULL,1,NULL,NULL,'Loop on each contract. If it is a paid contract, and there is no unpaid invoice for contract, and line not suspended and end date <= today + 2 days (so expired or soon expired, we must be sure to make refresh before new generation of invoice), we update qty on contract + qty on linked template invoice',NULL,1,0,0,NULL,'$conf->sellyoursaas->enabled',0,NULL,NULL),
(59,'2023-01-19 12:20:14','2023-01-19 09:20:14','method','SellYourSaasRenewalContracts',NULL,'/sellyoursaas/class/sellyoursaasutils.class.php','SellYourSaasUtils','doRenewalContracts',NULL,NULL,'sellyoursaas',78,NULL,NULL,'2023-01-19 21:15:00',NULL,NULL,NULL,NULL,'86400',1,NULL,1,NULL,NULL,'Loop on each contract. If it is a paid contract, and there is no unpaid invoice for contract, and line not suspended and end date <= today - 1 day (so expired, we must be sure to make renewal after generation of invoice with 2 chances of invoice generation to not make renewal if payment error), we update qty on contract + qty on linked template invoice + the running contract service end date to end at next period',NULL,1,0,0,NULL,'$conf->sellyoursaas->enabled',0,NULL,NULL),
(60,'2023-01-19 12:20:14','2023-01-19 09:20:14','method','SellYourSaasSuspendExpiredTestInstances',NULL,'/sellyoursaas/class/sellyoursaasutils.class.php','SellYourSaasUtils','doSuspendExpiredTestInstances','0, 25',NULL,'sellyoursaas',81,NULL,NULL,'2023-01-19 21:15:00',NULL,NULL,NULL,NULL,'3600',4,NULL,1,NULL,NULL,'Suspend expired services of test instances (a test instance = instance without template neither standard invoice) if it is not a redirect instance and if we are after the planned end date (+ grace offset in SELLYOURSAAS_NBDAYS_AFTER_EXPIRATION_BEFORE_TRIAL_SUSPEND). Note that if a payment mode exists for customer, we do NOT suspend instance but create a template invoice instead. 1st parameter can be set to 1 to disable apache reload. 2nd parameter is maximum number of instance to suspend.',NULL,1,0,0,NULL,'$conf->sellyoursaas->enabled',0,NULL,NULL),
(61,'2023-01-19 12:20:14','2023-01-19 09:20:14','method','SellYourSaasUndeployOldSuspendedTestInstances',NULL,'/sellyoursaas/class/sellyoursaasutils.class.php','SellYourSaasUtils','doUndeployOldSuspendedTestInstances',NULL,NULL,'sellyoursaas',82,NULL,NULL,'2023-01-19 21:15:00',NULL,NULL,NULL,NULL,'3600',2,NULL,1,NULL,NULL,'Undeployed test instances if we are after planned end date (+ grace offset in SELLYOURSAAS_NBDAYS_AFTER_EXPIRATION_BEFORE_TRIAL_UNDEPLOYMENT)',NULL,1,0,0,NULL,'$conf->sellyoursaas->enabled',0,NULL,NULL),
(62,'2023-01-19 12:20:14','2023-01-19 09:20:14','method','SellYourSaasSuspendExpiredRealInstances',NULL,'/sellyoursaas/class/sellyoursaasutils.class.php','SellYourSaasUtils','doSuspendExpiredRealInstances',NULL,NULL,'sellyoursaas',85,NULL,NULL,'2023-01-19 21:15:00',NULL,NULL,NULL,NULL,'86400',1,NULL,1,NULL,NULL,'Suspend expired services of paid instances if we are after planned end date (+ grace offset in SELLYOURSAAS_NBDAYS_AFTER_EXPIRATION_BEFORE_PAID_SUSPEND)',NULL,1,0,0,NULL,'$conf->sellyoursaas->enabled',0,NULL,NULL),
(63,'2023-01-19 12:20:14','2023-01-19 09:20:14','method','SellYourSaasUndeployOldSuspendedRealInstances',NULL,'/sellyoursaas/class/sellyoursaasutils.class.php','SellYourSaasUtils','doUndeployOldSuspendedRealInstances',NULL,NULL,'sellyoursaas',86,NULL,NULL,'2023-01-19 21:15:00',NULL,NULL,NULL,NULL,'86400',1,NULL,1,NULL,NULL,'Undeployed paid instances if we are after planned end date (+ grace offset in SELLYOURSAAS_NBDAYS_AFTER_EXPIRATION_BEFORE_PAID_UNDEPLOYMENT)',NULL,1,0,0,NULL,'$conf->sellyoursaas->enabled',0,NULL,NULL),
(64,'2023-02-15 11:19:34','2023-02-15 08:19:34','method','CancelPartnershipForExpiredMembers',NULL,'/partnership/class/partnershiputils.class.php','PartnershipUtils','doCancelStatusOfMemberPartnership',NULL,NULL,'partnership',60,NULL,NULL,'2023-02-15 21:15:00',NULL,NULL,NULL,NULL,'86400',1,NULL,1,NULL,NULL,'Cancel status of partnership when subscription is expired + x days.',NULL,1,0,0,NULL,'$conf->partnership->enabled',0,NULL,NULL),
(65,'2023-02-15 11:19:34','2023-02-15 08:19:34','method','PartnershipCheckBacklink',NULL,'/partnership/class/partnershiputils.class.php','PartnershipUtils','doWarningOfPartnershipIfDolibarrBacklinkNotfound',NULL,NULL,'partnership',61,NULL,NULL,'2023-02-15 21:15:00',NULL,NULL,NULL,NULL,'86400',1,NULL,0,NULL,NULL,'Warning of partnership if Dolibarr backlink not found on partner website.',NULL,1,0,0,NULL,'$conf->partnership->enabled',0,NULL,NULL),
(66,'2023-02-27 16:28:21','2023-02-27 13:28:21','method','ScanInvoices_background_import_service',NULL,'/scaninvoices/class/filestoimport.class.php','Filestoimport','doScheduledJob',NULL,NULL,'scaninvoices',50,NULL,NULL,'2023-02-27 13:28:21',NULL,NULL,NULL,NULL,'3600',3,NULL,1,NULL,NULL,'SCANINVOICES_BACKGROUND_SERVER_DETAILS',NULL,1,0,0,NULL,'$conf->scaninvoices->enabled',0,NULL,NULL),
(67,'2023-02-27 16:28:21','2023-02-27 13:28:21','method','ScanInvoices auto pay supplier invoices (CB/LCR/PREV)',NULL,'/scaninvoices/class/supplierautopayinvoices.class.php','Supplierautopayinvoices','doScheduledJob',NULL,NULL,'scaninvoices',50,NULL,NULL,'2023-02-27 13:28:21',NULL,NULL,NULL,NULL,'3600',24,NULL,0,NULL,NULL,'Comment',NULL,1,0,0,NULL,'$conf->scaninvoices->enabled',0,NULL,NULL),
(68,'2023-08-15 10:38:17','2023-08-15 10:38:17','method','SendReminderForExpiredSubscriptionTitle',NULL,'adherents/class/adherent.class.php','Adherent','sendReminderForExpiredSubscription','10;0',NULL,'adherent',50,NULL,NULL,'2023-08-15 22:00:00',NULL,NULL,NULL,NULL,'86400',1,NULL,1,NULL,NULL,'SendReminderForExpiredSubscription',NULL,1,0,0,NULL,'$conf->adherent->enabled',0,NULL,NULL),
(69,'2024-06-20 09:34:55','2024-06-20 09:34:55','method','SendEmailsRemindersOnSupplierInvoiceDueDate',NULL,'fourn/class/fournisseur.facture.class.php','FactureFournisseur','sendEmailsRemindersOnSupplierInvoiceDueDate','10,all,EmailTemplateCode,duedate',NULL,'fournisseur',50,NULL,NULL,'2024-06-20 23:00:00',NULL,NULL,NULL,NULL,'86400',1,NULL,0,NULL,NULL,'Send an email when we reach the supplier invoice due date (or supplier invoice date) - n days. First param is n, the number of days before due date (or supplier invoice date) to send the remind (or after if value is negative), second parameter is \"all\" or a payment mode code, third parameter is the code of the email template to use (an email template with the EmailTemplateCode must exists. The version of the email template in the language of the thirdparty will be used in priority. Language of the thirdparty will be also used to update the PDF of the sent supplier invoice). The fourth parameter is the string \"duedate\" (default) or \"invoicedate\" to define which date of the supplier invoice to use.',NULL,1,0,0,NULL,'isModEnabled(\"supplier_invoice\")',0,NULL,NULL),
(70,'2024-12-01 12:39:26','2024-12-01 13:39:26','method','SellYourSaasAlertHardEndTrial','','/sellyoursaas/class/sellyoursaasutils.class.php','SellYourSaasUtils','doAlertHardEndTrial','','','sellyoursaas',64,NULL,'2024-12-01 13:39:26','2024-12-01 21:15:00',NULL,NULL,NULL,NULL,'60',30,0,1,12,12,'Search contracts of sellyoursaas customers that are deployed + with open lines + about to expired (= date between (end date - SELLYOURSAAS_NBDAYS_BEFORE_TRIAL_END_FOR_HARD_ALERT) and (end date - SELLYOURSAAS_NBDAYS_BEFORE_TRIAL_END_FOR_HARD_ALERT + 7)) + not yet already warned (date_hardalert_endfreeperiod is null), then send email remind','',1,0,0,NULL,'isModEnabled(\"sellyoursaas\")',0,NULL,NULL),
(71,'2024-12-01 12:39:26','2024-12-01 13:39:26','method','SellYourSaasTakePaymentStripeSepa','','/sellyoursaas/class/sellyoursaasutils.class.php','SellYourSaasUtils','doTakePaymentStripeSEPA','0, 0','','sellyoursaas',76,NULL,'2024-12-01 13:39:26','2024-12-01 21:15:00',NULL,NULL,NULL,NULL,'86400',1,0,1,12,12,'Loop on invoice for customer with default payment mode Stripe and sepa payment method and take payment. First parameter is the maximum number of payments processed in one run. Second parameter is 1 to disable email to customer if payment fails.','',1,0,0,NULL,'isModEnabled(\"sellyoursaas\")',0,NULL,NULL),
(73,'2024-12-30 03:21:51','2024-12-30 04:11:52','method','DATAPOLICYJob','','datapolicy/class/datapolicycron.class.php','DataPolicyCron','cleanDataForDataPolicy','','','datapolicy',50,NULL,'2024-12-30 04:11:00',NULL,NULL,NULL,'',NULL,'86400',1,NULL,1,12,12,'Clean data','',1,0,0,NULL,'isModEnabled(\"datapolicy\")',0,'',NULL),
(74,'2025-02-22 11:50:45','2025-02-22 11:50:45','method','Snapshot OVH','','/ovh/class/ovhserver.class.php','OvhServer','createSnapshot','projectid, serverid, serverlabel','','ovh',50,NULL,'2025-02-22 11:50:45',NULL,NULL,NULL,NULL,NULL,'604800',4,0,0,12,12,'Ask a snaspshot request of a server. \"projectid\" and \"serverid\" are defined by OVH. \"serverlabel\" is a free text. Warning: This increase your OVH monthly billing.','',1,0,0,NULL,'1',0,NULL,NULL),
(76,'2025-03-25 19:50:18','2025-03-25 19:50:18','method','WeeklyWorkingHoursReport','','projet/class/project.class.php','Project','createWeeklyReport','','','projet',50,NULL,'2025-03-25 19:50:18',NULL,NULL,NULL,NULL,NULL,'604800',1,0,0,1,1,'Generates and sends a weekly report on time worked','',1,0,0,NULL,'$conf->projet->enabled',0,NULL,NULL),
(87,'2025-03-25 21:48:34','2025-03-25 21:48:34','method','CompressSyslogs','','core/class/utils.class.php','Utils','compressSyslogs','','','syslog',50,NULL,'2025-03-25 21:48:34',NULL,NULL,NULL,NULL,NULL,'86400',1,0,0,1,1,'Compress and archive log files. The number of versions to keep is defined into the setup of module. Warning: Main application cron script must be run with same account than your web server to avoid to get log files with different owner than required by web server. Another solution is to set web server Operating System group as the group of directory documents and set GROUP permission \"rws\" on this directory so log files will always have the group and permissions of the web server Operating System group.','',1,0,0,NULL,'1',0,NULL,NULL),
(88,'2025-06-19 13:49:41','2025-06-19 13:49:41','method','Mettre &agrave; jour tous les taux de change','','multicurrency/class/multicurrency.class.php','MultiCurrency','syncRates','0,0,cron','','multicurrency',61,NULL,'2025-06-19 13:49:41','2025-06-19 21:15:00',NULL,NULL,NULL,NULL,'2678400',1,0,1,12,12,'Update all the currencies using the currencylayer API. An API key needs to be given in the multi-currency module config page to have this job working.<br>First param is not used, Second parameter is 0 to update only already existing currency defined into the Multicurrency module or 1 to add any currency. Third parameter must be \"cron\".','',1,0,0,NULL,'isModEnabled(\"cron\")',0,NULL,NULL);

--
-- Table structure for table `llx_default_values`
--

CREATE TABLE `llx_default_values` (
  `rowid` int(11) NOT NULL AUTO_INCREMENT,
  `entity` int(11) NOT NULL DEFAULT 1,
  `type` varchar(10) DEFAULT NULL,
  `user_id` int(11) NOT NULL DEFAULT 0,
  `page` varchar(255) DEFAULT NULL,
  `param` varchar(255) DEFAULT NULL,
  `value` varchar(128) DEFAULT NULL,
  PRIMARY KEY (`rowid`),
  UNIQUE KEY `uk_default_values` (`type`,`entity`,`user_id`,`page`,`param`)
) ENGINE=InnoDB AUTO_INCREMENT=11 DEFAULT CHARSET=utf8mb3 COLLATE=utf8mb3_unicode_ci;

--
-- Dumping data for table `llx_default_values`
--

INSERT INTO `llx_default_values` VALUES
(1,1,'createform',0,'compta/facture/card.php?action=create&type=2','reday','__DAY__'),
(2,1,'createform',0,'compta/facture/card.php?action=create&type=2','remonth','__MONTH__'),
(3,1,'createform',0,'compta/facture/card.php?action=create&type=2','reyear','__YEAR__'),
(4,1,'createform',0,'compta/facture/card.php?action=create','fk_account','3'),
(6,1,'createform',0,'aaa/aao_card.php?action=create','label','3'),
(7,1,'createform',0,'fourn/facture/card.php?action=create','mode_reglement_id','4');

--
-- Table structure for table `llx_delivery`
--

CREATE TABLE `llx_delivery` (
  `rowid` int(11) NOT NULL AUTO_INCREMENT,
  `tms` timestamp NOT NULL DEFAULT current_timestamp() ON UPDATE current_timestamp(),
  `ref` varchar(30) NOT NULL,
  `entity` int(11) NOT NULL DEFAULT 1,
  `ref_customer` varchar(30) DEFAULT NULL,
  `fk_soc` int(11) NOT NULL,
  `ref_ext` varchar(255) DEFAULT NULL,
  `ref_int` varchar(30) DEFAULT NULL,
  `date_creation` datetime DEFAULT NULL,
  `fk_user_author` int(11) DEFAULT NULL,
  `date_valid` datetime DEFAULT NULL,
  `fk_user_valid` int(11) DEFAULT NULL,
  `date_delivery` datetime DEFAULT NULL,
  `fk_address` int(11) DEFAULT NULL,
  `fk_statut` smallint(6) DEFAULT 0,
  `total_ht` double(24,8) DEFAULT 0.00000000,
  `note_private` text DEFAULT NULL,
  `note_public` text DEFAULT NULL,
  `model_pdf` varchar(255) DEFAULT NULL,
  `fk_incoterms` int(11) DEFAULT NULL,
  `location_incoterms` varchar(255) DEFAULT NULL,
  `last_main_doc` varchar(255) DEFAULT NULL,
  `import_key` varchar(14) DEFAULT NULL,
  `extraparams` varchar(255) DEFAULT NULL,
  PRIMARY KEY (`rowid`),
  UNIQUE KEY `idx_delivery_uk_ref` (`ref`,`entity`),
  KEY `idx_delivery_fk_soc` (`fk_soc`),
  KEY `idx_delivery_fk_user_author` (`fk_user_author`),
  KEY `idx_delivery_fk_user_valid` (`fk_user_valid`),
  CONSTRAINT `fk_delivery_fk_soc` FOREIGN KEY (`fk_soc`) REFERENCES `llx_societe` (`rowid`),
  CONSTRAINT `fk_delivery_fk_user_author` FOREIGN KEY (`fk_user_author`) REFERENCES `llx_user` (`rowid`),
  CONSTRAINT `fk_delivery_fk_user_valid` FOREIGN KEY (`fk_user_valid`) REFERENCES `llx_user` (`rowid`)
) ENGINE=InnoDB DEFAULT CHARSET=utf8mb3 COLLATE=utf8mb3_unicode_ci;

--
-- Dumping data for table `llx_delivery`
--


--
-- Table structure for table `llx_delivery_extrafields`
--

CREATE TABLE `llx_delivery_extrafields` (
  `rowid` int(11) NOT NULL AUTO_INCREMENT,
  `tms` timestamp NOT NULL DEFAULT current_timestamp() ON UPDATE current_timestamp(),
  `fk_object` int(11) NOT NULL,
  `import_key` varchar(14) DEFAULT NULL,
  PRIMARY KEY (`rowid`),
  UNIQUE KEY `uk_delivery_extrafields` (`fk_object`)
) ENGINE=InnoDB DEFAULT CHARSET=utf8mb3 COLLATE=utf8mb3_unicode_ci;

--
-- Dumping data for table `llx_delivery_extrafields`
--


--
-- Table structure for table `llx_deliverydet`
--

CREATE TABLE `llx_deliverydet` (
  `rowid` int(11) NOT NULL AUTO_INCREMENT,
  `fk_delivery` int(11) DEFAULT NULL,
  `fk_origin_line` int(11) DEFAULT NULL,
  `fk_product` int(11) DEFAULT NULL,
  `description` text DEFAULT NULL,
  `qty` double DEFAULT NULL,
  `subprice` double(24,8) DEFAULT 0.00000000,
  `subprice_ttc` double(24,8) DEFAULT 0.00000000,
  `total_ht` double(24,8) DEFAULT 0.00000000,
  `rang` int(11) DEFAULT 0,
  `extraparams` varchar(255) DEFAULT NULL,
  PRIMARY KEY (`rowid`),
  KEY `idx_deliverydet_fk_expedition` (`fk_delivery`),
  KEY `idx_deliverydet_fk_delivery` (`fk_delivery`),
  CONSTRAINT `fk_deliverydet_fk_delivery` FOREIGN KEY (`fk_delivery`) REFERENCES `llx_delivery` (`rowid`)
) ENGINE=InnoDB DEFAULT CHARSET=utf8mb3 COLLATE=utf8mb3_unicode_ci;

--
-- Dumping data for table `llx_deliverydet`
--


--
-- Table structure for table `llx_deliverydet_extrafields`
--

CREATE TABLE `llx_deliverydet_extrafields` (
  `rowid` int(11) NOT NULL AUTO_INCREMENT,
  `tms` timestamp NOT NULL DEFAULT current_timestamp() ON UPDATE current_timestamp(),
  `fk_object` int(11) NOT NULL,
  `import_key` varchar(14) DEFAULT NULL,
  PRIMARY KEY (`rowid`),
  UNIQUE KEY `uk_deliverydet_extrafields` (`fk_object`)
) ENGINE=InnoDB DEFAULT CHARSET=utf8mb3 COLLATE=utf8mb3_unicode_ci;

--
-- Dumping data for table `llx_deliverydet_extrafields`
--


--
-- Table structure for table `llx_deplacement`
--

CREATE TABLE `llx_deplacement` (
  `rowid` int(11) NOT NULL AUTO_INCREMENT,
  `ref` varchar(30) DEFAULT NULL,
  `entity` int(11) NOT NULL DEFAULT 1,
  `datec` datetime NOT NULL,
  `tms` timestamp NULL DEFAULT current_timestamp() ON UPDATE current_timestamp(),
  `dated` datetime DEFAULT NULL,
  `fk_user` int(11) NOT NULL,
  `fk_user_author` int(11) DEFAULT NULL,
  `fk_user_modif` int(11) DEFAULT NULL,
  `type` varchar(12) NOT NULL,
  `fk_statut` int(11) NOT NULL DEFAULT 1,
  `km` double DEFAULT NULL,
  `fk_soc` int(11) DEFAULT NULL,
  `fk_projet` int(11) DEFAULT 0,
  `note_private` text DEFAULT NULL,
  `note_public` text DEFAULT NULL,
  `extraparams` varchar(255) DEFAULT NULL,
  PRIMARY KEY (`rowid`)
) ENGINE=InnoDB DEFAULT CHARSET=utf8mb4 COLLATE=utf8mb4_unicode_ci;

--
-- Dumping data for table `llx_deplacement`
--


--
-- Table structure for table `llx_document_model`
--

CREATE TABLE `llx_document_model` (
  `rowid` int(11) NOT NULL AUTO_INCREMENT,
  `nom` varchar(50) DEFAULT NULL,
  `entity` int(11) NOT NULL DEFAULT 1,
  `type` varchar(64) DEFAULT NULL,
  `libelle` varchar(255) DEFAULT NULL,
  `description` text DEFAULT NULL,
  PRIMARY KEY (`rowid`),
  UNIQUE KEY `uk_document_model` (`nom`,`type`,`entity`)
) ENGINE=InnoDB AUTO_INCREMENT=979 DEFAULT CHARSET=utf8mb3 COLLATE=utf8mb3_unicode_ci;

--
-- Dumping data for table `llx_document_model`
--

INSERT INTO `llx_document_model` VALUES
(9,'merou',1,'shipping',NULL,NULL),
(181,'generic_invoice_odt',1,'invoice','ODT templates','FACTURE_ADDON_PDF_ODT_PATH'),
(198,'azur',2,'propal',NULL,NULL),
(199,'html_cerfafr',2,'donation',NULL,NULL),
(200,'crabe',2,'invoice',NULL,NULL),
(201,'generic_odt',1,'company','ODT templates','COMPANY_ADDON_PDF_ODT_PATH'),
(256,'azur',1,'propal',NULL,NULL),
(319,'generic_bom_odt',1,'bom','ODT templates','BOM_ADDON_PDF_ODT_PATH'),
(320,'generic_mo_odt',1,'mrp','ODT templates','MRP_MO_ADDON_PDF_ODT_PATH'),
(366,'generic_user_odt',1,'user',NULL,NULL),
(367,'generic_usergroup_odt',1,'group',NULL,NULL),
(371,'rouget',1,'shipping',NULL,NULL),
(372,'typhon',1,'delivery',NULL,NULL),
(459,'einstein',1,'order',NULL,NULL),
(462,'crabe',1,'invoice',NULL,NULL),
(463,'muscadet',1,'order_supplier',NULL,NULL),
(467,'fiche_equipement',1,'gestionparc',NULL,NULL),
(479,'standard_member',1,'member',NULL,NULL),
(515,'generic_ticket_odt',1,'ticket','ODT templates','TICKET_ADDON_PDF_ODT_PATH'),
(518,'stdmovement',1,'mouvement',NULL,NULL),
(542,'canelle',1,'invoice_supplier','canelle',NULL),
(543,'generic_supplier_invoice_odt',1,'invoice_supplier','ODT templates','SUPPLIER_INVOICE_ADDON_PDF_ODT_PATH'),
(874,'strato',1,'contract',NULL,NULL),
(875,'espadon',1,'shipping',NULL,NULL),
(876,'storm',1,'delivery',NULL,NULL),
(883,'standard',1,'member',NULL,NULL),
(886,'sepamandate',1,'bankaccount',NULL,NULL),
(887,'',1,'task',NULL,NULL),
(888,'beluga',1,'project',NULL,NULL),
(889,'baleine',1,'project',NULL,NULL),
(890,'cyan',1,'propal',NULL,NULL),
(891,'squille',1,'reception',NULL,NULL),
(894,'standard_stock',1,'stock',NULL,NULL),
(895,'standard_movement_stock',1,'mouvement',NULL,NULL),
(896,'aurore',1,'supplier_proposal',NULL,NULL),
(925,'standard_evaluation',1,'evaluation',NULL,NULL),
(969,'eratosthene',1,'order',NULL,NULL),
(970,'html_cerfafr',1,'donation',NULL,NULL),
(971,'standard_expensereport',1,'expensereport',NULL,NULL),
(972,'sponge',1,'invoice',NULL,NULL),
(973,'cornas',1,'order_supplier',NULL,NULL),
(974,'soleil',1,'ficheinter',NULL,NULL),
(975,'vinci',1,'mrp',NULL,NULL),
(976,'standard_recruitmentjobposition',1,'recruitmentjobposition',NULL,NULL),
(977,'generic_recruitmentjobposition_odt',1,'recruitmentjobposition',NULL,NULL);

--
-- Table structure for table `llx_don`
--

CREATE TABLE `llx_don` (
  `rowid` int(11) NOT NULL AUTO_INCREMENT,
  `ref` varchar(30) DEFAULT NULL,
  `entity` int(11) NOT NULL DEFAULT 1,
  `tms` timestamp NOT NULL DEFAULT current_timestamp() ON UPDATE current_timestamp(),
  `fk_statut` smallint(6) NOT NULL DEFAULT 0,
  `datec` datetime DEFAULT NULL,
  `datedon` datetime DEFAULT NULL,
  `amount` double(24,8) DEFAULT NULL,
  `fk_payment` int(11) DEFAULT NULL,
  `paid` smallint(6) NOT NULL DEFAULT 0,
  `firstname` varchar(50) DEFAULT NULL,
  `lastname` varchar(50) DEFAULT NULL,
  `societe` varchar(50) DEFAULT NULL,
  `address` text DEFAULT NULL,
  `zip` varchar(10) DEFAULT NULL,
  `town` varchar(50) DEFAULT NULL,
  `country` varchar(50) DEFAULT NULL,
  `fk_country` int(11) NOT NULL,
  `email` varchar(255) DEFAULT NULL,
  `phone` varchar(24) DEFAULT NULL,
  `phone_mobile` varchar(24) DEFAULT NULL,
  `public` smallint(6) NOT NULL DEFAULT 1,
  `fk_projet` int(11) DEFAULT NULL,
  `fk_user_author` int(11) NOT NULL,
  `fk_user_valid` int(11) DEFAULT NULL,
  `note_private` text DEFAULT NULL,
  `note_public` text DEFAULT NULL,
  `model_pdf` varchar(255) DEFAULT NULL,
  `import_key` varchar(14) DEFAULT NULL,
  `date_valid` datetime DEFAULT NULL,
  `extraparams` varchar(255) DEFAULT NULL,
  `fk_soc` int(11) DEFAULT NULL,
  `fk_user_modif` int(11) DEFAULT NULL,
  `ip` varchar(250) DEFAULT NULL,
  PRIMARY KEY (`rowid`),
  UNIQUE KEY `idx_don_uk_ref` (`ref`,`entity`),
  KEY `idx_don_fk_soc` (`fk_soc`),
  KEY `idx_don_fk_project` (`fk_projet`),
  KEY `idx_don_fk_user_author` (`fk_user_author`),
  KEY `idx_don_fk_user_valid` (`fk_user_valid`)
) ENGINE=InnoDB AUTO_INCREMENT=7 DEFAULT CHARSET=utf8mb3 COLLATE=utf8mb3_unicode_ci;

--
-- Dumping data for table `llx_don`
--

INSERT INTO `llx_don` VALUES
(1,NULL,1,'2012-07-08 23:57:17',1,'2012-07-09 01:55:33','2012-07-09 12:00:00',10.00000000,1,0,'Donator','','Guest company','','','','France',0,'',NULL,NULL,1,1,1,1,'',NULL,'html_cerfafr',NULL,NULL,NULL,NULL,NULL,NULL),
(3,NULL,1,'2017-09-06 16:18:19',2,'2017-09-06 20:05:17','2017-09-06 12:00:00',10.00000000,NULL,0,'','','','','','',NULL,0,'','','',1,NULL,12,12,NULL,NULL,'html_cerfafr',NULL,NULL,NULL,NULL,NULL,NULL),
(5,NULL,1,'2025-03-27 10:35:12',0,'2025-03-27 12:00:00','2025-03-27 12:00:00',200.00000000,NULL,0,'','','','','','',NULL,0,'','','',0,NULL,12,NULL,NULL,NULL,NULL,NULL,NULL,NULL,NULL,NULL,NULL),
(6,NULL,1,'2025-04-25 14:02:49',2,'2025-04-25 12:00:00','2025-04-25 12:00:00',100.00000000,NULL,1,'','','','','','',NULL,0,'','','',0,NULL,12,12,NULL,NULL,NULL,NULL,NULL,NULL,NULL,NULL,'null');

--
-- Table structure for table `llx_don_extrafields`
--

CREATE TABLE `llx_don_extrafields` (
  `rowid` int(11) NOT NULL AUTO_INCREMENT,
  `tms` timestamp NOT NULL DEFAULT current_timestamp() ON UPDATE current_timestamp(),
  `fk_object` int(11) NOT NULL,
  `import_key` varchar(14) DEFAULT NULL,
  PRIMARY KEY (`rowid`),
  KEY `idx_don_extrafields` (`fk_object`)
) ENGINE=InnoDB DEFAULT CHARSET=utf8mb3 COLLATE=utf8mb3_unicode_ci;

--
-- Dumping data for table `llx_don_extrafields`
--


--
-- Table structure for table `llx_ecm_directories`
--

CREATE TABLE `llx_ecm_directories` (
  `rowid` int(11) NOT NULL AUTO_INCREMENT,
  `label` varchar(64) NOT NULL,
  `entity` int(11) NOT NULL DEFAULT 1,
  `fk_parent` int(11) DEFAULT NULL,
  `description` varchar(255) NOT NULL,
  `cachenbofdoc` int(11) NOT NULL DEFAULT 0,
  `fullpath` varchar(750) DEFAULT NULL,
  `extraparams` varchar(255) DEFAULT NULL,
  `date_c` datetime DEFAULT NULL,
  `tms` timestamp NOT NULL DEFAULT current_timestamp() ON UPDATE current_timestamp(),
  `fk_user_c` int(11) DEFAULT NULL,
  `fk_user_m` int(11) DEFAULT NULL,
  `note_private` text DEFAULT NULL,
  `note_public` text DEFAULT NULL,
  `acl` text DEFAULT NULL,
  PRIMARY KEY (`rowid`),
  UNIQUE KEY `uk_ecm_directories` (`label`,`fk_parent`,`entity`),
  KEY `idx_ecm_directories_fk_user_c` (`fk_user_c`),
  KEY `idx_ecm_directories_fk_user_m` (`fk_user_m`),
  CONSTRAINT `fk_ecm_directories_fk_user_c` FOREIGN KEY (`fk_user_c`) REFERENCES `llx_user` (`rowid`),
  CONSTRAINT `fk_ecm_directories_fk_user_m` FOREIGN KEY (`fk_user_m`) REFERENCES `llx_user` (`rowid`)
) ENGINE=InnoDB AUTO_INCREMENT=11 DEFAULT CHARSET=utf8mb3 COLLATE=utf8mb3_unicode_ci;

--
-- Dumping data for table `llx_ecm_directories`
--

INSERT INTO `llx_ecm_directories` VALUES
(8,'Administrative documents',1,0,'Directory to store administrative contacts',1,NULL,NULL,'2018-07-30 16:54:41','2022-12-13 16:20:21',12,NULL,NULL,NULL,NULL),
(9,'Images',1,0,'',42,NULL,NULL,'2018-07-30 16:55:33','2025-02-13 10:51:18',12,NULL,NULL,NULL,NULL),
(10,'toto',1,9,'',0,NULL,NULL,'2025-02-13 11:51:39','2025-02-13 10:51:50',12,NULL,NULL,NULL,NULL);

--
-- Table structure for table `llx_ecm_directories_extrafields`
--

CREATE TABLE `llx_ecm_directories_extrafields` (
  `rowid` int(11) NOT NULL AUTO_INCREMENT,
  `tms` timestamp NOT NULL DEFAULT current_timestamp() ON UPDATE current_timestamp(),
  `fk_object` int(11) NOT NULL,
  `import_key` varchar(14) CHARACTER SET utf8mb4 COLLATE utf8mb4_general_ci DEFAULT NULL,
  PRIMARY KEY (`rowid`),
  UNIQUE KEY `uk_ecm_directories_extrafields` (`fk_object`)
) ENGINE=InnoDB DEFAULT CHARSET=utf8mb3 COLLATE=utf8mb3_unicode_ci;

--
-- Dumping data for table `llx_ecm_directories_extrafields`
--


--
-- Table structure for table `llx_ecm_files`
--

CREATE TABLE `llx_ecm_files` (
  `rowid` int(11) NOT NULL AUTO_INCREMENT,
  `ref` varchar(128) DEFAULT NULL,
  `label` varchar(128) NOT NULL,
  `share` varchar(128) DEFAULT NULL,
  `share_pass` varchar(32) DEFAULT NULL,
  `entity` int(11) NOT NULL DEFAULT 1,
  `filename` varchar(255) NOT NULL,
  `filepath` varchar(255) DEFAULT NULL,
  `fullpath_orig` varchar(750) DEFAULT NULL,
  `description` varchar(255) DEFAULT NULL,
  `keywords` text DEFAULT NULL,
  `cover` varchar(32) DEFAULT NULL,
  `gen_or_uploaded` varchar(12) DEFAULT NULL,
  `extraparams` varchar(255) DEFAULT NULL,
  `date_c` datetime DEFAULT NULL,
  `tms` timestamp NOT NULL DEFAULT current_timestamp() ON UPDATE current_timestamp(),
  `fk_user_c` int(11) DEFAULT NULL,
  `fk_user_m` int(11) DEFAULT NULL,
  `note_private` text DEFAULT NULL,
  `note_public` text DEFAULT NULL,
  `acl` text DEFAULT NULL,
  `position` int(11) DEFAULT NULL,
  `src_object_type` varchar(64) DEFAULT NULL,
  `src_object_id` int(11) DEFAULT NULL,
  `content` text DEFAULT NULL,
  `agenda_id` int(11) DEFAULT NULL,
  PRIMARY KEY (`rowid`),
  UNIQUE KEY `uk_ecm_files` (`filepath`,`filename`,`entity`),
  KEY `idx_ecm_files_label` (`label`)
) ENGINE=InnoDB AUTO_INCREMENT=766 DEFAULT CHARSET=utf8mb3 COLLATE=utf8mb3_unicode_ci;

--
-- Dumping data for table `llx_ecm_files`
--

INSERT INTO `llx_ecm_files` VALUES
(1,'9e2af04ad5e84c347a1d759ba0dce144','4b47a282c717db3277457b9c5c70c1fb','P53KTv6B98rVRYyeyDkGmr5B18s1gFb5',NULL,1,'FA1107-0019.pdf','facture/FA1107-0019','','','',NULL,'generated',NULL,'2017-08-30 15:53:34','2025-04-09 16:02:42',18,12,NULL,NULL,NULL,1,'facture',210,NULL,NULL),
(2,NULL,'a6c8a0f04af73e4dfc059006d7a5f55a',NULL,NULL,1,'FA1107-0019_invoice.odt','facture/FA1107-0019','/home/ldestailleur/git/dolibarr_6.0/documents/facture/FA1107-0019/FA1107-0019_invoice.odt','',NULL,NULL,'unknown',NULL,'2017-08-30 15:53:34','2017-08-30 11:53:34',18,NULL,NULL,NULL,NULL,2,NULL,NULL,NULL,NULL),
(3,NULL,'24e96a4a0da25d1ac5049ea46d031d3a',NULL,NULL,1,'FA1107-0019-depotFacture-1418-INH-N000289-20170720.pdf','facture/FA1107-0019','depotFacture-1418-INH-N000289-20170720.pdf','',NULL,NULL,'uploaded',NULL,'2017-08-30 15:54:45','2017-08-30 11:54:45',18,NULL,NULL,NULL,NULL,3,NULL,NULL,NULL,NULL),
(4,NULL,'91a42a4e2c77e826562c83fa84f6fccd',NULL,NULL,1,'CO7001-0027-acces-coopinfo.txt','commande/CO7001-0027','acces-coopinfo.txt','',NULL,NULL,'uploaded',NULL,'2017-08-30 16:02:33','2017-08-30 12:02:33',18,NULL,NULL,NULL,NULL,1,NULL,NULL,NULL,NULL),
(5,'5fe17a68b2f6a73e6326f77fa7b6586c','ccd65865d331b7ae067e093b0ebaef73','3fRmzTUML1uZLL8fvjl456bb818SH5At',NULL,1,'FA1601-0024.pdf','facture/FA1601-0024','','','',NULL,'generated',NULL,'2017-08-30 16:23:01','2024-12-20 14:11:40',12,12,NULL,NULL,NULL,1,'facture',149,NULL,NULL),
(6,NULL,'24e96a4a0da25d1ac5049ea46d031d3a',NULL,NULL,1,'FA1601-0024-depotFacture-1418-INH-N000289-20170720.pdf','facture/FA1601-0024','depotFacture-1418-INH-N000289-20170720.pdf','',NULL,NULL,'uploaded',NULL,'2017-08-30 16:23:14','2017-08-30 12:23:14',12,NULL,NULL,NULL,NULL,2,NULL,NULL,NULL,NULL),
(7,NULL,'d41d8cd98f00b204e9800998ecf8427e',NULL,NULL,1,'Exxxqqqw','produit/COMP-XP4523','/home/ldestailleur/git/dolibarr_6.0/documents/produit/COMP-XP4523/Exxxqqqw','',NULL,NULL,'unknown',NULL,'2017-08-30 19:03:15','2017-08-30 15:04:02',12,NULL,NULL,NULL,NULL,2,NULL,NULL,NULL,NULL),
(8,NULL,'8245ba8e8e345655f06cd904d7d54f73',NULL,NULL,1,'compxp4523product.jpg','produit/COMP-XP4523','/home/ldestailleur/git/dolibarr_6.0/documents/produit/COMP-XP4523/compxp4523product.jpg','',NULL,NULL,'unknown',NULL,'2017-08-30 19:03:15','2017-08-30 15:04:02',12,NULL,NULL,NULL,NULL,1,NULL,NULL,NULL,NULL),
(9,NULL,'d32552ee874c82b9f0ccab4f309b4b61',NULL,NULL,1,'dolihelp.ico','produit/COMP-XP4523','/home/ldestailleur/git/dolibarr_6.0/documents/produit/COMP-XP4523/dolihelp.ico','',NULL,NULL,'unknown',NULL,'2017-08-30 19:03:15','2017-08-30 15:03:15',12,NULL,NULL,NULL,NULL,3,NULL,NULL,NULL,NULL),
(10,'afef987559622d6334fdc4a9a134c435','ccd46bbf3ab6c78588a0ba775106258f',NULL,NULL,1,'rolluproduct.jpg','produit/ROLLUPABC','/home/dolibarr/demo.dolibarr.org/dolibarr_documents/produit/ROLLUPABC/rolluproduct.jpg','',NULL,NULL,'unknown',NULL,'2018-01-19 11:23:16','2018-01-19 11:23:16',12,NULL,NULL,NULL,NULL,1,NULL,NULL,NULL,NULL),
(11,'a8bbc6c6daea9a4dd58d6fb37a77a030','2f1f2ea4b1b4eb9f25ba440c7870ffcd',NULL,NULL,1,'dolicloud_logo.png','produit/DOLICLOUD','/home/dolibarr/demo.dolibarr.org/dolibarr_documents/produit/DOLICLOUD/dolicloud_logo.png','',NULL,NULL,'unknown',NULL,'2018-01-19 11:23:16','2018-01-19 11:23:16',12,NULL,NULL,NULL,NULL,1,NULL,NULL,NULL,NULL),
(12,'bd0951e23023b22ad1cd21fe33ee46bf','03f0be1249e56fd0b3dd02d5545e3675',NULL,NULL,1,'applepieproduct.jpg','produit/CAKECONTRIB','/home/dolibarr/demo.dolibarr.org/dolibarr_documents/produit/CAKECONTRIB/applepieproduct.jpg','',NULL,NULL,'unknown',NULL,'2018-01-19 11:23:16','2018-01-19 11:23:16',12,NULL,NULL,NULL,NULL,1,NULL,NULL,NULL,NULL),
(13,'e9e029e2d2bbd014162c0b385ab8739a','b7446fb7b54a3085ff7167e2c5b370fd',NULL,NULL,1,'pearpieproduct.jpg','produit/PEARPIE','/home/dolibarr/demo.dolibarr.org/dolibarr_documents/produit/PEARPIE/pearpieproduct.jpg','',NULL,NULL,'unknown',NULL,'2018-01-19 11:23:16','2018-01-19 11:23:16',12,NULL,NULL,NULL,NULL,1,NULL,NULL,NULL,NULL),
(18,'1972b3da7908b3e08247e6e23bb7bdc3','03f0be1249e56fd0b3dd02d5545e3675',NULL,NULL,1,'applepieproduct.jpg','produit/APPLEPIE','/home/dolibarr/demo.dolibarr.org/dolibarr_documents/produit/APPLEPIE/applepieproduct.jpg','',NULL,NULL,'unknown',NULL,'2018-01-19 11:23:16','2018-01-19 11:23:16',12,NULL,NULL,NULL,NULL,1,NULL,NULL,NULL,NULL),
(19,'ff9fad9b5ea886a0812953907e2b790a','3d14c3c12c58dfe06ef3020e712b2b06',NULL,NULL,1,'dolibarr_screenshot1_300x188.png','ticket/TS1909-0002','dolibarr_screenshot1_300x188.png','',NULL,NULL,'uploaded',NULL,'2019-09-26 14:12:04','2019-09-26 12:12:04',12,NULL,NULL,NULL,NULL,1,NULL,NULL,NULL,NULL),
(20,'b6a2578c5483bffbead5b290f6ef5286','83c8e9b3b692ebae2f6f3e298dd9f5a2',NULL,NULL,1,'(PROV10)-dolibarr_120x90.png','propale/(PROV10)','dolibarr_120x90.png','',NULL,NULL,'uploaded',NULL,'2019-09-27 16:53:51','2019-09-27 14:53:51',12,NULL,NULL,NULL,NULL,1,NULL,NULL,NULL,NULL),
(21,'89809c5b1213137736ded43bdd982f71','5f1af043d9fc7a90e8500a6dc5c4f5ae',NULL,NULL,1,'(PROV10).pdf','propale/(PROV10)','','',NULL,NULL,'generated',NULL,'2019-09-27 16:54:09','2019-09-27 14:54:09',12,NULL,NULL,NULL,NULL,2,'propal',10,NULL,NULL),
(22,'8eb026e33ae1c7892c59a2ac6dda31f4','3fc812c22ee2d8e5fd01b5e78eda0d4b','dOR2G4lJ0k4CJB41XtPko5xJ3jc1N5hl',NULL,1,'PR1909-0031.pdf','propale/PR1909-0031','','','',NULL,'generated',NULL,'2019-09-27 16:54:30','2024-12-20 14:17:39',12,0,NULL,NULL,NULL,1,'propal',10,NULL,NULL),
(24,'0d4e663b5c128d288a39231433da966e','3d2bd3daecd0de5078774ad58546d1f4',NULL,NULL,1,'PR1909-0032-dolibarr_192x192.png','propale/PR1909-0032','dolibarr_192x192.png','',NULL,NULL,'uploaded',NULL,'2019-09-27 17:08:42','2019-09-27 15:08:59',12,NULL,NULL,NULL,NULL,1,NULL,NULL,NULL,NULL),
(25,'44867f8c62f8538da7724c148af2c227','3b190af174cad7729b6c29e38fc5ed44','MaR8wB5269U86SR6zmQXxMf5lnW9oClg',NULL,1,'PR1909-0032.pdf','propale/PR1909-0032','','','',NULL,'generated',NULL,'2019-09-27 17:08:59','2024-12-20 14:17:39',12,12,NULL,NULL,NULL,2,'propal',33,NULL,NULL),
(26,'3983de91943fb14f8b137d1929bea5a9','cb0887e74584aaaab8d735479a3a0855','aHZ9B1o7uj61cPJfm4C9U7cv6pbAI0BN',NULL,1,'PR1909-0033.pdf','propale/PR1909-0033','','','',NULL,'generated',NULL,'2019-09-27 17:11:21','2025-06-19 08:18:31',12,12,NULL,NULL,NULL,1,'propal',34,NULL,NULL),
(27,'399734120da8f3027508e0772c25e291','83c8e9b3b692ebae2f6f3e298dd9f5a2',NULL,NULL,1,'PR1909-0033-dolibarr_120x90.png','propale/PR1909-0033','dolibarr_120x90.png','',NULL,NULL,'uploaded',NULL,'2019-09-27 17:13:07','2019-09-27 15:13:13',12,NULL,NULL,NULL,NULL,2,NULL,NULL,NULL,NULL),
(28,'c81de886c76ccd2d46fbc5f816047a71','87c0f842cc82c7998198c6a8605c0271','kr8LmXlZVAW9Sl0iZ0w8re6Jd23S3X1k',NULL,1,'(PROV35).pdf','propale/(PROV35)','','','',NULL,'generated',NULL,'2019-09-27 17:53:44','2024-12-20 14:17:38',12,12,NULL,NULL,NULL,1,'propal',35,NULL,NULL),
(29,'34fe1f2546e8d1562b904b7bbe79e01a','6e1acd02fdd344b18e38c0cba729f552',NULL,NULL,1,'(PROV6).pdf','commande/(PROV6)','','',NULL,NULL,'generated',NULL,'2019-09-27 18:04:35','2019-09-27 16:04:52',12,12,NULL,NULL,NULL,1,'commande',6,NULL,NULL),
(30,'fd2ad5abe709d7870bcd57743d9a1176','b0ae7dd69244e0c0a9d4c5e6d08bffcb',NULL,NULL,1,'(PROV93).pdf','commande/(PROV93)','','',NULL,NULL,'generated',NULL,'2019-09-27 19:33:29','2019-09-27 17:40:49',12,12,NULL,NULL,NULL,1,'commande',93,NULL,NULL),
(31,'988caa795b4080019180253aac14d729','9c743f944063b2e048db79a5b502c942',NULL,NULL,1,'(PROV4).pdf','fournisseur/commande/(PROV4)','','','',NULL,'generated',NULL,'2019-09-27 19:46:07','2025-01-02 17:17:19',12,12,NULL,NULL,NULL,1,'commande_fournisseur',4,NULL,NULL),
(32,'a046e42fcd8d114312eede243fd1850c','7169279dd7a6e4cd95477a62514c3581','WEhZ5Qyd8QGY1Ce2qiinq2w5805K5XLb',NULL,1,'PR1702-0020.pdf','propale/PR1702-0020','','','',NULL,'generated',NULL,'2019-09-27 19:47:00','2024-12-20 14:17:38',12,12,NULL,NULL,NULL,1,'propal',22,NULL,NULL),
(33,'dc99eacf03a78050da53a2601d0f4b49','88c047d94ab183b015526f936a5c8923',NULL,NULL,1,'SI1601-0002.pdf','fournisseur/facture/7/1/SI1601-0002','','',NULL,NULL,'generated',NULL,'2019-10-04 10:10:25','2019-10-04 08:31:30',12,12,NULL,NULL,NULL,1,'facture_fourn',17,NULL,NULL),
(34,'4ab84fd3e4079aeea831d65dfc2f6891','69ae214537f63e4c551d7e26a957c506','7AQ6aFAn30rI10bk1pDRdL73xOyELw0a',NULL,1,'FA6801-0010.pdf','facture/FA6801-0010','','','',NULL,'generated',NULL,'2019-10-04 10:26:49','2024-12-20 14:11:40',12,12,NULL,NULL,NULL,1,'facture',150,NULL,NULL),
(38,'b18da4bbfaf907c1f6706b46ae3add3c','0792f280fd9a114fbd432d5442f7445b',NULL,NULL,1,'dolibarr_256x256.png','ticket/TS1910-0004','/home/ldestailleur/git/dolibarr_10.0/documents/users/12/temp/dolibarr_256x256.png','',NULL,NULL,'unknown',NULL,'2019-10-04 17:25:05','2019-10-04 15:25:05',12,NULL,NULL,NULL,NULL,1,NULL,NULL,NULL,NULL),
(40,'7205fe0a03a5bd79c7d60a0d05f06e25','df4db8f9cc75b79765e7ca11013fa0bc',NULL,NULL,1,'dolibarr_512x512.png','ticket/TS1910-0004','/home/ldestailleur/git/dolibarr_10.0/documents/users/12/temp/dolibarr_512x512.png','',NULL,NULL,'unknown',NULL,'2019-10-04 17:53:13','2019-10-04 16:47:55',12,12,NULL,NULL,NULL,3,NULL,NULL,NULL,NULL),
(44,'53f92236476224c177f23ab30e6553aa','3d14c3c12c58dfe06ef3020e712b2b06',NULL,NULL,1,'dolibarr_screenshot1_300x188.png','ticket/TS1910-0004','/home/ldestailleur/git/dolibarr_10.0/documents/users/12/temp/dolibarr_screenshot1_300x188.png','',NULL,NULL,'unknown',NULL,'2019-10-04 18:49:30','2019-10-04 16:49:30',12,NULL,NULL,NULL,NULL,4,NULL,NULL,NULL,NULL),
(45,'b33ed6e73b386cac4aab51eb62f3af50','1e71c3a5d4c8247935f89971dab4d9cd',NULL,NULL,1,'dolibarr_logo.jpg','ticket/TS1910-0004','/home/ldestailleur/git/dolibarr_10.0/documents/users/12/temp/dolibarr_logo.jpg','',NULL,NULL,'unknown',NULL,'2019-10-04 19:00:22','2019-10-04 17:00:22',12,NULL,NULL,NULL,NULL,5,NULL,NULL,NULL,NULL),
(46,'4573b5a5d66e4598bc98075b33d2470f','3d14c3c12c58dfe06ef3020e712b2b06',NULL,NULL,1,'dolibarr_screenshot1_300x188.png.20191004190108','ticket/TS1910-0004','/home/ldestailleur/git/dolibarr_10.0/documents/users/12/temp/dolibarr_screenshot1_300x188.png','',NULL,NULL,'unknown',NULL,'2019-10-04 19:01:08','2019-10-04 17:01:08',12,NULL,NULL,NULL,NULL,6,NULL,NULL,NULL,NULL),
(47,'a9be21b2a984fd57d2ff450bcfb59ef5','1e71c3a5d4c8247935f89971dab4d9cd',NULL,NULL,1,'dolibarr_logo.jpg.20191004193013','ticket/TS1910-0004','/home/ldestailleur/git/dolibarr_10.0/documents/users/12/temp/dolibarr_logo.jpg','',NULL,NULL,'unknown',NULL,'2019-10-04 19:30:13','2019-10-04 17:30:13',12,NULL,NULL,NULL,NULL,7,NULL,NULL,NULL,NULL),
(48,'f598ad9040ed50087ae163d9bef3eb7c','fe0b95bda4dc7823739eadedfab7e823',NULL,NULL,1,'dolibarr_screenshot9_1680x1050.png','ticket/TS1910-0004','/home/ldestailleur/git/dolibarr_10.0/documents/users/12/temp/dolibarr_screenshot9_1680x1050.png','',NULL,NULL,'unknown',NULL,'2019-10-04 19:32:55','2019-10-04 17:32:55',12,NULL,NULL,NULL,NULL,8,NULL,NULL,NULL,NULL),
(49,'95d0d57347686999f3609897cae8ec22','d32552ee874c82b9f0ccab4f309b4b61',NULL,NULL,1,'dolihelp.ico','ticket/TS1910-0004','/home/ldestailleur/git/dolibarr_10.0/documents/users/0/temp/dolihelp.ico','',NULL,NULL,'unknown',NULL,'2019-10-04 19:37:16','2019-10-04 17:37:16',0,NULL,NULL,NULL,NULL,9,NULL,NULL,NULL,NULL),
(50,'1a30c5a296fa61f1d76b4f3c27a15701','8ea43be5bd1fb83a287a95cea7688cc4',NULL,NULL,1,'dolibarr.gif','ticket/TS1910-0004','/home/ldestailleur/git/dolibarr_10.0/documents/users/12/temp/dolibarr.gif','',NULL,NULL,'unknown',NULL,'2019-10-04 19:39:07','2019-10-04 17:39:07',12,NULL,NULL,NULL,NULL,10,NULL,NULL,NULL,NULL),
(51,'3ad99f8446832892a610dbadcbd255f0','3dea7d1b511d19f8bd3252683423958a',NULL,NULL,1,'doliadmin.ico','ticket/TS1910-0004','/home/ldestailleur/git/dolibarr_10.0/documents/users/12/temp/doliadmin.ico','',NULL,NULL,'unknown',NULL,'2019-10-04 19:39:07','2019-10-04 17:39:07',12,NULL,NULL,NULL,NULL,11,NULL,NULL,NULL,NULL),
(52,'4d147b3a8443635ff19fde49438394d0','ee8eab1acbf409681bcd13b6b210b8a1',NULL,NULL,1,'SI1911-0005.pdf','fournisseur/facture/1/2/SI1911-0005','','',NULL,NULL,'generated',NULL,'2019-11-28 15:54:30','2019-11-28 11:54:47',12,12,NULL,NULL,NULL,1,'facture_fourn',21,NULL,NULL),
(53,'9324bc1030b77ebaef372d0ae40eb62e','db17ee9f430030fb21a6683d433c7457',NULL,NULL,1,'FR-CAR-Carrot.jpg','produit/FR-CAR','Carrot.jpg','',NULL,NULL,'uploaded',NULL,'2019-11-28 16:33:50','2019-11-28 15:33:50',12,NULL,NULL,NULL,NULL,1,NULL,NULL,NULL,NULL),
(54,'b1fe7acb0dd8591b04b49ef1cd1743aa','db17ee9f430030fb21a6683d433c7457',NULL,NULL,1,'FR-CAR-Carrot.jpg','produit/POS-CAR','/home/ldestailleur/git/dolibarr_11.0/documents/produit/POS-CAR/FR-CAR-Carrot.jpg','',NULL,NULL,'unknown',NULL,'2019-11-28 16:36:56','2019-11-28 15:36:56',12,NULL,NULL,NULL,NULL,1,NULL,NULL,NULL,NULL),
(55,'aba4d9af9dd0b200f44186f2db38b8f0','173299315f304f28081abca75e6ed635',NULL,NULL,1,'POS-APPLE-Apple.jpg','produit/POS-APPLE','Apple.jpg','',NULL,NULL,'uploaded',NULL,'2019-11-28 16:37:46','2019-11-28 15:37:46',12,NULL,NULL,NULL,NULL,1,NULL,NULL,NULL,NULL),
(56,'0a07968edb04e24e4caa7945f9308b5b','f25692272dc2e691d90e785660251dea',NULL,NULL,1,'POS-KIWI-Kiwi.jpg','produit/POS-KIWI','Kiwi.jpg','',NULL,NULL,'uploaded',NULL,'2019-11-28 16:38:58','2019-11-28 15:38:58',12,NULL,NULL,NULL,NULL,1,NULL,NULL,NULL,NULL),
(57,'da49d3ab86b6cb4f8269a3c1106de5bc','46026e1212b5e256a621559db254ce74',NULL,NULL,1,'POS-PEACH-Peach.jpg','produit/POS-PEACH','Peach.jpg','',NULL,NULL,'uploaded',NULL,'2019-11-28 16:39:29','2019-11-28 15:39:29',12,NULL,NULL,NULL,NULL,1,NULL,NULL,NULL,NULL),
(58,'e60f830c84b2808bf05d9751c6f3068c','c6fd1ef0add23afe632d043a9a9174e9',NULL,NULL,1,'POS-ORANGE-Orange.jpg','produit/POS-ORANGE','Orange.jpg','',NULL,NULL,'uploaded',NULL,'2019-11-28 16:40:06','2019-11-28 15:40:06',12,NULL,NULL,NULL,NULL,1,NULL,NULL,NULL,NULL),
(59,'b75a9affa8454aa109032ef11578ff55','8245ba8e8e345655f06cd904d7d54f73',NULL,NULL,1,'compxp4548product.jpg','produit/COMP-XP4548','compxp4523product.jpg','',NULL,NULL,'uploaded',NULL,'2019-11-28 16:41:23','2019-11-28 12:47:57',12,12,NULL,NULL,NULL,1,NULL,NULL,NULL,NULL),
(61,'fb93ad6fc19a4b6cb10ea753706d2f82','2adadd910fe97a07bd5be0f1f27f2d28',NULL,NULL,1,'DOLIDROID-dolidroid_114x114.png','produit/DOLIDROID','dolidroid_114x114.png','',NULL,NULL,'uploaded',NULL,'2019-11-28 16:49:27','2019-11-28 15:49:27',12,NULL,NULL,NULL,NULL,4,NULL,NULL,NULL,NULL),
(64,'90bf4a06479f20d6642d398b60e30d76','1cff6b63ce7bdcd6607f9ccbca942810',NULL,NULL,1,'DOLIDROID-dolidroid_180x120_en.png','produit/DOLIDROID','dolidroid_180x120_en.png','',NULL,NULL,'uploaded',NULL,'2019-11-28 16:50:33','2019-11-28 15:50:33',12,NULL,NULL,NULL,NULL,5,NULL,NULL,NULL,NULL),
(65,'7516f3382f24055570c580f3f7a3ca6e','df61e1aca1992b564dc6d80cd6c6ae0b',NULL,NULL,1,'DOLIDROID-dolidroid_screenshot_stats_720x1280.png','produit/DOLIDROID','dolidroid_screenshot_stats_720x1280.png','',NULL,NULL,'uploaded',NULL,'2019-11-28 16:51:58','2019-11-28 15:51:58',12,NULL,NULL,NULL,NULL,6,NULL,NULL,NULL,NULL),
(66,'61ec0d999c2460e0a942be9760b7c1fb','8ef12c42fbada32094a633a60f5c84a7',NULL,NULL,1,'POS-Eggs-Eggs.jpg','produit/POS-Eggs','Eggs.jpg','',NULL,NULL,'uploaded',NULL,'2019-11-28 17:04:06','2019-11-28 16:04:06',12,NULL,NULL,NULL,NULL,1,NULL,NULL,NULL,NULL),
(67,'abe8d329cfb52c1ba59867dfb2468047','8a0380cc9887f325e220c0f7503835c7',NULL,NULL,1,'POS-Chips-Chips.jpg','produit/POS-Chips','Chips.jpg','',NULL,NULL,'uploaded',NULL,'2019-11-28 17:09:19','2019-11-28 16:09:19',12,NULL,NULL,NULL,NULL,1,NULL,NULL,NULL,NULL),
(71,'1008ec7576e1b970f952044d10245f72','653abb50f7c2cc410dac1fd913ad8769',NULL,NULL,1,'BOM1911-0001_bom.odt','bom/BOM1911-0001','','',NULL,NULL,'generated',NULL,'2019-11-28 18:20:01','2020-01-08 15:41:49',12,12,NULL,NULL,NULL,1,'bom_bom',6,NULL,NULL),
(72,'a0942ded45efc068ca59dd3360cbb0e2','db17ee9f430030fb21a6683d433c7457',NULL,NULL,1,'FR-CAR-Carrot.jpg','produit/POS-CARROT','/home/ldestailleur/git/dolibarr_11.0/documents/produit/POS-CARROT/FR-CAR-Carrot.jpg','',NULL,NULL,'unknown',NULL,'2019-11-28 19:02:01','2019-11-28 18:02:01',12,NULL,NULL,NULL,NULL,1,NULL,NULL,NULL,NULL),
(73,'c928f00b0bc1a40061408e63a9c204ee','0221dc3c79e0123b451b5630bf2177b0',NULL,NULL,1,'ER1912-0001-IMG_20191219_161331.jpg','expensereport/ER1912-0001','IMG_20191219_161331.jpg','',NULL,NULL,'uploaded',NULL,'2019-12-20 20:04:42','2019-12-20 16:34:05',12,NULL,NULL,NULL,NULL,1,NULL,NULL,NULL,NULL),
(74,'4d710f4f262d3caca82b2c7380e0addc','4ff0ba258dc0f8d3b78d919557ee7996',NULL,NULL,1,'ER1912-0001.pdf','expensereport/ER1912-0001','','',NULL,NULL,'generated',NULL,'2019-12-20 20:04:46','2019-12-20 16:34:26',12,12,NULL,NULL,NULL,2,'expensereport',2,NULL,NULL),
(75,'bcb6930c79f5a3f55f9327561a07daa1','8a90d3b37535f1e81423aaaf59890d37',NULL,NULL,1,'CO7001-0027.pdf','commande/CO7001-0027','','','',NULL,'generated',NULL,'2019-12-20 20:42:23','2025-05-27 10:09:12',12,12,NULL,NULL,NULL,2,'commande',88,NULL,NULL),
(76,'eabd0e0a63029bf40288c3394dcb984c','19966097a96d06ed13a757a1d214b845','1Hlh7n01E5KY5i9rtvhiq1TYL16JMToN',NULL,1,'PR1702-0027.pdf','propale/PR1702-0027','','','',NULL,'generated',NULL,'2019-12-20 20:49:43','2024-12-20 14:17:38',12,12,NULL,NULL,NULL,1,'propal',29,NULL,NULL),
(77,'69b67f70d71893409d37bbab8af92b70','6dcf955af88070f5c119efe0cb2c13f2','73N0swrtTQc3d0bD9C5sIDUP5n6vkCK1',NULL,1,'FS1301-0001.pdf','facture/FS1301-0001','','','',NULL,'generated',NULL,'2019-12-21 19:40:22','2025-06-20 11:58:55',12,12,NULL,NULL,NULL,1,'facture',148,NULL,NULL),
(78,'d5a97833baecb8e92c859c755ece9666','e511f26c4964058a24535f8db8324f89',NULL,NULL,1,'thirdparty.ods','societe/10','','',NULL,NULL,'generated',NULL,'2019-12-21 20:32:17','2019-12-21 19:32:17',12,NULL,NULL,NULL,NULL,1,'societe',10,NULL,NULL),
(81,'87209bfcfd010c1b6ef3c7fec33d5249','f5808fa30e5fa61be5654298c185a53a',NULL,NULL,1,'SI2001-0006.pdf','fournisseur/facture/2/2/SI2001-0006','','','',NULL,'generated',NULL,'2020-01-01 17:48:01','2023-01-10 16:24:45',12,12,NULL,NULL,NULL,1,'facture_fourn',22,NULL,NULL),
(82,'1dabc11d324fded7042876ef648c2fde','e272a4e34acef46c0d7c21dd0100e0d1',NULL,NULL,1,'SA2001-0001.pdf','fournisseur/facture/3/2/SA2001-0001','','',NULL,NULL,'generated',NULL,'2020-01-01 17:49:33','2020-01-01 13:50:41',12,12,NULL,NULL,NULL,1,'facture_fourn',23,NULL,NULL),
(83,'78b31a74494c6e3fb731c291167e5fac','2916bbd49ed1a2bf48cd8d6999b49b59',NULL,NULL,1,'(PROV3).pdf','fournisseur/commande/(PROV3)','','','',NULL,'generated',NULL,'2020-01-01 20:11:15','2025-01-02 17:32:08',12,12,NULL,NULL,NULL,1,'commande_fournisseur',3,NULL,NULL),
(84,'dae316f89653eb19b2784c4fb41c9488','3ab1a48c8fcf3c9480243949f4ef685f',NULL,NULL,1,'SA2001-0001.pdf','fournisseur/facture/4/2/SA2001-0001','','',NULL,NULL,'generated',NULL,'2020-01-01 20:17:15','2020-01-01 16:17:46',12,12,NULL,NULL,NULL,1,'facture_fourn',24,NULL,NULL),
(85,'d0f2428e33e2b6244ac4b72fab4f0f14','45ad94c796cf1918e8888bb906cfea30',NULL,NULL,1,'(PROV25).pdf','fournisseur/facture/5/2/(PROV25)','','',NULL,NULL,'generated',NULL,'2020-01-01 20:19:51','2020-01-01 19:19:51',12,NULL,NULL,NULL,NULL,1,'facture_fourn',25,NULL,NULL),
(86,'bb7830bd179da2e9f9ef3579ea2f8208','cd5145fa64d57ee69a572f9cbc67b15c',NULL,NULL,1,'SA2001-0001.pdf','fournisseur/facture/6/2/SA2001-0001','','',NULL,NULL,'generated',NULL,'2020-01-01 20:20:13','2020-01-01 16:20:22',12,12,NULL,NULL,NULL,1,'facture_fourn',26,NULL,NULL),
(87,'66cbad4f05ade84391d4ea3c502fb7a3','872e8072820f9b3014e8250ee7b00f86',NULL,NULL,1,'SA2001-0001.pdf','fournisseur/facture/7/2/SA2001-0001','','',NULL,NULL,'generated',NULL,'2020-01-01 20:21:51','2020-01-15 18:23:28',12,12,NULL,NULL,NULL,1,'facture_fourn',27,NULL,NULL),
(88,'78dedfa0065ebb065040515c8a4fe0f4','116c1b16fb98a36f5a429ebe674a5036',NULL,NULL,1,'SI2001-0007.pdf','fournisseur/facture/8/2/SI2001-0007','','',NULL,NULL,'generated',NULL,'2020-01-01 20:22:48','2020-01-01 17:20:36',12,12,NULL,NULL,NULL,1,'facture_fourn',28,NULL,NULL),
(89,'2650611699dbc2cb0d6db2c93cb8ff9d','e6f96dca09e39bfeb3003e38eecd4b84',NULL,NULL,1,'(PROV29).pdf','fournisseur/facture/9/2/(PROV29)','','',NULL,NULL,'generated',NULL,'2020-01-01 20:50:57','2020-01-01 19:50:57',12,NULL,NULL,NULL,NULL,1,'facture_fourn',29,NULL,NULL),
(90,'d3d6a55beba28be5ce57e806ad037a70','9f3a682f921c24d07722d259574488ed',NULL,NULL,1,'SA2001-0002.pdf','fournisseur/facture/0/3/SA2001-0002','','',NULL,NULL,'generated',NULL,'2020-01-01 20:51:32','2020-01-01 16:51:37',12,12,NULL,NULL,NULL,1,'facture_fourn',30,NULL,NULL),
(92,'c3a7802251274920507482a72761c511','2af9c1913ba628244807b27818a522fc','HgLd991Ll4JL8mjAR3WQ27D6mvZukfi0',NULL,1,'(PROV37).pdf','propale/(PROV37)','','','',NULL,'generated',NULL,'2020-01-06 00:44:16','2024-12-20 14:17:38',12,12,NULL,NULL,NULL,1,'propal',37,NULL,NULL),
(93,'43e9e215d44cbe8854dc64bfe01a7c1a','218b07855dea60994770bf4608757452',NULL,NULL,1,'SI1601-0004.pdf','fournisseur/facture/9/1/SI1601-0004','','',NULL,NULL,'generated',NULL,'2020-01-06 00:48:42','2020-01-05 23:48:42',12,NULL,NULL,NULL,NULL,1,'facture_fourn',19,NULL,NULL),
(94,'29441461d34abe37158ca6bb35938a3a','6b805071f64924fa1309d51fef1ea839',NULL,NULL,1,'courrier_consult.odt','societe/29','','',NULL,NULL,'generated',NULL,'2020-01-06 21:23:24','2020-01-06 17:46:52',12,12,NULL,NULL,NULL,1,'societe',29,NULL,NULL),
(95,'e5b8ef885741a002f6129051b85e5e09','47a32a5812ff1dff5d10c7cfd00abb87','3VQw87638gF8yzeQq3KqQE0fR7aHPaXx',NULL,1,'(PROV38).pdf','propale/(PROV38)','','','',NULL,'generated',NULL,'2020-01-13 17:25:28','2024-12-20 14:17:38',12,0,NULL,NULL,NULL,1,'propal',38,NULL,NULL),
(96,'94c2a18a5f7bd023b512e46a1cc1e5c8','c93b33d576742d5468b5d10159adaa5c',NULL,NULL,1,'(PROV2).pdf','supplier_proposal/(PROV2)','','','',NULL,'generated',NULL,'2020-01-15 22:48:12','2025-01-02 17:19:14',12,12,NULL,NULL,NULL,1,'supplier_proposal',2,NULL,NULL),
(97,'72e38084f638adb55e3e621dd3f42ab5','b10241c18e92c887bd4214179fff3497','b2x0L1RFJwQ3SEVsg0Zo933aPp5an6Pl',NULL,1,'AC2001-0001.pdf','facture/AC2001-0001','','','',NULL,'generated',NULL,'2020-01-16 02:22:16','2024-12-20 14:11:39',12,12,NULL,NULL,NULL,1,'facture',221,NULL,NULL),
(98,'d9ceb752bbb85ea0fb29c8cb27d22e1e','c39c791870c0df6b5e8d8f5f592b9bd7','0L88Wgdr6654bzTOY6UjUzmouAj5J0WK',NULL,1,'AC2001-0002.pdf','facture/AC2001-0002','','','',NULL,'generated',NULL,'2020-01-16 02:33:27','2024-12-20 14:11:39',12,12,NULL,NULL,NULL,1,'facture',224,NULL,NULL),
(99,'33d354694658b4697adcd9a50a292113','28d337dbd03556d3b5a27f5c4e18685f','ik0pLF8NjX8K3shY8D7ZP93u6RyoC0au',NULL,1,'(PROV225).pdf','facture/(PROV225)','','','',NULL,'generated',NULL,'2020-01-16 02:37:55','2024-12-20 14:11:39',12,0,NULL,NULL,NULL,1,'facture',225,NULL,NULL),
(100,'f4fbae718d9c9bc535d56a6638c1cdc2','dd66a3762d4bae27de04e387c6c11820','o2b3h79X2C52QSiGMwNhN9ZHeqFjf95u',NULL,1,'(PROV226).pdf','facture/(PROV226)','','','',NULL,'generated',NULL,'2020-01-19 14:21:03','2024-12-20 14:11:39',12,12,NULL,NULL,NULL,1,'facture',226,NULL,NULL),
(101,'b51a925a795e1652820d987266a31658','216b65fa421c93a5aa65444ed955ead0','35YA9W9G3XW1V2pChvavJOelzaez19H9',NULL,1,'AC2001-0003.pdf','facture/AC2001-0003','','','',NULL,'generated',NULL,'2020-01-19 14:23:39','2024-12-20 14:11:39',12,12,NULL,NULL,NULL,1,'facture',227,NULL,NULL),
(102,'1b7f8c128060879ec7f78712fa36ecd0','38eec0606d476c46016456a9697f0c0e','M0NJg063u4BXcaTTw4fLosbA86UJhh85',NULL,1,'AC2001-0004.pdf','facture/AC2001-0004','','','',NULL,'generated',NULL,'2020-01-19 14:49:58','2024-12-20 14:11:39',12,12,NULL,NULL,NULL,1,'facture',228,NULL,NULL),
(103,'ee00344302cff6530168fb9e08083780','af340133081c9a80c737c9c360457456','AUtRxc155pP8yrs35kBb3JniGX9P2TZ6',NULL,1,'(PROV217).pdf','facture/(PROV217)','','','',NULL,'generated',NULL,'2020-01-19 14:53:10','2024-12-20 14:11:39',12,12,NULL,NULL,NULL,1,'facture',217,NULL,NULL),
(104,'faf6da4cf7cf49275da5786e36b3173c','50acdf0099c27348ede81656e5b3ddf2',NULL,NULL,1,'(PROV3).pdf','supplier_proposal/(PROV3)','','',NULL,NULL,'generated',NULL,'2020-01-20 12:06:40','2020-01-20 11:19:06',12,12,NULL,NULL,NULL,1,'supplier_proposal',3,NULL,NULL),
(105,'d82c57a3335bafcc3fb2b35d9573fe47','0125de7d577aa6c1ffe07d1451031279',NULL,NULL,1,'(PROV14).pdf','fournisseur/commande/(PROV14)','','','',NULL,'generated',NULL,'2020-01-20 12:20:17','2022-12-16 11:14:24',12,12,NULL,NULL,NULL,1,'commande_fournisseur',14,NULL,NULL),
(106,'fbcfde0bfdb8e7184f5e1a72527bc53a','82e701c27779c96e01eec8517c923f45',NULL,NULL,1,'(PROV4).pdf','supplier_proposal/(PROV4)','','','',NULL,'generated',NULL,'2020-01-20 12:23:22','2023-01-10 16:32:40',12,12,NULL,NULL,NULL,1,'supplier_proposal',4,NULL,NULL),
(109,'e409be44e925329a41079f1ddacaa8f1','0ab65cf96aa09d77498013bd39b7c504','3E2vJCPSjk10T9GkaTxKtPu047mY6c3p',NULL,1,'FA1707-0026.pdf','facture/FA1707-0026','','','',NULL,'generated',NULL,'2020-01-21 10:23:17','2024-12-20 14:11:40',12,12,NULL,NULL,NULL,1,'facture',229,NULL,NULL),
(110,'36411c7ab830732de1d07fe824ec9e20','005f73feef7388e02afe0925b3b51e40','i6K44w4LCTxwSjoUq6C203oY3oMmL2dH',NULL,1,'FA1807-0027.pdf','facture/FA1807-0027','','','',NULL,'generated',NULL,'2020-01-21 10:23:28','2024-12-20 14:11:40',12,12,NULL,NULL,NULL,1,'facture',230,NULL,NULL),
(111,'bfc5abd0ab78849b7e98839d27175fb4','05569014b6e83099a8b1cc80186f22d8','SD5RH9n9S0fL5utdwgJN2Vv765aGhH5v',NULL,1,'FA1907-0028.pdf','facture/FA1907-0028','','','',NULL,'generated',NULL,'2020-01-21 10:23:49','2024-12-20 14:11:40',12,12,NULL,NULL,NULL,1,'facture',231,NULL,NULL),
(112,'4615aa05f2a0e8cf79ea3cb9c91e6434','6aec33a4925b66eaba4902eef6f95507',NULL,NULL,1,'APPLEPIE-home-bg.jpg','produit/APPLEPIE','/home/ldestailleur/git/dolibarr_14.0/documents/produit/APPLEPIE/APPLEPIE-home-bg.jpg','',NULL,NULL,'unknown',NULL,'2021-04-15 07:37:21','2021-04-15 05:37:21',12,NULL,NULL,NULL,NULL,2,NULL,NULL,NULL,NULL),
(113,'98147caa708e17b81d851255d78136fe','cad7a8c5fb4a6e58cb8fe31d0741efcb',NULL,NULL,1,'BOM2202-0002_bom.odt','bom/BOM2202-0002','','','',NULL,'generated',NULL,'2022-02-07 13:54:12','2022-02-07 12:54:12',12,NULL,NULL,NULL,NULL,1,'bom_bom',7,NULL,NULL),
(114,'b60ce46c6df53d0d2be6b634fd59a0e2','2da69994036589fb6ed5d6447c706f1e',NULL,NULL,1,'(PROV2).pdf','expensereport/(PROV2)','/home/ldestailleur/git/dolibarr_15.0/documents/expensereport/(PROV2)/(PROV2).pdf','','',NULL,'unknown',NULL,'2022-02-07 14:27:42','2022-02-07 13:27:42',12,NULL,NULL,NULL,NULL,1,NULL,NULL,NULL,NULL),
(115,'720ab60eb30a6bcdc2fde9966bd4d507','4a896290245451eb0aeefca964da0a4c',NULL,NULL,1,'ADMIN-ER00001-150101.pdf','expensereport/ADMIN-ER00001-150101','/home/ldestailleur/git/dolibarr_15.0/documents/expensereport/ADMIN-ER00001-150101/ADMIN-ER00001-150101.pdf','','',NULL,'unknown',NULL,'2022-02-07 14:27:42','2022-02-07 13:27:42',12,NULL,NULL,NULL,NULL,1,NULL,NULL,NULL,NULL),
(116,'9c3cf03e9110bea5773a9a930fabd140','a6b341e26d6a3a845fd076ffb59f67ac',NULL,NULL,1,'ADMIN-ER00002-150101.pdf','expensereport/ADMIN-ER00002-150101','/home/ldestailleur/git/dolibarr_15.0/documents/expensereport/ADMIN-ER00002-150101/ADMIN-ER00002-150101.pdf','','',NULL,'unknown',NULL,'2022-02-07 14:27:42','2022-02-07 13:27:42',12,NULL,NULL,NULL,NULL,1,NULL,NULL,NULL,NULL),
(117,'d4578ab53f6062a3b9e1b639ac263cb2','6ff1324784a770d28e3eadae723bc008','Mf7RsCrI2OS7lOz3fDV8xR55w74n2omG',NULL,1,'AV1212-0001.pdf','facture/AV1212-0001','','','',NULL,'generated',NULL,'2022-02-07 14:27:46','2024-12-20 14:11:39',12,0,NULL,NULL,NULL,1,'facture',10,NULL,NULL),
(118,'6979efa40f8cd6b7e6190e65a74a1871','4f9955334f4784926d0402c0c98076a3','RHkp35MZjqCt0mfkJ11Dovb3D3W03ED5',NULL,1,'AV1212-0002.pdf','facture/AV1212-0002','','','',NULL,'generated',NULL,'2022-02-07 14:27:46','2024-12-20 14:11:39',12,0,NULL,NULL,NULL,1,'facture',12,NULL,NULL),
(119,'8a25b6f715af52a124e607a9fb8cf44d','f3a4dd54535a2064e0c552ccab258571','be947aSuC0PoXZAgMuO0aVd9501eeU2M',NULL,1,'AV1303-0003.pdf','facture/AV1303-0003','','','',NULL,'generated',NULL,'2022-02-07 14:27:46','2024-12-20 14:11:39',12,0,NULL,NULL,NULL,1,'facture',213,NULL,NULL),
(121,'0fb69e8b0122c99e8a6621c3725c0c99','e24f0ed9b944a4e2ddd3d1f70c5d4d49','AK47dTQh5mv3L3lxTsFP5RS6S0dxnn94',NULL,1,'FA1107-0006.pdf','facture/FA1107-0006','','','',NULL,'generated',NULL,'2022-02-07 14:27:46','2024-12-20 14:11:39',12,0,NULL,NULL,NULL,1,'facture',3,NULL,NULL),
(122,'9fce585dc7f4ff978f3ea0a661bf236f','ec06237990f2624db170a4a190134ee9','r44qIL8qi8eVTL6HvViFRl5933nA7Ftr',NULL,1,'FA1108-0003.pdf','facture/FA1108-0003','','','',NULL,'generated',NULL,'2022-02-07 14:27:46','2024-12-20 14:11:39',12,0,NULL,NULL,NULL,1,'facture',5,NULL,NULL),
(123,'37f49ada746d85306d3caf00db00dc31','18d8c2726d9c43b69973a4526ef4505c','z5aq9t3UMtE6bv6HIw888Oql31URdRMP',NULL,1,'FA1108-0004.pdf','facture/FA1108-0004','','','',NULL,'generated',NULL,'2022-02-07 14:27:46','2024-12-20 14:11:39',12,0,NULL,NULL,NULL,1,'facture',6,NULL,NULL),
(124,'d4a0bbcb3766d837ed6dbc78a14af28d','b6f572ba4e28f1a2e427bf6bfc0f9a13','d3M527aQ26bi7qBzf8V4ubeUN5ZOhEYX',NULL,1,'FA1108-0005.pdf','facture/FA1108-0005','','','',NULL,'generated',NULL,'2022-02-07 14:27:46','2024-12-20 14:11:39',12,0,NULL,NULL,NULL,1,'facture',8,NULL,NULL),
(125,'ff2407993881ea0529178311eff5b802','8b499e0f6d24f593db65058d7aa74786','iudaK5z6H8Gt0Dy02UKnowHzA63ARM49',NULL,1,'FA1108-0007.pdf','facture/FA1108-0007','','','',NULL,'generated',NULL,'2022-02-07 14:27:46','2024-12-20 14:11:39',12,0,NULL,NULL,NULL,1,'facture',9,NULL,NULL),
(126,'9245fd14ecc9e3dd6920e65fb84ec932','22d1b95c09e41386117a07de12c32d92','JS2p0hKT005e3lI2MrwhP3fa6Tr0rHFM',NULL,1,'FA1212-0009.pdf','facture/FA1212-0009','','','',NULL,'generated',NULL,'2022-02-07 14:27:46','2024-12-20 14:11:39',12,0,NULL,NULL,NULL,1,'facture',55,NULL,NULL),
(127,'39351c10bac1952a9c3e7505b77a3495','0e4b01dfa860e92dc125fa8b3e777577','eKKGUw8m0936yhH3DAjb2lKr4R6xiHZ0',NULL,1,'FA1212-0009_invoice.odt','facture/FA1212-0009','','','',NULL,'generated',NULL,'2022-02-07 14:27:46','2023-02-04 15:42:34',12,12,NULL,NULL,NULL,2,NULL,NULL,NULL,NULL),
(128,'67f648b8fe1984bcb3ea2620fbc2828a','572b2cd0a22f7f9ba8bdca3f473cde35','7eHX2Pd43rRyweviZnRg2sXY5Z278EE7',NULL,1,'FA1212-0011.pdf','facture/FA1212-0011','','','',NULL,'generated',NULL,'2022-02-07 14:27:46','2024-12-20 14:11:40',12,0,NULL,NULL,NULL,1,'facture',13,NULL,NULL),
(129,'5ddfdaeb0c7ca1cd31a385432912c924','0cd180afb9504e090a5421354855ddf6','102qE1BkoA5SiOr708JuGYAc7uoNuYz8',NULL,1,'FA1212-0021.pdf','facture/FA1212-0021','','','',NULL,'generated',NULL,'2022-02-07 14:27:46','2024-12-20 14:11:40',12,0,NULL,NULL,NULL,1,'facture',32,NULL,NULL),
(130,'175d1934a611fcb705b2f99736c9c4db','fa078de19412ede9273e554018c2d081','tfXP24M0S7AelkiqmYs6L59Q8B4oA8Ye',NULL,1,'FA1212-0023.pdf','facture/FA1212-0023','','','',NULL,'generated',NULL,'2022-02-07 14:27:46','2024-12-20 14:11:40',12,0,NULL,NULL,NULL,1,'facture',33,NULL,NULL),
(131,'0a6af0756aaa8297a0d642377b607963','65186d4e1977f4a963704e9f02972209','R75cg4q9DK10re89BzYP37duJstAUTRa',NULL,1,'FA1507-0015.pdf','facture/FA1507-0015','','','',NULL,'generated',NULL,'2022-02-07 14:27:46','2024-12-20 14:11:40',12,0,NULL,NULL,NULL,1,'facture',160,NULL,NULL),
(132,'3ae2bd1a22d0f789d48fa5b05c21cca3','1514b9abebb7b9704cda5da4c52b7864',NULL,NULL,1,'FA1507-0015_invoice.odt','facture/FA1507-0015','/home/ldestailleur/git/dolibarr_15.0/documents/facture/FA1507-0015/FA1507-0015_invoice.odt','','',NULL,'unknown',NULL,'2022-02-07 14:27:46','2022-02-07 13:27:46',12,NULL,NULL,NULL,NULL,2,NULL,NULL,NULL,NULL),
(133,'566749a19fbc251dc4ed0e1c67a89932','d4e96818f32b5ea0cbc399ae202e2870','86re5rdji8g655KrTIrpKJZkA0YQ5XN4',NULL,1,'PR1007-0001.pdf','propale/PR1007-0001','','','',NULL,'generated',NULL,'2022-02-07 14:27:47','2024-12-20 14:17:38',12,0,NULL,NULL,NULL,1,'propal',1,NULL,NULL),
(134,'2626893a8eba25219aa008f0e3775690','b365c5f110084b90192eefe57d2f67c2','zcnqT64I8sS85TbLJ5Hs85e6vdXQxO8W',NULL,1,'PR1007-0002.pdf','propale/PR1007-0002','','','',NULL,'generated',NULL,'2022-02-07 14:27:48','2024-12-20 14:17:38',12,0,NULL,NULL,NULL,1,'propal',2,NULL,NULL),
(135,'22878d01d869b50e51c296f327c8c0af','10a78c0e94ae151d77969bebed996328','Q0NhQLh0cP167fD699L2dTqNnDit2wYh',NULL,1,'PR1302-0005.pdf','propale/PR1302-0005','','','',NULL,'generated',NULL,'2022-02-07 14:27:48','2024-12-20 14:17:38',12,0,NULL,NULL,NULL,1,'propal',5,NULL,NULL),
(136,'c566106ea2aad8c887e1e5887e427426','c0db5466a78680fd511883a7ccbb2ce8','kl3N8TOh84e6BRt02C9g7e6RqsjMWXQg',NULL,1,'PR1302-0006.pdf','propale/PR1302-0006','','','',NULL,'generated',NULL,'2022-02-07 14:27:48','2024-12-20 14:17:38',12,0,NULL,NULL,NULL,1,'propal',6,NULL,NULL),
(137,'f0670e34a50062c94a6ec71f195ffd7a','6554bf3128609ac17514050aa2dfa85c','3POwKdP923l03LvYx7eJbmH69LRkGb3g',NULL,1,'PR1302-0007.pdf','propale/PR1302-0007','','','',NULL,'generated',NULL,'2022-02-07 14:27:48','2024-12-20 14:17:38',12,0,NULL,NULL,NULL,1,'propal',7,NULL,NULL),
(138,'142509d21a32e9a3eeefffcb391bf2af','407e9fcdc7f001073628958feddbdef6',NULL,NULL,1,'CF1007-0001.pdf','fournisseur/commande/CF1007-0001','/home/ldestailleur/git/dolibarr_15.0/documents/fournisseur/commande/CF1007-0001/CF1007-0001.pdf','','',NULL,'unknown',NULL,'2022-02-07 14:27:53','2022-02-07 13:27:53',12,NULL,NULL,NULL,NULL,1,NULL,NULL,NULL,NULL),
(139,'7a90f8625485a919e9d1fe4b873a769e','67aa4197014ab5792d9fb2fd9fb7ce71',NULL,NULL,1,'CF1007-0002.pdf','fournisseur/commande/CF1007-0002','/home/ldestailleur/git/dolibarr_15.0/documents/fournisseur/commande/CF1007-0002/CF1007-0002.pdf','','',NULL,'unknown',NULL,'2022-02-07 14:27:53','2022-02-07 13:27:53',12,NULL,NULL,NULL,NULL,1,NULL,NULL,NULL,NULL),
(140,'f0203e34a81efc7d710b86295f4a4277','e5ec02a09187711e6d2451e3d174e133',NULL,NULL,1,'CF1303-0004.pdf','fournisseur/commande/CF1303-0004','/home/ldestailleur/git/dolibarr_15.0/documents/fournisseur/commande/CF1303-0004/CF1303-0004.pdf','','',NULL,'unknown',NULL,'2022-02-07 14:27:53','2022-02-07 13:27:53',12,NULL,NULL,NULL,NULL,1,NULL,NULL,NULL,NULL),
(141,'ab2421790a1602da8653b02dc208d731','c4b1825aaf6b3e90ec5c22abb3b251ca',NULL,NULL,1,'CO1107-0002.pdf','commande/CO1107-0002','/home/ldestailleur/git/dolibarr_15.0/documents/commande/CO1107-0002/CO1107-0002.pdf','','',NULL,'unknown',NULL,'2022-02-07 14:27:57','2022-02-07 13:27:57',12,NULL,NULL,NULL,NULL,1,NULL,NULL,NULL,NULL),
(142,'c1907b95156a0964a79a3c4bcaef8498','f558a23ce25e7983d17ce4f567fde4b0',NULL,NULL,1,'CO1107-0003.pdf','commande/CO1107-0003','/home/ldestailleur/git/dolibarr_15.0/documents/commande/CO1107-0003/CO1107-0003.pdf','','',NULL,'unknown',NULL,'2022-02-07 14:27:57','2022-02-07 13:27:57',12,NULL,NULL,NULL,NULL,1,NULL,NULL,NULL,NULL),
(143,'1034b7c11032ba4305509636e44e66c7','b81bf55855474463bb6875e5ade642cc',NULL,NULL,1,'CO1107-0004.pdf','commande/CO1107-0004','/home/ldestailleur/git/dolibarr_15.0/documents/commande/CO1107-0004/CO1107-0004.pdf','','',NULL,'unknown',NULL,'2022-02-07 14:27:57','2022-02-07 13:27:57',12,NULL,NULL,NULL,NULL,1,NULL,NULL,NULL,NULL),
(144,'253b69fed906e64b7f4c2bb33d7917c2','86464c6b7b21087c3310cd15442d6508',NULL,NULL,1,'CO1108-0001.pdf','commande/CO1108-0001','/home/ldestailleur/git/dolibarr_15.0/documents/commande/CO1108-0001/CO1108-0001.pdf','','',NULL,'unknown',NULL,'2022-02-07 14:27:57','2022-02-07 13:27:57',12,NULL,NULL,NULL,NULL,1,NULL,NULL,NULL,NULL),
(145,'15f4b675acf2c6fa346c80d82ecaaec5','496cca40073d7b8675e0eebb0ea230b5',NULL,NULL,1,'RQ1607-0001.pdf','supplier_proposal/RQ1607-0001','/home/ldestailleur/git/dolibarr_15.0/documents/supplier_proposal/RQ1607-0001/RQ1607-0001.pdf','','',NULL,'unknown',NULL,'2022-02-07 14:28:01','2022-02-07 13:28:01',12,NULL,NULL,NULL,NULL,1,NULL,NULL,NULL,NULL),
(146,'6af0fd1b03e31747a27f2355d6dd57b2','12a1917f8a109e352faa4fbf8f532b1a',NULL,NULL,1,'16.pdf','fournisseur/facture/6/1/16','/home/ldestailleur/git/dolibarr_15.0/documents/fournisseur/facture/6/1/16/16.pdf','','',NULL,'unknown',NULL,'2022-02-07 14:28:03','2022-02-07 13:28:03',12,NULL,NULL,NULL,NULL,1,NULL,NULL,NULL,NULL),
(147,'b72722a6b79293f4b9d5534836f754a8','5c9ae7974767ca79f90766e46d1f97f8',NULL,NULL,1,'17.pdf','fournisseur/facture/7/1/17','/home/ldestailleur/git/dolibarr_15.0/documents/fournisseur/facture/7/1/17/17.pdf','','',NULL,'unknown',NULL,'2022-02-07 14:28:03','2022-02-07 13:28:03',12,NULL,NULL,NULL,NULL,1,NULL,NULL,NULL,NULL),
(148,'26157b77d37c340836aedb6d78c9ce4b','81b6d23d5c5ac95aabdd4503f6b2bd79',NULL,NULL,1,'alberteinstein.jpg','users/1','/home/ldestailleur/git/dolibarr_15.0/documents/users/1/alberteinstein.jpg','','',NULL,'unknown',NULL,'2022-02-07 14:28:05','2022-02-07 13:28:05',12,NULL,NULL,NULL,NULL,1,NULL,NULL,NULL,NULL),
(149,'d10c2a0733366a3011bb9db79bcaec17','ebc9978c671bae5e8e0350900957a9bd',NULL,NULL,1,'mariecurie.jpg','users/10','/home/ldestailleur/git/dolibarr_15.0/documents/users/10/mariecurie.jpg','','',NULL,'unknown',NULL,'2022-02-07 14:28:05','2022-02-07 13:28:05',12,NULL,NULL,NULL,NULL,1,NULL,NULL,NULL,NULL),
(150,'8c6c2f871ebfbd5dc68b694732ec3a4c','d884a4dc29ce476190fd28bdc8dbcded','a62120589ZKehLdfOEtn6PTWBQ8Ftmgs',NULL,1,'person4b.jpeg','users/11','/home/ldestailleur/git/dolibarr_15.0/documents/users/11/person4.jpeg','','',NULL,'unknown',NULL,'2022-02-07 14:28:05','2023-01-14 12:09:30',12,12,NULL,NULL,NULL,1,NULL,NULL,NULL,NULL),
(151,'e1606108d2271bfd9e7ec19dece0d1f7','d5f64b15058a4c95ec1fffb39fed360e',NULL,NULL,1,'person6.jpeg','users/12','/home/ldestailleur/git/dolibarr_15.0/documents/users/12/person6.jpeg','','',NULL,'unknown',NULL,'2022-02-07 14:28:05','2022-02-07 13:28:05',12,NULL,NULL,NULL,NULL,1,NULL,NULL,NULL,NULL),
(152,'4cf03a580acfb6f91b04e28f5fafb6d8','18a71a131e519d3f2aca255371343e68',NULL,NULL,1,'person7.jpeg','users/13','/home/ldestailleur/git/dolibarr_15.0/documents/users/13/person7.jpeg','','',NULL,'unknown',NULL,'2022-02-07 14:28:05','2022-02-07 13:28:05',12,NULL,NULL,NULL,NULL,1,NULL,NULL,NULL,NULL),
(153,'04b3b24d0247aa9e141a92d8c6f4ab57','4689a624f4ff71f1f69aea9385f7744b',NULL,NULL,1,'person3.jpeg','users/14','/home/ldestailleur/git/dolibarr_15.0/documents/users/14/person3.jpeg','','',NULL,'unknown',NULL,'2022-02-07 14:28:05','2022-02-07 13:28:05',12,NULL,NULL,NULL,NULL,1,NULL,NULL,NULL,NULL),
(154,'05656c73e27cacf85b8a9d5257f71291','99eec010ef37eda7d9a0a971d9b7d14b',NULL,NULL,1,'person1.jpeg','users/16','/home/ldestailleur/git/dolibarr_15.0/documents/users/16/person1.jpeg','','',NULL,'unknown',NULL,'2022-02-07 14:28:05','2022-02-07 13:28:05',12,NULL,NULL,NULL,NULL,1,NULL,NULL,NULL,NULL),
(155,'76b8ee91190429a48f04602e4c2ed12c','e288f7beabf3dbb50ab764ec3dbd2a20',NULL,NULL,1,'person5.jpeg','users/17','/home/ldestailleur/git/dolibarr_15.0/documents/users/17/person5.jpeg','','',NULL,'unknown',NULL,'2022-02-07 14:28:05','2022-02-07 13:28:05',12,NULL,NULL,NULL,NULL,1,NULL,NULL,NULL,NULL),
(156,'96e8d498e4507eb0407bdb239d6fc802','71939d1f01d2f1617f5131ee34a19e7b',NULL,NULL,1,'ldestailleur_200x200.jpg','users/18','/home/ldestailleur/git/dolibarr_15.0/documents/users/18/ldestailleur_200x200.jpg','','',NULL,'unknown',NULL,'2022-02-07 14:28:05','2022-02-07 13:28:05',12,NULL,NULL,NULL,NULL,1,NULL,NULL,NULL,NULL),
(157,'2fc59dfd4c4aeb1c63a969242ca1d6a8','e96eeee77f39a78a9316c22ea4f2ce86',NULL,NULL,1,'person2.jpeg','users/19','/home/ldestailleur/git/dolibarr_15.0/documents/users/19/person2.jpeg','','',NULL,'unknown',NULL,'2022-02-07 14:28:05','2022-02-07 13:28:05',12,NULL,NULL,NULL,NULL,1,NULL,NULL,NULL,NULL),
(158,'a96c060439bf6b1d42d8ff5c2dbb7eb5','bccbed4cf8228c7fd2d22206b5a8f592',NULL,NULL,1,'person9.jpeg','users/2','/home/ldestailleur/git/dolibarr_15.0/documents/users/2/person9.jpeg','','',NULL,'unknown',NULL,'2022-02-07 14:28:05','2022-02-07 13:28:05',12,NULL,NULL,NULL,NULL,1,NULL,NULL,NULL,NULL),
(159,'8f3535be740080fe1eeac5d7bdfc23f8','6fb1b02279e72873feb351539b07fff7',NULL,NULL,1,'pierrecurie.jpg','users/3','/home/ldestailleur/git/dolibarr_15.0/documents/users/3/pierrecurie.jpg','','',NULL,'unknown',NULL,'2022-02-07 14:28:05','2022-02-07 13:28:05',12,NULL,NULL,NULL,NULL,1,NULL,NULL,NULL,NULL),
(160,'737e0b7100ad24a8ff984d1bd9b85936','b9d41201db137d8dd35feaae616effc7',NULL,NULL,1,'person8.jpeg','users/4','/home/ldestailleur/git/dolibarr_15.0/documents/users/4/person8.jpeg','','',NULL,'unknown',NULL,'2022-02-07 14:28:05','2022-02-07 13:28:05',12,NULL,NULL,NULL,NULL,1,NULL,NULL,NULL,NULL),
(161,'d4539d675e7ff45acffd28924eb6c2a3','673d0d188d5f717af314003984f6c2c4',NULL,NULL,1,'Capture du 2022-10-24 15-24-06.png','ecm/Administrative documents','Capture du 2022-10-24 15-24-06.png','','',NULL,'uploaded',NULL,'2022-12-13 16:20:21','2022-12-13 15:20:21',12,NULL,NULL,NULL,NULL,1,NULL,NULL,NULL,NULL),
(162,'fb57173deaf37ee4e9b6b984d9e80e90','43a4079b27cc2a09907d3e79f8da68c0',NULL,NULL,1,'ER1912-0001-Capture du 2022-12-08 10-44-25.png','expensereport/ER1912-0001','Capture du 2022-12-08 10-44-25.png','','',NULL,'uploaded',NULL,'2022-12-19 11:47:20','2022-12-19 10:47:20',12,NULL,NULL,NULL,NULL,3,'expensereport',2,NULL,NULL),
(163,'0a7b39a60946163614b71b7471921af3','43a4079b27cc2a09907d3e79f8da68c0',NULL,NULL,1,'(PROV3)-Capture du 2022-12-08 10-44-25.png','expensereport/(PROV3)','Capture du 2022-12-08 10-44-25.png','','',NULL,'uploaded',NULL,'2022-12-19 11:47:47','2022-12-19 10:47:47',12,NULL,NULL,NULL,NULL,1,'expensereport',3,NULL,NULL),
(164,'dae1069ad775eb3349eca3acbb67e403','af6edb4adfdc8217ed85c7ddcff0e3e3',NULL,NULL,1,'(PROV3).pdf','expensereport/(PROV3)','','','',NULL,'generated',NULL,'2022-12-19 11:47:59','2022-12-19 12:02:55',12,12,NULL,NULL,NULL,2,'expensereport',3,NULL,NULL),
(165,'4b5eeeadb168acf0aad7232e2ade801c','3ae4e0601cbde99ae7609a4b324e6a26',NULL,NULL,1,'SEPA Mandate 19-Morgan Bank-RUM1301-0008-0.pdf','societe/19','/home/ldestailleur/git/dolibarr_17.0/documents/societe/19/SEPA Mandate 19-Morgan Bank-RUM1301-0008-0.pdf','','',NULL,'unknown',NULL,'2022-12-28 01:07:44','2022-12-28 00:07:44',12,NULL,NULL,NULL,NULL,1,NULL,NULL,NULL,NULL),
(166,'48b31fa465e105c1054f0cf682b77e44','2eb964c7e11ae42d87ba62933a56908d',NULL,NULL,1,'SH1302-0001.pdf','expedition/sending/SH1302-0001','/home/ldestailleur/git/dolibarr_17.0/documents/expedition/sending/SH1302-0001/SH1302-0001.pdf','','',NULL,'unknown',NULL,'2022-12-31 09:54:40','2022-12-31 08:54:40',12,NULL,NULL,NULL,NULL,1,NULL,NULL,NULL,NULL),
(167,'4cc45b89255c7c9c5fac40ad5d00e117','f344360469ebcacfeda61d224ae2a1f4','7O1J4B8Ibczy45IofEoR0w839GcTUnrY',NULL,1,'FA1007-0002.pdf','facture/FA1007-0002','','','',NULL,'generated',NULL,'2023-01-02 15:40:38','2025-04-09 15:22:53',12,12,NULL,NULL,NULL,1,'facture',2,NULL,NULL),
(168,'8fa4485a4db728c4277c4e4bf599e0eb','b051bcf4554d2e4ba2567938cd9025f8',NULL,NULL,1,'Capture du 2022-09-15 04-38-12.png','societe/31','Capture du 2022-09-15 04-38-12.png','','',NULL,'uploaded',NULL,'2023-01-02 15:49:27','2023-01-02 14:49:27',12,NULL,NULL,NULL,NULL,1,'societe',31,NULL,NULL),
(169,'d4b8c216a633af4a51a843fba802f019','89f1096d6f0201479f21301afdd3e6f7',NULL,NULL,1,'Capture du 2022-09-15 04-34-58.png','societe/31','Capture du 2022-09-15 04-34-58.png','','',NULL,'uploaded',NULL,'2023-01-02 15:50:10','2023-01-02 14:50:10',12,NULL,NULL,NULL,NULL,2,'societe',31,NULL,NULL),
(170,'d88d7580be255906a1ce3310c36e5d65','b37bffe30e4de665dcdaf29d547f5120','rDvvSyPU2iOiJB4027mPHx3Yo86Y9t2e',NULL,1,'FA2301-0029.pdf','facture/FA2301-0029','','','',NULL,'generated',NULL,'2023-01-18 07:53:59','2024-12-20 14:11:40',12,12,NULL,NULL,NULL,1,'facture',232,NULL,NULL),
(171,'2c55368b05e8db4c301f03601cabcd58','7a4444cc85b45bbfdf840ebf1f70a67c','3b6Y1FFFg3Z4uV64VvAtnpv74fbIS7Sn',NULL,1,'AV2301-0004.pdf','facture/AV2301-0004','','','',NULL,'generated',NULL,'2023-01-18 07:54:23','2024-12-20 14:11:39',12,12,NULL,NULL,NULL,1,'facture',233,NULL,NULL),
(172,'42e266a8e9057eeea24971bbcf78d12d','fe4b6a7d3077be748560b642d306831d',NULL,NULL,1,'PINKDRESS-CLOUD-20GO-CLOUD-GO-database.svg','produit/PINKDRESS','CLOUD-20GO-CLOUD-GO-database.svg','','',NULL,'uploaded',NULL,'2023-01-25 13:11:41','2023-01-25 16:13:15',12,12,NULL,NULL,NULL,2,'product',1,NULL,NULL),
(173,'77d83ef4bc57923fe370a6933fd28c5e','f497a468d413ddbee9bdf2a3c66fb128',NULL,NULL,1,'PINKDRESS-Capture du 2022-12-10 03-10-22.png','produit/PINKDRESS','Capture du 2022-12-10 03-10-22.png','','',NULL,'uploaded',NULL,'2023-01-25 13:37:00','2023-01-25 12:37:00',12,NULL,NULL,NULL,NULL,3,'product',1,NULL,NULL),
(175,'bb4d94e083feb3285f41da7c9c060529','346a23d250e58eba51f06cf1be24bcab',NULL,NULL,1,'courrier_consult.odt','societe/12','/home/ldestailleur/git/dolibarr_17.0/documents/societe/12/courrier_consult.odt','','',NULL,'unknown',NULL,'2023-02-10 20:41:07','2023-02-10 19:41:07',12,NULL,NULL,NULL,NULL,1,NULL,NULL,NULL,NULL),
(176,'a96e485d9af0fc487673655abf88b851','b8175f68c67c26e6062b21a939dd90dc',NULL,NULL,1,'radiography2-knee.jpg','societe/12','/home/ldestailleur/git/dolibarr_17.0/documents/societe/12/radiography2-knee.jpg','','',NULL,'unknown',NULL,'2023-02-10 20:41:07','2023-02-10 19:41:07',12,NULL,NULL,NULL,NULL,2,NULL,NULL,NULL,NULL),
(177,'dac4244f6109b3d98a36b69df4552989','1b66bb51194904ded8c2d8740c758b24',NULL,NULL,1,'radiography1.jpg','societe/12','/home/ldestailleur/git/dolibarr_17.0/documents/societe/12/radiography1.jpg','','',NULL,'unknown',NULL,'2023-02-10 20:41:07','2023-02-10 19:41:07',12,NULL,NULL,NULL,NULL,3,NULL,NULL,NULL,NULL),
(178,'9418463179edaaca443451ccbc67fd2d','fc972b7aa2114c06c04229de2b5ef971',NULL,NULL,1,'(PROV31).pdf','fournisseur/facture/1/3/(PROV31)','','','',NULL,'generated',NULL,'2023-02-11 08:27:18','2023-02-11 07:27:18',12,NULL,NULL,NULL,NULL,1,'facture_fourn',31,NULL,NULL),
(179,'487d1109ea6944e5610c14bf1d3b5732','1a03b68fea5f5dbad1a06491c5604d6c','DbDm9f2I8jZDabX1u0OBiIY710oJ7a0t',NULL,1,'FA2302-0030.pdf','facture/FA2302-0030','','','',NULL,'generated',NULL,'2023-02-15 13:05:18','2024-12-20 14:11:40',12,12,NULL,NULL,NULL,1,'facture',235,NULL,NULL),
(180,'49bd4712ea8525da6e4632e45d3e9ec2','26d7f4b8f811070d71406cbb9d9d3528','5m8OPjtYy47iDJ67M0ZlifIf9A6xWyF2',NULL,1,'FA2302-0031.pdf','facture/FA2302-0031','','','',NULL,'generated',NULL,'2023-02-15 13:17:28','2024-12-20 14:11:40',12,12,NULL,NULL,NULL,1,'facture',236,NULL,NULL),
(181,'9e6cc80ac2f941a296e86d4822bd6bdb','b7faf8658f7d936e544354471dcfb10a',NULL,NULL,1,'SI2302-0008.pdf','fournisseur/facture/2/3/SI2302-0008','','','',NULL,'generated',NULL,'2023-02-15 13:18:16','2023-02-15 16:54:52',12,12,NULL,NULL,NULL,1,'facture_fourn',32,NULL,NULL),
(182,'460b7451230ec043c5183cc94553ca6f','0cc4d61f47456461aed99cbe6d575dfe',NULL,NULL,1,'Capture du 2023-01-09 15-02-55.png','societe/34','Capture du 2023-01-09 15-02-55.png','','',NULL,'uploaded',NULL,'2023-02-18 10:12:23','2023-02-18 13:12:44',12,12,NULL,NULL,NULL,1,'societe',34,NULL,NULL),
(183,'0a7e0d55a51dec7f5f6d00ce27933140','0c7f4b6951275770a84e9ee116f125cf',NULL,NULL,1,'PJ1912-0007.pdf','projet/PJ1912-0007','','','',NULL,'generated',NULL,'2023-02-19 12:27:27','2023-02-19 11:27:27',12,NULL,NULL,NULL,NULL,1,'projet',12,NULL,NULL),
(185,'a6f37389a9a95edea17b099b12b553e5','edc6b6bfc313761666c48e3417f6abe7',NULL,NULL,1,'PROJ2.pdf','projet/PROJ2','','','',NULL,'generated',NULL,'2023-02-19 13:00:55','2023-02-19 12:00:55',12,NULL,NULL,NULL,NULL,1,'projet',2,NULL,NULL),
(187,'def4773bd3e07b1a53aa6e4284562b13','21856d834af66d4c13213952bbefeb3b','ZvNZi6nKpdQo6w82HJ6G0EJjW5392wox',NULL,1,'PR2001-0034_signed-20230301175708.pdf','propale/PR2001-0034','','','',NULL,'generated',NULL,'2023-03-01 17:57:08','2023-03-01 16:57:08',0,NULL,NULL,NULL,NULL,2,'propal',36,NULL,NULL),
(188,'b08a650f98894bcc7d91169c1664c5ba','52b3dda0e8dd55021821610925a3bfca','rQbV5hBL51uDQ7ksuVRo91x7d7X1XN5q',NULL,1,'PR2001-0034_signed-20230301180438.pdf','propale/PR2001-0034','','','',NULL,'generated',NULL,'2023-03-01 18:04:38','2023-03-01 17:04:38',0,NULL,NULL,NULL,NULL,3,'propal',36,NULL,NULL),
(189,'bf9f0ec9a5eef5fde6ff4126c5e4e70b','a9485cd9132f0c6e590297c1ce00a921','iTvfs60YEUUM60Og60a9yZTxLs0Ovj53',NULL,1,'PR2001-0034_signed-20230301180515.pdf','propale/PR2001-0034','','','',NULL,'generated',NULL,'2023-03-01 18:05:15','2023-03-01 17:05:15',0,NULL,NULL,NULL,NULL,4,'propal',36,NULL,NULL),
(198,'a58f03017453c9ac9ffd22962c0def62','4caf6067b8a761fa4094e4bbb9528831',NULL,NULL,1,'PR2001-0034_signed-20230301180725.pdf','propale/PR2001-0034','/home/ldestailleur/git/dolibarr_17.0/documents/propale/PR2001-0034/PR2001-0034_signed-20230301180725.pdf','','',NULL,'unknown',NULL,'2023-03-01 18:12:37','2023-03-01 17:12:37',12,NULL,NULL,NULL,NULL,5,NULL,NULL,NULL,NULL),
(199,'2711a101a7b6a2d34ed0b02f7dea8dfe','5c4220b3608a26df181583131fb31465',NULL,NULL,1,'PR2001-0034_signed-20230301180701.pdf','propale/PR2001-0034','/home/ldestailleur/git/dolibarr_17.0/documents/propale/PR2001-0034/PR2001-0034_signed-20230301180701.pdf','','',NULL,'unknown',NULL,'2023-03-01 18:12:37','2023-03-01 17:12:37',12,NULL,NULL,NULL,NULL,6,NULL,NULL,NULL,NULL),
(200,'d040c9649191aa8f2790745a5d13c34f','60daa84eaf8c8b93ba292372e72f0ece',NULL,NULL,1,'PR2001-0034_signed-20230301180656.pdf','propale/PR2001-0034','/home/ldestailleur/git/dolibarr_17.0/documents/propale/PR2001-0034/PR2001-0034_signed-20230301180656.pdf','','',NULL,'unknown',NULL,'2023-03-01 18:12:37','2023-03-01 17:12:37',12,NULL,NULL,NULL,NULL,7,NULL,NULL,NULL,NULL),
(201,'ab7f8aa08afdd8d3bf396c80ebfafeb1','602d8304d3f64c1db3a084b53421beba',NULL,NULL,1,'PR2001-0034_signed-20230301180655.pdf','propale/PR2001-0034','/home/ldestailleur/git/dolibarr_17.0/documents/propale/PR2001-0034/PR2001-0034_signed-20230301180655.pdf','','',NULL,'unknown',NULL,'2023-03-01 18:12:37','2023-03-01 17:12:37',12,NULL,NULL,NULL,NULL,8,NULL,NULL,NULL,NULL),
(202,'056d2b5da28482207ca299b3974a49d6','f83351b97485ca7bd2befe1ab2b203d8',NULL,NULL,1,'PR2001-0034_signed-20230301180612.pdf','propale/PR2001-0034','/home/ldestailleur/git/dolibarr_17.0/documents/propale/PR2001-0034/PR2001-0034_signed-20230301180612.pdf','','',NULL,'unknown',NULL,'2023-03-01 18:12:37','2023-03-01 17:12:37',12,NULL,NULL,NULL,NULL,9,NULL,NULL,NULL,NULL),
(203,'b2983939700afa2815691514a2b8d45c','1b37c99d704e695f5a8c26c7c31eee15',NULL,NULL,1,'PR2001-0034_signed-20230301180546.pdf','propale/PR2001-0034','/home/ldestailleur/git/dolibarr_17.0/documents/propale/PR2001-0034/PR2001-0034_signed-20230301180546.pdf','','',NULL,'unknown',NULL,'2023-03-01 18:12:37','2023-03-01 17:12:37',12,NULL,NULL,NULL,NULL,10,NULL,NULL,NULL,NULL),
(204,'39a88295c2c9906a86768b14fc50f9ef','38c27236237bf380c81084fe39aa2e68','nQ4OkoUQ6LKS6M0u9uBW6wH4t9ad8zw9',NULL,1,'PR2001-0034_signed-20230301181253.pdf','propale/PR2001-0034','','','',NULL,'generated',NULL,'2023-03-01 18:12:53','2023-03-01 17:12:53',0,NULL,NULL,NULL,NULL,11,'propal',36,NULL,NULL),
(205,'983830646ec7535329beb99b002a85dc','9e49c50e72bba937f2ef56b23b533fc6','Q1SBDa7TOY93xPK8Wcnatm2c39kaVp00',NULL,1,'PR2001-0034_signed-20230301181456.pdf','propale/PR2001-0034','','','',NULL,'generated',NULL,'2023-03-01 18:14:56','2023-03-01 17:14:56',0,NULL,NULL,NULL,NULL,12,'propal',36,NULL,NULL),
(206,'8eff4686b7ccc6946da381dffa5ddb6c','cd332945b25bb087a22f64b85090da2d','7c0GGE6F34ZlDu39O96wr2sZzXEbrfnP',NULL,1,'PR2001-0034_signed-20230301181609.pdf','propale/PR2001-0034','','','',NULL,'generated',NULL,'2023-03-01 18:16:09','2023-03-01 17:16:09',0,NULL,NULL,NULL,NULL,13,'propal',36,NULL,NULL),
(207,'37e1041d44a46876b67b5fd8d7e017da','1d55a29f3897f83a6e91a0d5e5a9d59e','4Bi981uPszbnyG8S7IwhP48Y3Dw4PSJv',NULL,1,'PR2001-0034_signed-20230301181735.pdf','propale/PR2001-0034','','','',NULL,'generated',NULL,'2023-03-01 18:17:35','2023-03-01 17:17:35',0,NULL,NULL,NULL,NULL,14,'propal',36,NULL,NULL),
(208,'71e7c8bba0e1ee699ba3783930906b26','b467b2d857a73dea324780fb616a0996','f2fQ7Ay0qpft83BMIZ6n0F203RaiyYOA',NULL,1,'PR2001-0034_signed-20230301181746.pdf','propale/PR2001-0034','','','',NULL,'generated',NULL,'2023-03-01 18:17:46','2023-03-01 17:17:46',0,NULL,NULL,NULL,NULL,15,'propal',36,NULL,NULL),
(209,'08c308c3337650c233290365cc2bec55','5111d19b2d8c30388fcbcd91a94c69c9','6aAbhzq4iPURHIKq19c5mT82WHfp93O4',NULL,1,'PR2001-0034_signed-20230301181954.pdf','propale/PR2001-0034','','','',NULL,'generated',NULL,'2023-03-01 18:19:54','2023-03-01 17:19:54',0,NULL,NULL,NULL,NULL,16,'propal',36,NULL,NULL),
(210,'f1b391abb6b293535cf60d4330fb7430','afe50d77a469088e24836b2c1ebbbf6c','oGR2h02DIXYHjIAl5E5g5irlr3Dr682w',NULL,1,'PR2001-0034_signed-20230301182121.pdf','propale/PR2001-0034','','','',NULL,'generated',NULL,'2023-03-01 18:21:21','2023-03-01 17:21:21',0,NULL,NULL,NULL,NULL,17,'propal',36,NULL,NULL),
(211,'5fb7c3f7d54be9336c79613be07dfa77','86b25f777a6ba52dd046d632d8067ba7','P6G7gAUehiZ8KugM5jgz2s0RP91w15ZA',NULL,1,'PR2001-0034_signed-20230301182201.pdf','propale/PR2001-0034','','','',NULL,'generated',NULL,'2023-03-01 18:22:01','2023-03-01 17:22:01',0,NULL,NULL,NULL,NULL,18,'propal',36,NULL,NULL),
(212,'c20a508e39a365ed8102835fb01265d3','9e1c7f8a3a7f8e9a49011658ce5aa31f','JBUCi7yO1lF0e25nr533kku2JkCKIA8b',NULL,1,'PR2001-0034_signed-20230301182223.pdf','propale/PR2001-0034','','','',NULL,'generated',NULL,'2023-03-01 18:22:23','2023-03-01 17:22:23',0,NULL,NULL,NULL,NULL,19,'propal',36,NULL,NULL),
(213,'a1a39b4f7320fdd40e1b22a5e912a488','1c64610ebc6fa67aa32579eb6f054996','o7tw5323fVobs5fQk64FB32GGnaYNFKL',NULL,1,'PR2001-0034_signed-20230301183642.pdf','propale/PR2001-0034','','','',NULL,'generated',NULL,'2023-03-01 18:36:42','2023-03-01 17:36:42',0,NULL,NULL,NULL,NULL,20,'propal',36,NULL,NULL),
(214,'6adea930cb9c5cfc05b4ff0f203147b8','83f20f8ebc8aff5b70657bc4bd15d18b','yDst5s66NKKrrxt8DFNbU3D3ox150K1Z',NULL,1,'PR2001-0034_signed-20230301184048.pdf','propale/PR2001-0034','','','',NULL,'generated',NULL,'2023-03-01 18:40:48','2023-03-01 17:40:48',0,NULL,NULL,NULL,NULL,21,'propal',36,NULL,NULL),
(215,'496f1e55a189cebe00b8693a96e43ba1','7f7919c63fbf5fe928b219200d002b82','1yhl2ZIRDg8YP8h1FX2lf1DUwrp6H4x7',NULL,1,'PR2001-0034_signed-20230301185526.pdf','propale/PR2001-0034','','','',NULL,'generated',NULL,'2023-03-01 18:55:26','2023-03-01 17:55:26',0,NULL,NULL,NULL,NULL,22,'propal',36,NULL,NULL),
(216,'722101777ce25f3fe34ce426d493acc2','57db2876db34f470ec5d2b5902851ca8','StW228q75jPC56jUKUwa4gVtc4ksQPR9',NULL,1,'PR2001-0034_signed-20230301185612.pdf','propale/PR2001-0034','','','',NULL,'generated',NULL,'2023-03-01 18:56:12','2023-03-01 17:56:12',0,NULL,NULL,NULL,NULL,23,'propal',36,NULL,NULL),
(219,'dda26ac64afd989b9168bcf85ebbc288','4870eb624c2e9b5e0a80e96ca9338dab','j4D1yzpvh87jkLWXsP9NI99E5wAdXU73',NULL,1,'PR2001-0034_signed-20230301190544.pdf','propale/PR2001-0034','','','',NULL,'generated',NULL,'2023-03-01 19:05:44','2023-03-01 18:05:44',0,NULL,NULL,NULL,NULL,25,'propal',36,NULL,NULL),
(220,'d1bbc725428675a342715d75cbf80a35','',NULL,NULL,1,'PR2001-0034 (copie).pdf','propale/PR2001-0034','/home/ldestailleur/git/dolibarr_17.0/documents/propale/PR2001-0034/PR2001-0034 (copie).pdf','','',NULL,'unknown',NULL,'2023-03-01 19:11:26','2023-03-01 18:11:26',12,NULL,NULL,NULL,NULL,26,NULL,NULL,NULL,NULL),
(221,'461a5406afbb14cf33407703c3a131fc','64e1325d36635b4d5655fb64f8fc9555','M4RyK0vECMsPdM6jx5g6K3Qdi58je7L9',NULL,1,'PR2001-0034_signed-20230301191202.pdf','propale/PR2001-0034','','','',NULL,'generated',NULL,'2023-03-01 19:12:02','2023-03-01 18:12:02',0,NULL,NULL,NULL,NULL,27,'propal',36,NULL,NULL),
(222,'ca4a40ede51d637d071dc19370bdacc3','3323e9bb0446a96fa28cfbef38c199e9','KP8S3k1bhHp9yY040M6DpaXpPw8Am2Ic',NULL,1,'PR2001-0034_signed-20230301192033.pdf','propale/PR2001-0034','','','',NULL,'generated',NULL,'2023-03-01 19:20:33','2023-03-01 18:20:33',0,NULL,NULL,NULL,NULL,28,'propal',36,NULL,NULL),
(223,'c234948d362cfdc9fa975994e6b34bca','0a8fc67071402fbb554b654d51ce701e','oU0ef8Vk6dw7B3W3SOW8MdlgY41gL8Hf',NULL,1,'PR2001-0034_signed-20230301192113.pdf','propale/PR2001-0034','','','',NULL,'generated',NULL,'2023-03-01 19:21:13','2023-03-01 18:21:13',0,NULL,NULL,NULL,NULL,29,'propal',36,NULL,NULL),
(224,'19f6d84df1f1b09cfbc99e39b0a74eba','362c0ab21f3b744e4bc003ed038b5abc','TH9FpMB5Mm9ojTL06p17o57jGgbYkjT2',NULL,1,'PR2001-0034_signed-20230301192914.pdf','propale/PR2001-0034','','','',NULL,'generated',NULL,'2023-03-01 19:29:14','2023-03-01 18:29:14',0,NULL,NULL,NULL,NULL,30,'propal',36,NULL,NULL),
(225,'49f56c7a914463b8a8308ce68c31a68a','86b11567a4d7913dd5b948b2196050cf','zXEynCUv61Y4e1F44kuuUsIk95Q2MqH1',NULL,1,'PR2001-0034_signed-20230301193338.pdf','propale/PR2001-0034','','','',NULL,'generated',NULL,'2023-03-01 19:33:38','2023-03-01 18:33:38',0,NULL,NULL,NULL,NULL,31,'propal',36,NULL,NULL),
(226,'f97d39e57a3f744b67766f6025273701','29c2f5652696ad11f05ecbbceb5af8dc','42P6pVQ77rG7a2IvKGp8mNzpsHA3ivN5',NULL,1,'PR2001-0034_signed-20230301193350.pdf','propale/PR2001-0034','','','',NULL,'generated',NULL,'2023-03-01 19:33:50','2023-03-01 18:33:50',0,NULL,NULL,NULL,NULL,32,'propal',36,NULL,NULL),
(227,'85f73573c4c5b0b8918bbba77ef6a221','17819e4d539bd6a7ce9430a570c1bc34','9n6idqZU8EvIDz5E9L1W6G5gu6SbqU8r',NULL,1,'PR2001-0034_signed-20230301193419.pdf','propale/PR2001-0034','','','',NULL,'generated',NULL,'2023-03-01 19:34:19','2023-03-01 18:34:19',0,NULL,NULL,NULL,NULL,33,'propal',36,NULL,NULL),
(228,'d8e7a83b2b38f3de9df5d9cb7c232ccd','3c1cef718421d59d838c0a0a7a805a59','kY94z7AUY6hdzPM1fZ6g4XV7HCrx9r6b',NULL,1,'PR2001-0034_signed-20230301193608.pdf','propale/PR2001-0034','','','',NULL,'generated',NULL,'2023-03-01 19:36:08','2023-03-01 18:36:08',0,NULL,NULL,NULL,NULL,34,'propal',36,NULL,NULL),
(229,'755d2cfd376c82de733bbb137786ea10','7edd9a42e29219ceaab3f7129152d73f',NULL,NULL,1,'CO2201-0028.pdf','commande/CO2201-0028','','','',NULL,'generated',NULL,'2023-03-01 19:37:34','2023-03-01 18:37:34',12,NULL,NULL,NULL,NULL,1,'commande',98,NULL,NULL),
(230,'ddea0efaa5897becc3477a6753d0fe1d','a7164f8ac6026a3e882034886d191bd3','yDQbdCKm77F3aRM24h1nT8mEy8RwFu49',NULL,1,'PR2001-0034_signed-20230301193748.pdf','propale/PR2001-0034','','','',NULL,'generated',NULL,'2023-03-01 19:37:48','2023-03-01 18:37:48',0,NULL,NULL,NULL,NULL,35,'propal',36,NULL,NULL),
(231,'2fc20f55644ff6aad418066ee0f75e7b','1963c8cebe3b1ccfc714e9edfc416948','7ALBI40Jx8ct3u83jmSF7KlRr90urXFm',NULL,1,'PR2001-0034_signed-20230301194005.pdf','propale/PR2001-0034','','','',NULL,'generated',NULL,'2023-03-01 19:40:05','2023-03-01 18:40:05',0,NULL,NULL,NULL,NULL,36,'propal',36,NULL,NULL),
(232,'af8ae75ff76f2d6563d049e4c7b32f5c','7d90b6c852d46b73191c419c00e7d660','WBjCy7zB67nl3a3utI8Pz26N4H9LdAxU',NULL,1,'PR2001-0034_signed-20230301194423.pdf','propale/PR2001-0034','','','',NULL,'generated',NULL,'2023-03-01 19:44:23','2023-03-01 18:44:23',0,NULL,NULL,NULL,NULL,37,'propal',36,NULL,NULL),
(233,'cbd663e7a1089a7fbf1e296c3dbbe053','2626ccab46665138cf62755005979b30','37bEO4HTgx4t94BJakp2TtzXPTveT189',NULL,1,'PR2001-0034_signed-20230301194444.pdf','propale/PR2001-0034','','','',NULL,'generated',NULL,'2023-03-01 19:44:44','2023-03-01 18:44:44',0,NULL,NULL,NULL,NULL,38,'propal',36,NULL,NULL),
(234,'1f0e84c29eaa09a58b433523926397f7','673582e7a4cbc581d0e4a53d9b1437b5','ouI5J58nRc8qIeHl07H527SZbMNe7hgW',NULL,1,'PR2001-0034_signed-20230301194613.pdf','propale/PR2001-0034','','','',NULL,'generated',NULL,'2023-03-01 19:46:13','2023-03-01 18:46:13',0,NULL,NULL,NULL,NULL,39,'propal',36,NULL,NULL),
(235,'5de22a292d7edb831ff76eacef8ea2fa','367ec8d348b23591da89a03a3a87d8b2','BMahw6g2Ax89uj03U0A0YmcA8WsHOv4Z',NULL,1,'PR2001-0034_signed-20230301195008.pdf','propale/PR2001-0034','','','',NULL,'generated',NULL,'2023-03-01 19:50:08','2023-03-01 18:50:08',0,NULL,NULL,NULL,NULL,40,'propal',36,NULL,NULL),
(236,'8cace25cd53ae7e0f42ea6d1266ac095','3391e363b57dd4c93895f243722f61ef','AzhPWh9Qw5F9wZ06G82k1xCEwj9E6Esd',NULL,1,'PR2001-0034_signed-20230301195024.pdf','propale/PR2001-0034','','','',NULL,'generated',NULL,'2023-03-01 19:50:24','2023-03-01 18:50:24',0,NULL,NULL,NULL,NULL,41,'propal',36,NULL,NULL),
(237,'80b43e391c5bb6deb61df4adcd6860ed','7874157bdef8cc839ddb79894fc3be60',NULL,NULL,1,'CONTRAT1.pdf','contract/CONTRAT1','','','',NULL,'generated',NULL,'2023-03-02 08:57:07','2023-03-02 12:10:38',12,12,NULL,NULL,NULL,1,'contrat',2,NULL,NULL),
(238,'fa472c2e52f63ce901b2345caeebc8d0','a0f4045b1dfca438821d0933773faf16','ZsRs5wA9DP8s9StMn0J76lBo8j9M9nlB',NULL,1,'FA2303-0032.pdf','facture/FA2303-0032','','','',NULL,'generated',NULL,'2023-03-02 13:11:35','2024-12-20 14:11:40',12,12,NULL,NULL,NULL,1,'facture',237,NULL,NULL),
(239,'9e5c470e9490ca0a5ac1a06f7519d0eb','7be8d5e55fa0677ad24ae8e604ad912b','5e3leAlJ9C12c3U9ncuMP4CeVLlC9l7V',NULL,1,'FA2303-0033.pdf','facture/FA2303-0033','','','',NULL,'generated',NULL,'2023-03-02 13:20:59','2024-12-20 14:11:40',12,12,NULL,NULL,NULL,1,'facture',238,NULL,NULL),
(240,'b5a17961af6d0621553099458dae0d7f','182033dbc07f397018d94f3f13d305c3','6R6jLtH9fDBm05l7KsMM8Pani5X1c4Zu',NULL,1,'(PROV39).pdf','propale/(PROV39)','','','',NULL,'generated',NULL,'2023-03-11 15:30:02','2024-12-20 14:17:38',12,12,NULL,NULL,NULL,1,'propal',39,NULL,NULL),
(241,'055b8712e30075658f8cb1c2005b8941','fc368c499924e86248f05870a4242029',NULL,NULL,1,'(PROV100).pdf','commande/(PROV100)','','','',NULL,'generated',NULL,'2023-03-11 15:54:25','2023-03-11 18:54:38',12,12,NULL,NULL,NULL,1,'commande',100,NULL,NULL),
(242,'2afe5e19579b1b001e9c960adc520fae','13da4301f523251340725a88725fe98a',NULL,NULL,1,'FI1511-0003.pdf','ficheinter/FI1511-0003','/home/ldestailleur/git/dolibarr_17.0/documents/ficheinter/FI1511-0003/FI1511-0003.pdf','','',NULL,'unknown',NULL,'2023-03-15 08:24:06','2023-03-15 07:24:06',12,NULL,NULL,NULL,NULL,1,NULL,NULL,NULL,NULL),
(243,'0d7ea7cdf9a35a263c0943431e4a4edf','34dafdc09c74ec91247d1034d31e2c4c',NULL,NULL,1,'FI1007-0001.pdf','ficheinter/FI1007-0001','/home/ldestailleur/git/dolibarr_17.0/documents/ficheinter/FI1007-0001/FI1007-0001.pdf','','',NULL,'unknown',NULL,'2023-03-15 08:24:06','2023-03-15 07:24:06',12,NULL,NULL,NULL,NULL,1,NULL,NULL,NULL,NULL),
(244,'c02e361c56a6c2a0f0e73b7a44bab804','35ffeda1a34cd27b75771d38b28554b8','G21LdH308dpT043eyGnmpN13rKSVkAzQ',NULL,1,'(PROV239).pdf','facture/(PROV239)','','','',NULL,'generated',NULL,'2023-03-15 08:56:05','2024-12-20 14:11:39',12,12,NULL,NULL,NULL,1,'facture',239,NULL,NULL),
(245,'8b39214a6210ab9fd71e9883387410ef','c0aa95a0f3921e48f5ab9fd2b5d5deb0','29NMweLzU9s1T7Na2o4en7d1V8mMdSGM',NULL,1,'(PROV240).pdf','facture/(PROV240)','','','',NULL,'generated',NULL,'2023-03-15 09:44:36','2024-12-20 14:11:39',12,12,NULL,NULL,NULL,1,'facture',240,NULL,NULL),
(246,'14eea962fb99dc6dd8ca4474c519f837','973b1603b5eb01aac97eb2d911f4c341',NULL,NULL,1,'pinkdressproduct.jpg','produit/PINKDRESS','/home/ldestailleur/git/dolibarr_18.0/documents/produit/PINKDRESS/pinkdressproduct.jpg','','',NULL,'unknown',NULL,'2023-08-13 15:51:08','2023-08-13 13:51:08',12,NULL,NULL,NULL,NULL,4,NULL,NULL,NULL,NULL),
(248,'86ba3b4231db5f42a3e1e6b8e682709f','77b6646dc5e8d2e69f576d62b1e50720',NULL,NULL,1,'bordereau-CHK2308-0002.pdf','bank/checkdeposits/CHK2308-0002','/home/ldestailleur/git/dolibarr_18.0/documents/bank/checkdeposits/CHK2308-0002/bordereau-CHK2308-0002.pdf','','',NULL,'unknown',NULL,'2023-08-15 13:00:41','2023-08-15 11:00:41',12,NULL,NULL,NULL,NULL,1,NULL,NULL,NULL,NULL),
(249,'55ad90fa05907624643908d9d27073f6','2da381f0d0f7617e1083924c44f06291','o7KzCb6td9VU9TKu61JN8ApwkOLe1t94',NULL,1,'AC2301-0005.pdf','facture/AC2301-0005','','','',NULL,'generated',NULL,'2023-08-15 13:29:54','2024-12-20 14:11:39',12,0,NULL,NULL,NULL,1,'facture',222,NULL,NULL),
(250,'46b0dce34050716a5af04de63a0e5d1a','89f1096d6f0201479f21301afdd3e6f7',NULL,NULL,1,'PINKDRESS-Capture du 2022-09-15 04-34-58.png','produit/PINKDRESS','/home/ldestailleur/git/dolibarr_20.0/documents/produit/PINKDRESS/PINKDRESS-Capture du 2022-09-15 04-34-58.png','','',NULL,'unknown',NULL,'2024-06-20 11:38:00','2024-06-20 09:38:00',12,NULL,NULL,NULL,NULL,5,NULL,NULL,NULL,NULL),
(251,'f619ac226a262f9048caf0b90b4656ac','b8a09d1ebf44ab3fdae4a0b6e96e4ae3',NULL,NULL,1,'PINKDRESS-dolicloud_avent_saas.png','produit/PINKDRESS','/home/ldestailleur/git/dolibarr_20.0/documents/produit/PINKDRESS/PINKDRESS-dolicloud_avent_saas.png','','',NULL,'unknown',NULL,'2024-06-20 11:38:00','2024-06-20 09:38:00',12,NULL,NULL,NULL,NULL,6,NULL,NULL,NULL,NULL),
(252,'b47ee444d53f17a562850c48e0234c14','d867e575e6cef6a5e3d967e4c4e2fd16',NULL,NULL,1,'PINKDRESS-1.jpg','produit/PINKDRESS','/home/ldestailleur/git/dolibarr_20.0/documents/produit/PINKDRESS/PINKDRESS-1.jpg','','',NULL,'unknown',NULL,'2024-06-20 11:38:00','2024-06-20 09:38:00',12,NULL,NULL,NULL,NULL,7,NULL,NULL,NULL,NULL),
(253,'e32e034300b24464b833575adbbd56f7','6a42df2e0a5c97ecd67b77dda21333b7',NULL,NULL,1,'PJ1607-0001.pdf','projet/PJ1607-0001','/home/ldestailleur/git/dolibarr_20.0/documents/projet/PJ1607-0001/PJ1607-0001.pdf','','',NULL,'unknown',NULL,'2024-06-20 14:10:20','2024-06-20 12:10:20',12,NULL,NULL,NULL,NULL,1,NULL,NULL,NULL,NULL),
(254,'f8dafe8a7d427c1f33ce628b63f3660e','ed95d1fb2f54a72cdb2389c029f1271b',NULL,NULL,1,'person4.jpeg','users/11','/home/ldestailleur/git/dolibarr_20.0/documents/users/11/person4.jpeg','','',NULL,'unknown',NULL,'2024-06-21 23:39:45','2024-06-21 21:39:45',12,NULL,NULL,NULL,NULL,2,NULL,NULL,NULL,NULL),
(255,'f580df48354f013c34061ebc175a2365','c8d1a36a90114207cd35e993dedab71e',NULL,NULL,1,'PEARPIE-Capture du 2024-05-24 16-27-59.png','produit/PEARPIE','/home/ldestailleur/git/dolibarr_20.0/documents/produit/PEARPIE/PEARPIE-Capture du 2024-05-24 16-27-59.png','','',NULL,'unknown',NULL,'2024-06-21 23:44:23','2024-06-21 21:44:23',12,NULL,NULL,NULL,NULL,2,NULL,NULL,NULL,NULL),
(256,'430c7a3e6abdfa983d8bb5ca872cc395','8722a8b1ab4d33e51963842219b4c662',NULL,NULL,1,'POS-CARROT-all-is-digital.png','produit/POS-CARROT','/home/ldestailleur/git/dolibarr_20.0/documents/produit/POS-CARROT/POS-CARROT-all-is-digital.png','','',NULL,'unknown',NULL,'2024-06-21 23:44:24','2024-06-21 21:44:24',12,NULL,NULL,NULL,NULL,2,NULL,NULL,NULL,NULL),
(257,'8d2fa6732e578f5f022aa72621071d0d','53813a0ebd7708024f713c78fa8eff5a',NULL,NULL,1,'POS-CARROT-images.jpeg','produit/POS-CARROT','/home/ldestailleur/git/dolibarr_20.0/documents/produit/POS-CARROT/POS-CARROT-images.jpeg','','',NULL,'unknown',NULL,'2024-06-21 23:44:24','2024-06-21 21:44:24',12,NULL,NULL,NULL,NULL,3,NULL,NULL,NULL,NULL),
(258,'725b73177fbc8d5ced139c1346661ece','339a6d4cf7782a39668c87e213afd0e8',NULL,NULL,1,'POS-CARROT-ai-isen.png','produit/POS-CARROT','/home/ldestailleur/git/dolibarr_20.0/documents/produit/POS-CARROT/POS-CARROT-ai-isen.png','','',NULL,'unknown',NULL,'2024-06-21 23:44:24','2024-06-21 21:44:24',12,NULL,NULL,NULL,NULL,4,NULL,NULL,NULL,NULL),
(259,'678f540f61a8780fad49767d614b4fc8','8245ba8e8e345655f06cd904d7d54f73',NULL,NULL,1,'COMP-XP4523-compxp4523product.jpg','produit/COMP-XP4523','/home/ldestailleur/git/dolibarr_20.0/documents/produit/COMP-XP4523/COMP-XP4523-compxp4523product.jpg','','',NULL,'unknown',NULL,'2024-06-21 23:49:28','2024-06-21 21:49:28',12,NULL,NULL,NULL,NULL,4,NULL,NULL,NULL,NULL),
(275,'f97c76122a08666c7bfcc1e52c4ab3a0','5da65b8a489d9893526aae697707728c','knY3h1xJ40WLi7mhc344VqrLOZV48fIL',NULL,1,'TC1-2611-0001.pdf','facture/TC1-2611-0001','','','',NULL,'generated',NULL,'2024-12-09 13:50:29','2024-12-20 14:11:40',12,12,NULL,NULL,NULL,1,'facture',219,NULL,NULL),
(276,'11270a7417b9aa4b9ca5792b1ea15ef3','d96e4dc743b7a7f3032b06edab5f48f9','fP69y7sB92kdwjHvtT4S9E8ID0S8cTPr',NULL,1,'FS1301-0002.pdf','facture/FS1301-0002','','','',NULL,'generated',NULL,'2024-12-09 13:57:30','2024-12-20 14:11:40',12,12,NULL,NULL,NULL,1,'facture',151,NULL,NULL),
(277,'792276e98e86c355b17133465d7d33ae','368f5df1851d0b3fb2ae69daa89e390b',NULL,NULL,1,'MO2001-0007_mo.odt','mrp/MO2001-0007','','','',NULL,'generated',NULL,'2024-12-13 16:32:26','2024-12-13 15:32:26',12,NULL,NULL,NULL,NULL,1,'mrp_mo',27,NULL,NULL),
(278,'e61e910509081e72ee8e1e5c3dc2d44d','51d0402ca90e09b9cc9eaebadbe98898',NULL,NULL,1,'BOM2301-0003_bom.odt','bom/BOM2301-0003','','','',NULL,'generated',NULL,'2024-12-13 16:37:02','2024-12-13 16:38:05',12,12,NULL,NULL,NULL,1,'bom_bom',8,NULL,NULL),
(279,'0c8afc018f85ee22d83c63706c2455c7','5d3c50f09203b5dd0e08cdffdcedfcb8',NULL,NULL,1,'MO2412-0008_mo.odt','mrp/MO2412-0008','','','',NULL,'generated',NULL,'2024-12-13 17:13:55','2024-12-13 18:41:39',12,12,NULL,NULL,NULL,1,'mrp_mo',30,NULL,NULL),
(280,'92608ed0296d9c0196f08475addec277','9ffcac88bd9006ed7cde57e9f5bd614b','938X3S0khZVl4xk3mQV5LpNn9CBlu4gW',NULL,1,'AC2412-0006.pdf','facture/AC2412-0006','','','',NULL,'generated',NULL,'2024-12-18 14:52:08','2024-12-20 14:11:39',12,12,NULL,NULL,NULL,1,'facture',243,NULL,NULL),
(281,'fde69ed4f9f1960d6463101e404787cb','6776000ce111b66e1a0f9cec7a6a4c22','PWg3W649wT4jboP9t7LgX0d9hyR0VBhX',NULL,1,'FA2412-0034.pdf','facture/FA2412-0034','','','',NULL,'generated',NULL,'2024-12-18 15:16:45','2024-12-20 14:11:40',12,12,NULL,NULL,NULL,1,'facture',244,NULL,NULL),
(282,'4e997f407da348196c3655d849720b5f','20d1e1f4e4a620990b93216d43fb7fcc','1JasQ6m20iHmk8YV4p4nZ10Yxg7LGdNA',NULL,1,'FA2412-0035.pdf','facture/FA2412-0035','','','',NULL,'generated',NULL,'2024-12-18 15:20:36','2024-12-20 14:11:40',12,12,NULL,NULL,NULL,1,'facture',245,NULL,NULL),
(283,'91ada9e453dede7aadcf1d1b43cc0d8f','808af9a560c318b379ae118802d9b38c','M0N4cQotcaajZ0S5HGlWeA3s4U526gJ7',NULL,1,'AC2412-0007.pdf','facture/AC2412-0007','','','',NULL,'generated',NULL,'2024-12-18 15:21:06','2024-12-20 14:11:39',12,12,NULL,NULL,NULL,1,'facture',246,NULL,NULL),
(284,'fa213d99da0395e8760e06f55964969a','6ddc76eb3428d52e1f951b9bbe896e4a','Fo2IVzpXWvNzWg521V5Sa9C7C81bfiq2',NULL,1,'(PROV40).pdf','propale/(PROV40)','','','',NULL,'generated',NULL,'2024-12-18 20:36:36','2024-12-20 14:17:38',12,0,NULL,NULL,NULL,1,'propal',40,NULL,NULL),
(285,'f53d4d938e70488f2c660386675ae65d','b222aa2f6f1e237bd7bde08ee95b4cd6','x99J905awip6qLXThnnQYL6xI6V4c9QM',NULL,1,'TC1-2401-0004.pdf','facture/TC1-2401-0004','','','',NULL,'generated',NULL,'2024-12-20 12:46:19','2025-05-10 12:41:31',0,12,NULL,NULL,NULL,1,'facture',234,NULL,NULL),
(286,'c610126dc8b86b0e594d47d6d17cd8c1','c7b5527e0f062301bd862f7633c89cc8','NwMQ1z7rIE0fB89ImhyK77lO1UV2jza0',NULL,1,'(PROV216).pdf','facture/(PROV216)','','','',NULL,'generated',NULL,'2024-12-20 12:46:19','2025-03-12 18:40:54',0,12,NULL,NULL,NULL,1,'facture',216,NULL,NULL),
(287,'5a865964ba7612ba69172438487a4ac1','89a0290c9812a0b8178e9fa570f3bfa1','XVe9CbqIIL15Gf122fMtbeajV18AF02j',NULL,1,'(PROV220).pdf','facture/(PROV220)','','','',NULL,'generated',NULL,'2024-12-20 12:46:19','2024-12-20 14:11:39',0,0,NULL,NULL,NULL,1,'facture',220,NULL,NULL),
(288,'16d22c372332839988c8685f2b998412','1616eb02ba1cb5612e5fffede3db5ad3','Yc14l1PPKewPlj5c9BvKi5x2BC195KTe',NULL,1,'(PROV223).pdf','facture/(PROV223)','','','',NULL,'generated',NULL,'2024-12-20 12:46:19','2024-12-20 14:11:39',0,0,NULL,NULL,NULL,1,'facture',223,NULL,NULL),
(289,'f2b6c449a450131c851d83a5d9d9a77e','262dc792393004ee364695ebd19b9efc','3Koi5nOa5Y8BYFCuaUxd3O46f66DAip5',NULL,1,'(PROV242).pdf','facture/(PROV242)','','','',NULL,'generated',NULL,'2024-12-20 12:46:19','2024-12-20 14:11:39',0,0,NULL,NULL,NULL,1,'facture',242,NULL,NULL),
(290,'077f344eed3d6caceb83cd6ba178dee1','3d9861f80d47265d5b4e9da02a9b4467','3jBPAKd6N9t67C2HXm9al47H8jvjJvjJ',NULL,1,'FA1303-0020.pdf','facture/FA1303-0020','','','',NULL,'generated',NULL,'2024-12-20 12:46:20','2024-12-20 14:11:40',0,0,NULL,NULL,NULL,1,'facture',211,NULL,NULL),
(291,'7a0250842a972af4756a489c2c8ba020','edeb576e7dab22f61eeebdbadc49301c','uU3oNla7dSAN687wjVEl9TuZ9paM88O1',NULL,1,'FA1909-0025.pdf','facture/FA1909-0025','','','',NULL,'generated',NULL,'2024-12-20 12:46:20','2024-12-20 14:11:40',0,0,NULL,NULL,NULL,1,'facture',218,NULL,NULL),
(292,'df36f9cdc83703e2f85b95b6a916143e','d6a92ebec5fca539382b818843f9ad7f','4E4sQyt55l1JPZhHb29Y403SVsjuiDIy',NULL,1,'TC1-2412-0002.pdf','facture/TC1-2412-0002','','','',NULL,'generated',NULL,'2024-12-20 12:46:20','2024-12-20 14:11:40',0,0,NULL,NULL,NULL,1,'facture',241,NULL,NULL),
(293,'e6c31e3b91e9920e7023c11955e321ad','3358d1ca9490fe5f00194227313335b3','l849Xj3PX2s8K5x5he7Plc8BZqObPzKL',NULL,1,'PR1007-0003.pdf','propale/PR1007-0003','','','',NULL,'generated',NULL,'2024-12-20 14:14:20','2024-12-20 14:17:38',0,0,NULL,NULL,NULL,1,'propal',3,NULL,NULL),
(294,'d365230cbf36a18cac4d86bd807ccd1f','b8f9666751dbcce4e2ec64a63ab0c4cd','NAQLmACVvE3y72fkZSis0R7y4667ot3u',NULL,1,'PR1302-0008.pdf','propale/PR1302-0008','','','',NULL,'generated',NULL,'2024-12-20 14:14:20','2024-12-20 14:17:38',0,0,NULL,NULL,NULL,1,'propal',8,NULL,NULL),
(295,'6e259e821a4394f8c1d4f92ae90067ee','bcfb334efa1a6167fe0c43d9361842ce','2vy1cLFkLLd0t469sk1z05ZHVDx7YRTs',NULL,1,'PR1702-0009.pdf','propale/PR1702-0009','','','',NULL,'generated',NULL,'2024-12-20 14:14:20','2024-12-20 14:17:38',0,0,NULL,NULL,NULL,1,'propal',11,NULL,NULL),
(296,'5d6a63923dba9c971a807501f3a6e135','2c7378253f176dd00b2f6f985d627d07','91gv8P2JG6mKpCWWFn5eRzC2ywiD80g5',NULL,1,'PR1702-0010.pdf','propale/PR1702-0010','','','',NULL,'generated',NULL,'2024-12-20 14:14:20','2024-12-20 14:17:38',0,0,NULL,NULL,NULL,1,'propal',12,NULL,NULL),
(297,'edf124174eb69aeab8e324167d58d5db','c2b116b699fec463f1e217552abef4ea','ttjLKf7yU9XzFTT0r940UHcy7w86P7Yp',NULL,1,'PR1702-0011.pdf','propale/PR1702-0011','','','',NULL,'generated',NULL,'2024-12-20 14:14:20','2024-12-20 14:17:38',0,0,NULL,NULL,NULL,1,'propal',13,NULL,NULL),
(298,'e5ae6a5204ce48375da47d4077b886c0','360ca80d80673a8817811d1ac1cdf168','fQnAj5tax8HdR3EoVk129S2A08AuY2Ss',NULL,1,'PR1702-0012.pdf','propale/PR1702-0012','','','',NULL,'generated',NULL,'2024-12-20 14:14:20','2024-12-20 14:17:38',0,0,NULL,NULL,NULL,1,'propal',14,NULL,NULL),
(299,'bc52620f537c4456a92891d0ea816495','7ed80002dc0df03dd8409a1c799d5b4f','Am2Gw33rrn1dzj7MKgM2I6DYD83SzhW8',NULL,1,'PR1702-0013.pdf','propale/PR1702-0013','','','',NULL,'generated',NULL,'2024-12-20 14:14:20','2024-12-20 14:17:38',0,0,NULL,NULL,NULL,1,'propal',15,NULL,NULL),
(300,'53b9a0412129fae3b3e82bd460cb4a50','1041cfac011a593deb06b4ca2e56e138','TE9DPm9oPDAvp8gr5dZdm7OJVo549i77',NULL,1,'PR1702-0014.pdf','propale/PR1702-0014','','','',NULL,'generated',NULL,'2024-12-20 14:14:20','2024-12-20 14:17:38',0,0,NULL,NULL,NULL,1,'propal',16,NULL,NULL),
(301,'24a2a999a7eb0c878b396f67c238d8b1','57431108a5e593491ff924c22cfe2688','NGw2d4hD4dXe6mZjy87Sy7z5Iy3TTUU7',NULL,1,'PR1702-0015.pdf','propale/PR1702-0015','','','',NULL,'generated',NULL,'2024-12-20 14:14:20','2024-12-20 14:17:38',0,0,NULL,NULL,NULL,1,'propal',17,NULL,NULL),
(302,'b771874374b5696b30b1bae810e32e9e','44d9b780d234ae0721493ad56a6b21f7','9QOtbzby3wGgEA82iYFrgxU9E6351F5M',NULL,1,'PR1702-0016.pdf','propale/PR1702-0016','','','',NULL,'generated',NULL,'2024-12-20 14:14:20','2024-12-20 14:17:38',0,0,NULL,NULL,NULL,1,'propal',18,NULL,NULL),
(303,'a60139d97e61620db91420c391ee1f2b','2079fe871c9750020a403c0c1b7895f5','F1Do1w5j8wz25ZV4GGwXk3c51LXImhSd',NULL,1,'PR1702-0017.pdf','propale/PR1702-0017','','','',NULL,'generated',NULL,'2024-12-20 14:14:20','2024-12-20 14:17:38',0,0,NULL,NULL,NULL,1,'propal',19,NULL,NULL),
(304,'a4ad9c5ae2702fb50487aa8b30d766b4','90345eba3b365d640ba7cdd90ec5bbcb','nJjd5eVlS1JRD23dDkr1w1s1RVe2B39M',NULL,1,'PR1702-0018.pdf','propale/PR1702-0018','','','',NULL,'generated',NULL,'2024-12-20 14:14:20','2024-12-20 14:17:38',0,0,NULL,NULL,NULL,1,'propal',20,NULL,NULL),
(305,'f2c40721edf2ee68bf7c3bc3b4460a44','0cc33e3053e9cb311f025fc54704e85a','73Eyl7v3Kg1s8Dl4Wme2lQ3fSp7BIOHY',NULL,1,'PR1702-0019.pdf','propale/PR1702-0019','','','',NULL,'generated',NULL,'2024-12-20 14:14:20','2024-12-20 14:17:38',0,0,NULL,NULL,NULL,1,'propal',21,NULL,NULL),
(306,'5d888f06228dad3b92db45ab4817153a','92128a1740347593d4d9d9945f93697b','hre0N6Mvg98Z1K7AVn3C6wQYCtR6ii8l',NULL,1,'PR1702-0021.pdf','propale/PR1702-0021','','','',NULL,'generated',NULL,'2024-12-20 14:14:20','2024-12-20 14:17:38',0,0,NULL,NULL,NULL,1,'propal',23,NULL,NULL),
(307,'597c6184cf022eb49b49cb793937ff4f','ddd52557cd4ec649b97596925eeb6f6e','48dLf67TX8Q12ylcFHMJy6FcYmmKi2x7',NULL,1,'PR1702-0022.pdf','propale/PR1702-0022','','','',NULL,'generated',NULL,'2024-12-20 14:14:20','2024-12-20 14:17:38',0,0,NULL,NULL,NULL,1,'propal',24,NULL,NULL),
(308,'e5c55e4096d474d28672e3a9f1a63186','66b782ec9088fca0d3271f3d06d9b046','1W9RUW2LzuJ3L54cK8h0ttAhy1iOJu7b',NULL,1,'PR1702-0023.pdf','propale/PR1702-0023','','','',NULL,'generated',NULL,'2024-12-20 14:14:20','2024-12-20 14:17:38',0,0,NULL,NULL,NULL,1,'propal',25,NULL,NULL),
(309,'90f01b753586f115bfe4c1c04a7196a2','2fda72d52e969b6e192b05a9daeedd1b','h8HI4V98cNgzEz420zALp3O8nLuGxxL7',NULL,1,'PR1702-0024.pdf','propale/PR1702-0024','','','',NULL,'generated',NULL,'2024-12-20 14:14:20','2024-12-20 14:17:38',0,0,NULL,NULL,NULL,1,'propal',26,NULL,NULL),
(310,'1e77066dcd3029821c7acdf07d3a1270','0762bf9df44b59522029fd76ab741bd9','pJk70uf9NYke58RKHJrH0P76ke2Boa3G',NULL,1,'PR1702-0025.pdf','propale/PR1702-0025','','','',NULL,'generated',NULL,'2024-12-20 14:14:20','2024-12-20 14:17:38',0,0,NULL,NULL,NULL,1,'propal',27,NULL,NULL),
(311,'14c3dbe8ceec7f7b91ede2c468cba2e8','67d009fbdc5e4b4e9c55864aeb127208','3C0xPlEx5bt2HYPz6NQtf4p435bMK7Ba',NULL,1,'PR1702-0026.pdf','propale/PR1702-0026','','','',NULL,'generated',NULL,'2024-12-20 14:14:20','2024-12-20 14:17:38',0,0,NULL,NULL,NULL,1,'propal',28,NULL,NULL),
(312,'f428481d5bfd2ab5a43c695b7ae53be4','e8556ab66254e0f9e1793800cb8be935','1jfJeh4ZKCW9c4PceJAsUQbgV25x9185',NULL,1,'PR1702-0028.pdf','propale/PR1702-0028','','','',NULL,'generated',NULL,'2024-12-20 14:14:21','2024-12-20 14:17:38',0,0,NULL,NULL,NULL,1,'propal',30,NULL,NULL),
(313,'a93e77d3a67386398d2b3d85254cb86a','6edd1c2c55a781c520be7ffa90284517','CbFw1RKIYA22dpmdx8MM87Mz92W1lb1g',NULL,1,'PR1702-0029.pdf','propale/PR1702-0029','','','',NULL,'generated',NULL,'2024-12-20 14:14:21','2024-12-20 14:17:39',0,0,NULL,NULL,NULL,1,'propal',31,NULL,NULL),
(314,'159ec6fbf420ebca637285e8b5dee228','2c9a9f7b27ddd988fefff9562ccac302','7hXlVx3k8Bc53yqTWoJF24id29iOSBV2',NULL,1,'PR1702-0030.pdf','propale/PR1702-0030','','','',NULL,'generated',NULL,'2024-12-20 14:14:21','2024-12-20 14:17:39',0,0,NULL,NULL,NULL,1,'propal',32,NULL,NULL),
(315,'26d9b842018e801734b61b5f51afe3e0','f7b6791f7ec8d5a0dc3b928f7dbc1e09',NULL,NULL,1,'SI2302-0009.pdf','fournisseur/facture/9/3/SI2302-0009','','','',NULL,'generated',NULL,'2024-12-30 16:49:27','2024-12-30 15:49:48',12,12,NULL,NULL,NULL,1,'facture_fourn',39,NULL,NULL),
(317,'c2e1808410b4ba4f4fd9e5e5e7b1d2e1','3b5972feab8b50b37ac37d59b5c396ae','1Q575u9ObHOVthR8VJRC8yima7joO43r',NULL,1,'(PROV247).pdf','facture/(PROV247)','','','',NULL,'generated',NULL,'2024-12-30 20:40:11','2024-12-30 19:51:44',12,12,NULL,NULL,NULL,1,'facture',247,NULL,NULL),
(318,'ff88f6ba9fadb4c31d7c798ef8acc3af','bd0575907ddc0af825955dd1714ce8a9',NULL,NULL,1,'(PROV40).pdf','fournisseur/facture/0/4/(PROV40)','','','',NULL,'generated',NULL,'2024-12-30 21:04:05','2024-12-30 20:04:05',12,NULL,NULL,NULL,NULL,1,'facture_fourn',40,NULL,NULL),
(319,'78209e2a462486dd8263eb877e993c65','8eaefe94b018e3d06c04910568ccd540',NULL,NULL,1,'(PROV38).pdf','fournisseur/facture/8/3/(PROV38)','','','',NULL,'generated',NULL,'2025-01-02 20:38:39','2025-01-02 19:38:39',12,NULL,NULL,NULL,NULL,1,'facture_fourn',38,NULL,NULL),
(320,'10e0f6d97831086ea1ebf5fb1e6f7945','d7d32ba9f8d0bfd9f0fefb9074a177d5',NULL,NULL,1,'RELEVE MENSUEL_0115455001H_au_20241231.pdf','bank/4/statement/202412','RELEVE MENSUEL_0115455001H_au_20241231.pdf','','',NULL,'uploaded',NULL,'2025-02-04 18:03:10','2025-02-04 17:03:10',12,NULL,NULL,NULL,NULL,1,'bank_account',4,NULL,NULL),
(321,'62cb09f8e17b625c0c2da70e8156d4be','3d61fb9b3f23d67a5187c10dcdfca79a',NULL,NULL,1,'Capture d’ecran du 2025-02-04 13-44-49.png','bank/LUXBAC','Capture d’écran du 2025-02-04 13-44-49.png','','',NULL,'uploaded',NULL,'2025-02-04 18:05:09','2025-02-04 17:05:09',12,NULL,NULL,NULL,NULL,1,'bank_account',4,NULL,NULL),
(322,'c1ed6a71a28f3b66a850180515d3a4df','',NULL,NULL,1,'RELEVE MENSUEL_0115455001H_au_20241231.pdf','bank/*/statement/202412','/home/ldestailleur/git/dolibarr_dev/documents/bank/*/statement/202412/RELEVE MENSUEL_0115455001H_au_20241231.pdf','','',NULL,'unknown',NULL,'2025-02-04 18:19:13','2025-02-04 17:19:13',12,NULL,NULL,NULL,NULL,1,NULL,NULL,NULL,NULL),
(324,'a7b0b6179a6a24b81fd25372d4de9e4c','61e5014edb38a09dbf88dbbf514e3f70',NULL,NULL,1,'indiancompany.png','societe/1/logos','/home/ldestailleur/git/dolibarr_dev/documents/societe/1/logos/indiancompany.png','','',NULL,'unknown',NULL,'2025-02-04 18:28:46','2025-02-04 17:28:46',12,NULL,NULL,NULL,NULL,1,NULL,NULL,NULL,NULL),
(325,'81914211fcf761c2b124218d5015a66c','f9dcc2bfc8f16975752c633cd8d2199d',NULL,NULL,1,'logo_nltechno_94x100.png','societe/10/logos','/home/ldestailleur/git/dolibarr_dev/documents/societe/10/logos/logo_nltechno_94x100.png','','',NULL,'unknown',NULL,'2025-02-04 18:28:46','2025-02-04 17:28:46',12,NULL,NULL,NULL,NULL,1,NULL,NULL,NULL,NULL),
(326,'36f445fbeb0c0bdc83ccbf40d043d48f','4dfd22b03ba3454ce0b3f0ae3003d5d6',NULL,NULL,1,'comapnycorp1company.png','societe/11/logos','/home/ldestailleur/git/dolibarr_dev/documents/societe/11/logos/comapnycorp1company.png','','',NULL,'unknown',NULL,'2025-02-04 18:28:46','2025-02-04 17:28:46',12,NULL,NULL,NULL,NULL,1,NULL,NULL,NULL,NULL),
(327,'9e8acc2182bc1b6a78b59bd8b7b20c40','00cbcc39755678a29f6438ccf7bdc854',NULL,NULL,1,'person8.jpeg','societe/12/logos','/home/ldestailleur/git/dolibarr_dev/documents/societe/12/logos/person8.jpeg','','',NULL,'unknown',NULL,'2025-02-04 18:28:46','2025-02-04 17:28:46',12,NULL,NULL,NULL,NULL,1,NULL,NULL,NULL,NULL),
(328,'3bf0d39e45173d15dcf0d3d3f2b2385f','cf9e1eac37149665690322162fc08d35',NULL,NULL,1,'companycorp2company.png','societe/13/logos','/home/ldestailleur/git/dolibarr_dev/documents/societe/13/logos/companycorp2company.png','','',NULL,'unknown',NULL,'2025-02-04 18:28:46','2025-02-04 17:28:46',12,NULL,NULL,NULL,NULL,1,NULL,NULL,NULL,NULL),
(329,'70e85a976c4a5972c53d426ebf7a9aa2','5d299fee09fe3e91f577e7c9e8616d68',NULL,NULL,1,'bookkeepercompany.png','societe/17/logos','/home/ldestailleur/git/dolibarr_dev/documents/societe/17/logos/bookkeepercompany.png','','',NULL,'unknown',NULL,'2025-02-04 18:28:46','2025-02-04 17:28:46',12,NULL,NULL,NULL,NULL,1,NULL,NULL,NULL,NULL),
(330,'7bdaf1a1ca97593a18a47aee80afaf51','1bb06ace374fe954f3f5ef87d498ea2f',NULL,NULL,1,'magicfoodstore.png','societe/19/logos','/home/ldestailleur/git/dolibarr_dev/documents/societe/19/logos/magicfoodstore.png','','',NULL,'unknown',NULL,'2025-02-04 18:28:46','2025-02-04 17:28:46',12,NULL,NULL,NULL,NULL,1,NULL,NULL,NULL,NULL),
(331,'d46518d7eed8a59506011735944975f9','b7f54e04d9034b453daa31a7dc499a45',NULL,NULL,1,'teclibcompany.png','societe/2/logos','/home/ldestailleur/git/dolibarr_dev/documents/societe/2/logos/teclibcompany.png','','',NULL,'unknown',NULL,'2025-02-04 18:28:46','2025-02-04 17:28:46',12,NULL,NULL,NULL,NULL,1,NULL,NULL,NULL,NULL),
(332,'63e9533b2f5ee32008654a72cc03eb55','876c173e91476b6c3b7b1c60cf1e5e08',NULL,NULL,1,'printcompany.png','societe/25/logos','/home/ldestailleur/git/dolibarr_dev/documents/societe/25/logos/printcompany.png','','',NULL,'unknown',NULL,'2025-02-04 18:28:46','2025-02-04 17:28:46',12,NULL,NULL,NULL,NULL,1,NULL,NULL,NULL,NULL),
(333,'90efdd8e482ecdc14da43a7263b2bdf3','d95e2c98bd33a5402438af8f347bc44e',NULL,NULL,1,'spanishcompany.png','societe/3/logos','/home/ldestailleur/git/dolibarr_dev/documents/societe/3/logos/spanishcompany.png','','',NULL,'unknown',NULL,'2025-02-04 18:28:46','2025-02-04 17:28:46',12,NULL,NULL,NULL,NULL,1,NULL,NULL,NULL,NULL),
(334,'372349e8364b7c5aba1198a9aa98fea6','f2e8cbc917217c33b3cf96bc8c66ab43',NULL,NULL,1,'valeencompany.png','societe/4/logos','/home/ldestailleur/git/dolibarr_dev/documents/societe/4/logos/valeencompany.png','','',NULL,'unknown',NULL,'2025-02-04 18:28:46','2025-02-04 17:28:46',12,NULL,NULL,NULL,NULL,1,NULL,NULL,NULL,NULL),
(335,'5fac8a733d0e67a8599715241439559b','9eaa4d2387faa8472863146ae6c146b6',NULL,NULL,1,'nocountrycomp.png','societe/5/logos','/home/ldestailleur/git/dolibarr_dev/documents/societe/5/logos/nocountrycomp.png','','',NULL,'unknown',NULL,'2025-02-04 18:28:46','2025-02-04 17:28:46',12,NULL,NULL,NULL,NULL,1,NULL,NULL,NULL,NULL),
(336,'99f97900bfb531865277e761f98c52cb','4124aa59a2a610106873625c7aff4613',NULL,NULL,1,'swisstouch.png','societe/6/logos','/home/ldestailleur/git/dolibarr_dev/documents/societe/6/logos/swisstouch.png','','',NULL,'unknown',NULL,'2025-02-04 18:28:46','2025-02-04 17:28:46',12,NULL,NULL,NULL,NULL,1,NULL,NULL,NULL,NULL),
(337,'f83c8b994249f20c910acb7de34f847b','6101f3d5a751a11f9169d0e67a231a9f',NULL,NULL,1,'genericcustomer.png','societe/7/logos','/home/ldestailleur/git/dolibarr_dev/documents/societe/7/logos/genericcustomer.png','','',NULL,'unknown',NULL,'2025-02-04 18:28:46','2025-02-04 17:28:46',12,NULL,NULL,NULL,NULL,1,NULL,NULL,NULL,NULL),
(373,'937e34d52d49dbb71374c248a6a3f571','6a090d416e94a89f68f3e700aebce1c2',NULL,NULL,1,'CO7001-0025.pdf','commande/CO7001-0025','','','',NULL,'generated',NULL,'2025-02-19 16:54:11','2025-02-19 15:54:11',12,NULL,NULL,NULL,NULL,1,'commande',84,NULL,NULL),
(374,'4775aa379e106f6779af87d81fccade2','9815142f8d978f6a075274be046c2638','RnysiFI5nN6Z9196QwLq2PV69cRfK4ln',NULL,1,'(PROV248).pdf','facture/(PROV248)','','','',NULL,'generated',NULL,'2025-02-19 16:54:56','2025-02-19 15:54:56',12,NULL,NULL,NULL,NULL,1,'facture',248,NULL,NULL),
(375,'1d386dfb5fe4e8d16172bf2d16fa2969','26751b0d3ee43d90afaf065289fa745d','zyHza8U1OF9bajBV16PK6s43Lsr0sX6Z',NULL,1,'(PROV249).pdf','facture/(PROV249)','','','',NULL,'generated',NULL,'2025-02-19 17:03:34','2025-02-19 16:03:34',12,NULL,NULL,NULL,NULL,1,'facture',249,NULL,NULL),
(376,'2304a30f8e3848a16c39c7308762cc45','11d2a2dd0647f8f1ef8f614f2ffb706a','X79dC0XzI6jJ2wZ4wYJEwH5fsZ0j99ch',NULL,1,'(PROV250).pdf','facture/(PROV250)','','','',NULL,'generated',NULL,'2025-02-19 17:10:20','2025-02-19 16:10:20',12,NULL,NULL,NULL,NULL,1,'facture',250,NULL,NULL),
(377,'48a473f9b051feffaec039d3fbf44908','9e7610a6bcb994fcb8446987b7c65e62',NULL,NULL,1,'(PROV41).pdf','fournisseur/facture/1/4/(PROV41)','','','',NULL,'generated',NULL,'2025-03-03 02:25:31','2025-03-11 01:53:30',12,12,NULL,NULL,NULL,1,'facture_fourn',41,NULL,NULL),
(378,'04631e5e8830900a9d59368cf74a869a','ca85746549b86b012dbd7aab93b57672',NULL,NULL,1,'PR2001-0034 - not crypted.pdf','concatpdf/proposals','/home/ldestailleur/git/dolibarr_dev/documents/concatpdf/proposals/PR2001-0034 - not crypted.pdf','','',NULL,'unknown',NULL,'2025-03-03 02:53:53','2025-03-03 01:53:53',12,NULL,NULL,NULL,NULL,1,NULL,NULL,NULL,NULL),
(383,'d3dc1cecaacdda37e1b83d81f26abd4a','b05de1da17d148fa0e7fa2a11e5fffaa',NULL,NULL,1,'CONTRACT1.pdf','contract/CONTRACT1','','','',NULL,'generated',NULL,'2025-03-12 18:31:17','2025-03-12 17:31:17',12,NULL,NULL,NULL,NULL,1,'contrat',1,NULL,NULL),
(384,'e1e7aa4b5f7a3b970f12a221115c8f59','6c82733cad98f566454551f1c7b27282',NULL,NULL,1,'(PROV9).pdf','contract/(PROV9)','','','',NULL,'generated',NULL,'2025-03-12 19:10:46','2025-03-12 18:10:46',12,NULL,NULL,NULL,NULL,1,'contrat',9,NULL,NULL),
(391,'abedc8fbb9821fccacc57812f82c124f','741cd9a6a8d729be463119fe1ac31aa7','W3kf9ivtuNJ3oT3qJ0WsnR98e92A2MRB',NULL,1,'(PROV293).pdf','facture/(PROV293)','','','',NULL,'generated',NULL,'2025-03-19 13:40:57','2025-04-08 11:28:13',12,12,NULL,NULL,NULL,1,'facture',293,NULL,NULL),
(392,'6199863c7892a6c5612a5d72891b706a','8e5bd7bf6cfa9cffbc7af6c0db723e90',NULL,NULL,1,'bordereau-CHK2503-0147.pdf','concatpdf/proposals','/home/ldestailleur/git/dolibarr_dev/documents/concatpdf/proposals/bordereau-CHK2503-0147.pdf','','',NULL,'unknown',NULL,'2025-03-20 08:14:49','2025-03-20 07:14:49',12,NULL,NULL,NULL,NULL,2,NULL,NULL,NULL,NULL),
(393,'4d9767cf70227675ca1e51996970cca4','a126f98ae88761a732663f7dbd84c064','421zTAJD3z5KkzlIv6q9oj33qKGFK4dY',NULL,1,'PR2001-0034.pdf','propale/PR2001-0034','','','',NULL,'generated',NULL,'2025-03-20 08:20:30','2025-03-20 11:09:46',12,12,NULL,NULL,NULL,42,'propal',36,NULL,NULL),
(396,'b258817c7b0c68fd5af2782f3634d2fd','0d0b571b8d6eb8452da692b7afcc8f93','v4Ts1Kk8eZ9S3Q6d1LTXGmTv3aa1by5J',NULL,1,'PR2001-0034_signed-20250320105318.pdf','propale/PR2001-0034','','','',NULL,'generated',NULL,'2025-03-20 10:53:18','2025-03-20 09:53:18',0,NULL,NULL,NULL,NULL,43,'propal',36,NULL,NULL),
(397,'b2e6901759a1e149958de02d99d81c21','9de066c24f0f7fe97bbf8c67222f0583','5kbUI51G45C96bTohMvR6xG9yOXXo8pv',NULL,1,'PR2001-0034_signed-20250320105757.pdf','propale/PR2001-0034','','','',NULL,'generated',NULL,'2025-03-20 10:57:57','2025-03-20 09:57:57',0,NULL,NULL,NULL,NULL,44,'propal',36,NULL,NULL),
(398,'21cc96c88630cf3ba400d7e453f2fd69','95d463e85cc1383afc808fffcdca7184',NULL,NULL,1,'mynewfile.txt','medias/tmpphpunit/tmpphpunit2','mynewfile.txt','','',NULL,'uploaded',NULL,'2025-03-24 20:42:47','2025-03-24 19:42:47',12,NULL,NULL,NULL,NULL,1,NULL,NULL,NULL,NULL),
(399,'841ce99f098f636e7f44291442025ad4','70bec1d2ac4135bcaee0d1c098bfbabb',NULL,NULL,1,'SH1702-0002.pdf','expedition/sending/SH1702-0002','','','',NULL,'generated',NULL,'2025-04-05 15:26:37','2025-04-05 13:26:37',12,NULL,NULL,NULL,NULL,1,'expedition',2,NULL,NULL),
(400,'6fe1d789b335097d6f373eeca3c9d309','366e18afb79cd7ee9f843f2569a36c36','ke7DkO920tOrJqx00UIxSOP2uEdS01a7',NULL,1,'(PROV42).pdf','propale/(PROV42)','','','',NULL,'generated',NULL,'2025-04-07 14:53:14','2025-04-07 13:05:51',12,12,NULL,NULL,NULL,1,'propal',42,NULL,NULL),
(401,'d69fec4a4c4c20bf502092375fbd5ab8','36fb48dee7a9b2eb2c2f3ecfcc521205','yRDDno5T6j1bu4920tP45ZKi2JCUHrop',NULL,1,'Mandat SEPA 10-NLTechno-UMR-CU1212-0005-2-1675704504.pdf','societe/10','','','',NULL,'generated',NULL,'2025-04-08 10:55:23','2025-04-08 13:41:37',12,0,NULL,NULL,NULL,2,'societe_rib',2,NULL,NULL),
(402,'dad09ff4c84b39335943a3a4227a2f76','78a1683c5237e9d2510d224415c1d658','K7oznZj8e1K2oHVCLj50t069Gc6sWKtJ',NULL,1,'FA2504-0036.pdf','facture/FA2504-0036','','','',NULL,'generated',NULL,'2025-04-09 12:10:08','2025-04-09 10:11:07',12,12,NULL,NULL,NULL,1,'facture',447,NULL,NULL),
(403,'6823c08b37e98ed0c342d0b4202e335d','055251ec236c2c72d43634cc2ee51593',NULL,NULL,1,'CO7001-0026.pdf','commande/CO7001-0026','','','',NULL,'generated',NULL,'2025-04-16 18:04:11','2025-04-16 16:05:13',12,12,NULL,NULL,NULL,1,'commande',85,NULL,NULL),
(404,'63cd552dbec1e4b1a78a3f57c5817ded','d4d758abb7cb72077b8e28a1cd31704e','43iXc4L9lYfWQj4gnyf08AC3DiBNwO53',NULL,1,'(PROV43).pdf','propale/(PROV43)','','','',NULL,'generated',NULL,'2025-04-25 11:44:35','2025-04-25 09:44:35',12,NULL,NULL,NULL,NULL,1,'propal',43,NULL,NULL),
(405,'40f477b059ac76628370f60a5af31083','9142faa053e4a910fd21415b99147b32','k1dXhv87EN2IrJ4RgXAMbX875b4zEp2f',NULL,1,'AV2504-0005.pdf','facture/AV2504-0005','','','',NULL,'generated',NULL,'2025-04-25 14:47:20','2025-04-25 12:47:47',12,12,NULL,NULL,NULL,1,'facture',448,NULL,NULL),
(407,'fb9eebe058801bf7e107ed62cd2adec8','26b057931751996c19ad9085f01f1b7f','EB4G68z2OwVxd09HfTBf9fe5IHxbZu65',NULL,1,'(PROV450).pdf','facture/(PROV450)','','','',NULL,'generated',NULL,'2025-04-25 14:50:12','2025-04-25 12:50:12',12,NULL,NULL,NULL,NULL,1,'facture',450,NULL,NULL),
(408,'d6dfbee9e5f10793e359576d4d4c6046','10998e8f8b862b1985901b2c495613f2',NULL,NULL,1,'Fruits.jpg','categorie/2/3/32/photos','/home/ldestailleur/git/dolibarr_dev/documents/categorie/2/3/32/photos/Fruits.jpg','','',NULL,'unknown',NULL,'2025-05-05 19:34:03','2025-05-05 17:34:03',12,NULL,NULL,NULL,NULL,1,NULL,NULL,NULL,NULL),
(409,'e95602095845d399a842aec595b29bb5','6bfb937ecc6fb2446a7df6d6351363ef',NULL,NULL,1,'CO1107-0002_order.odt','commande/CO1107-0002','/home/ldestailleur/git/dolibarr_dev/documents/commande/CO1107-0002/CO1107-0002_order.odt','','',NULL,'unknown',NULL,'2025-05-06 17:33:51','2025-05-06 15:33:51',12,NULL,NULL,NULL,NULL,2,NULL,NULL,NULL,NULL),
(410,'c5c0598290a08ebbf844bcf2e52a092f','3080425e5fd60fffe53a2be68369daf0',NULL,NULL,1,'(PROV281).pdf','facture/(PROV281)','/home/ldestailleur/git/dolibarr_dev/documents/facture/(PROV281)/(PROV281).pdf','','',NULL,'unknown',NULL,'2025-05-06 17:33:53','2025-05-06 15:33:53',12,NULL,NULL,NULL,NULL,1,NULL,NULL,NULL,NULL),
(411,'d76a391321d84994acf64937321f0e2d','cd3440b44a0aa2287c5aeb3eb776d56e','d1d9ileGAmqH9S7QWJcUA6689Dw5r1Ud',NULL,1,'appicon_128.png','ecm/Images','','','',NULL,'unknown',NULL,'2025-05-06 17:37:43','2025-05-06 15:37:43',12,NULL,NULL,NULL,NULL,1,NULL,NULL,NULL,NULL),
(412,'9eff16b7b3c4dc3986b3c5229e002e38','14efb847dd50b90530b8c60a33651baa','2b4Ny85Z7ZztequuQ6JUQ1KNdu45i6YZ',NULL,1,'README.md','ecm/Images','','','',NULL,'unknown',NULL,'2025-05-06 17:44:37','2025-05-06 15:44:37',12,NULL,NULL,NULL,NULL,2,NULL,NULL,NULL,NULL),
(415,'15fdc7c5a9b9897280b42cc32648028c','55b0632c90e0d893f61c911ebe65fdc0',NULL,NULL,1,'appicon_16.ico','ecm/Images','/home/ldestailleur/git/dolibarr_dev/documents/ecm/Images/appicon_16.ico','','',NULL,'unknown',NULL,'2025-05-06 18:19:50','2025-05-06 16:19:50',12,NULL,NULL,NULL,NULL,3,NULL,NULL,NULL,NULL),
(416,'af200cff8ad48b584afae095ce6d26ab','a045223ab7a8a88d5a209fca0576769f',NULL,NULL,1,'appicon_16.png','ecm/Images','/home/ldestailleur/git/dolibarr_dev/documents/ecm/Images/appicon_16.png','','',NULL,'unknown',NULL,'2025-05-06 18:19:50','2025-05-06 16:19:50',12,NULL,NULL,NULL,NULL,4,NULL,NULL,NULL,NULL),
(417,'e648c226ba3f4cc6e2d3d43e6be270c1','400a267c449a1685de932fb9241a9c14',NULL,NULL,1,'appicon_32.ico','ecm/Images','/home/ldestailleur/git/dolibarr_dev/documents/ecm/Images/appicon_32.ico','','',NULL,'unknown',NULL,'2025-05-06 18:19:50','2025-05-06 16:19:50',12,NULL,NULL,NULL,NULL,5,NULL,NULL,NULL,NULL),
(418,'8fcf55966583471f50f77ac11b5f49b2','4f443252cdb04c9b696a1cc98c7d27bd',NULL,NULL,1,'appicon_32.png','ecm/Images','/home/ldestailleur/git/dolibarr_dev/documents/ecm/Images/appicon_32.png','','',NULL,'unknown',NULL,'2025-05-06 18:19:50','2025-05-06 16:19:50',12,NULL,NULL,NULL,NULL,6,NULL,NULL,NULL,NULL),
(419,'d734e945c3bb15847bddd22c9b585465','7112064f86e3f6e2a16cc5c8a97ac2ae',NULL,NULL,1,'appicon_48.ico','ecm/Images','/home/ldestailleur/git/dolibarr_dev/documents/ecm/Images/appicon_48.ico','','',NULL,'unknown',NULL,'2025-05-06 18:19:50','2025-05-06 16:19:50',12,NULL,NULL,NULL,NULL,7,NULL,NULL,NULL,NULL),
(420,'cdcc6d4de76b6abd722a1bcfe15f0603','d13bb036a30b74ca582bc3160cbbaa89',NULL,NULL,1,'appicon_64.png','ecm/Images','/home/ldestailleur/git/dolibarr_dev/documents/ecm/Images/appicon_64.png','','',NULL,'unknown',NULL,'2025-05-06 18:19:50','2025-05-06 16:19:50',12,NULL,NULL,NULL,NULL,8,NULL,NULL,NULL,NULL),
(421,'f50a3e08e779c85fd63e5b83f44ee9b6','5bc008c5569b8a80377cef8ddd7dcbdf',NULL,NULL,1,'background_dolibarr.jpg','ecm/Images','/home/ldestailleur/git/dolibarr_dev/documents/ecm/Images/background_dolibarr.jpg','','',NULL,'unknown',NULL,'2025-05-06 18:19:50','2025-05-06 16:19:50',12,NULL,NULL,NULL,NULL,9,NULL,NULL,NULL,NULL),
(422,'34bcf643631d71c6e25409b1fda71db3','3dea7d1b511d19f8bd3252683423958a',NULL,NULL,1,'doliadmin.ico','ecm/Images','/home/ldestailleur/git/dolibarr_dev/documents/ecm/Images/doliadmin.ico','','',NULL,'unknown',NULL,'2025-05-06 18:19:50','2025-05-06 16:19:50',12,NULL,NULL,NULL,NULL,10,NULL,NULL,NULL,NULL),
(423,'cac5b479c15f3a37ab202f2d23ff56fb','b78004b146c0660cd67115ff21209323',NULL,NULL,1,'dolibarr_256x256_black.png','ecm/Images','/home/ldestailleur/git/dolibarr_dev/documents/ecm/Images/dolibarr_256x256_black.png','','',NULL,'unknown',NULL,'2025-05-06 18:19:50','2025-05-06 16:19:50',12,NULL,NULL,NULL,NULL,11,NULL,NULL,NULL,NULL),
(424,'dae5be551f2426c93a2804b0c1de6aab','ebc3b9deec3b479ae4b5a6c26e8a761a',NULL,NULL,1,'dolibarr_256x256_black.svg','ecm/Images','/home/ldestailleur/git/dolibarr_dev/documents/ecm/Images/dolibarr_256x256_black.svg','','',NULL,'unknown',NULL,'2025-05-06 18:19:50','2025-05-06 16:19:50',12,NULL,NULL,NULL,NULL,12,NULL,NULL,NULL,NULL),
(425,'f13b31b0b0cd3abd1b0e9a4fc6391ed6','48d21fe982b0aec5bcaaa36ce86d6e34',NULL,NULL,1,'dolibarr_256x256_color.png','ecm/Images','/home/ldestailleur/git/dolibarr_dev/documents/ecm/Images/dolibarr_256x256_color.png','','',NULL,'unknown',NULL,'2025-05-06 18:19:50','2025-05-06 16:19:50',12,NULL,NULL,NULL,NULL,13,NULL,NULL,NULL,NULL),
(426,'b5b92b5d63496b89ce41cdafd2435ef9','af560fb4d751801e06bb6cb98865732b',NULL,NULL,1,'dolibarr_256x256_color.svg','ecm/Images','/home/ldestailleur/git/dolibarr_dev/documents/ecm/Images/dolibarr_256x256_color.svg','','',NULL,'unknown',NULL,'2025-05-06 18:19:50','2025-05-06 16:19:50',12,NULL,NULL,NULL,NULL,14,NULL,NULL,NULL,NULL),
(427,'4fa3a9f8ef42e902b0fa7199c55ac985','2e17298cb6bbf1c499a1b6613f961a2d',NULL,NULL,1,'dolibarr_256x256_white.jpg','ecm/Images','/home/ldestailleur/git/dolibarr_dev/documents/ecm/Images/dolibarr_256x256_white.jpg','','',NULL,'unknown',NULL,'2025-05-06 18:19:50','2025-05-06 16:19:50',12,NULL,NULL,NULL,NULL,15,NULL,NULL,NULL,NULL),
(428,'2cc6548a649df37a1d124a91c873155b','c16962949a883ebdf3047a24e610fcd8',NULL,NULL,1,'dolibarr_256x256_white.png','ecm/Images','/home/ldestailleur/git/dolibarr_dev/documents/ecm/Images/dolibarr_256x256_white.png','','',NULL,'unknown',NULL,'2025-05-06 18:19:50','2025-05-06 16:19:50',12,NULL,NULL,NULL,NULL,16,NULL,NULL,NULL,NULL),
(429,'efd5e204eb57de992f39f9b06d1d9dbf','989ad932a80af4ea2cfe95bb11cb6b55',NULL,NULL,1,'dolibarr_256x256_white.svg','ecm/Images','/home/ldestailleur/git/dolibarr_dev/documents/ecm/Images/dolibarr_256x256_white.svg','','',NULL,'unknown',NULL,'2025-05-06 18:19:50','2025-05-06 16:19:50',12,NULL,NULL,NULL,NULL,17,NULL,NULL,NULL,NULL),
(430,'84a53e514864b1f7ea3c598cbc8950a5','6e370e80384a88f0cd12e6e07ea468f4',NULL,NULL,1,'dolibarr_512x512_color.png','ecm/Images','/home/ldestailleur/git/dolibarr_dev/documents/ecm/Images/dolibarr_512x512_color.png','','',NULL,'unknown',NULL,'2025-05-06 18:19:50','2025-05-06 16:19:50',12,NULL,NULL,NULL,NULL,18,NULL,NULL,NULL,NULL),
(431,'2866a07e27004bc9f695082b4a28b6db','400a267c449a1685de932fb9241a9c14',NULL,NULL,1,'dolibarr_favicon.ico','ecm/Images','/home/ldestailleur/git/dolibarr_dev/documents/ecm/Images/dolibarr_favicon.ico','','',NULL,'unknown',NULL,'2025-05-06 18:19:50','2025-05-06 16:19:50',12,NULL,NULL,NULL,NULL,19,NULL,NULL,NULL,NULL),
(432,'f1f1f334b713fa1b3d0f560350651c1e','4b80af898357bc27ac741ea25eca1517',NULL,NULL,1,'dolibarr_logo.jpg','ecm/Images','/home/ldestailleur/git/dolibarr_dev/documents/ecm/Images/dolibarr_logo.jpg','','',NULL,'unknown',NULL,'2025-05-06 18:19:50','2025-05-06 16:19:50',12,NULL,NULL,NULL,NULL,20,NULL,NULL,NULL,NULL),
(433,'f33834e3df8996998425271c1fc7d217','6d3efc4e82d407f217acdb3c38bc6810',NULL,NULL,1,'dolibarr_logo.png','ecm/Images','/home/ldestailleur/git/dolibarr_dev/documents/ecm/Images/dolibarr_logo.png','','',NULL,'unknown',NULL,'2025-05-06 18:19:50','2025-05-06 16:19:50',12,NULL,NULL,NULL,NULL,21,NULL,NULL,NULL,NULL),
(434,'1ba5208c3e704adb90774b1eb50d8f22','1605a5298579a621048cef8abfff87f0',NULL,NULL,1,'dolibarr_logo.svg','ecm/Images','/home/ldestailleur/git/dolibarr_dev/documents/ecm/Images/dolibarr_logo.svg','','',NULL,'unknown',NULL,'2025-05-06 18:19:50','2025-05-06 16:19:50',12,NULL,NULL,NULL,NULL,22,NULL,NULL,NULL,NULL),
(435,'11c7652e126f69dc9f0f734fc08d0137','2adc4688d3e98e73c906bf649d00d14d',NULL,NULL,1,'dolibarr_screenshot10_1920x1080.jpg','ecm/Images','/home/ldestailleur/git/dolibarr_dev/documents/ecm/Images/dolibarr_screenshot10_1920x1080.jpg','','',NULL,'unknown',NULL,'2025-05-06 18:19:50','2025-05-06 16:19:50',12,NULL,NULL,NULL,NULL,23,NULL,NULL,NULL,NULL),
(436,'f6a1d90f79d6c3050bebbf53cbe3bccf','8f3e217c0300c627f6676755ff94a4c6',NULL,NULL,1,'dolibarr_screenshot11_1024x768.jpg','ecm/Images','/home/ldestailleur/git/dolibarr_dev/documents/ecm/Images/dolibarr_screenshot11_1024x768.jpg','','',NULL,'unknown',NULL,'2025-05-06 18:19:50','2025-05-06 16:19:50',12,NULL,NULL,NULL,NULL,24,NULL,NULL,NULL,NULL),
(437,'38f08d8fed018b229122e9ce13a922f7','bcadc53b6cc7c8c408884a56ba6181ac',NULL,NULL,1,'dolibarr_screenshot12_1280x800.jpg','ecm/Images','/home/ldestailleur/git/dolibarr_dev/documents/ecm/Images/dolibarr_screenshot12_1280x800.jpg','','',NULL,'unknown',NULL,'2025-05-06 18:19:50','2025-05-06 16:19:50',12,NULL,NULL,NULL,NULL,25,NULL,NULL,NULL,NULL),
(438,'e8758d7d7d402420727d7241fb455806','0f7bc1c7100c067097c666e74316deef',NULL,NULL,1,'dolibarr_screenshot12_1920x1080.jpg','ecm/Images','/home/ldestailleur/git/dolibarr_dev/documents/ecm/Images/dolibarr_screenshot12_1920x1080.jpg','','',NULL,'unknown',NULL,'2025-05-06 18:19:50','2025-05-06 16:19:50',12,NULL,NULL,NULL,NULL,26,NULL,NULL,NULL,NULL),
(439,'6b22647b6cca1a06544b01754af56037','d75e1c49018c78ff22a67515009b806c',NULL,NULL,1,'dolibarr_screenshot1_1280x800.jpg','ecm/Images','/home/ldestailleur/git/dolibarr_dev/documents/ecm/Images/dolibarr_screenshot1_1280x800.jpg','','',NULL,'unknown',NULL,'2025-05-06 18:19:50','2025-05-06 16:19:50',12,NULL,NULL,NULL,NULL,27,NULL,NULL,NULL,NULL),
(440,'98a3cb23c855182e352c9ebfb4e818a5','2f09749d2ea2cc5aa71baeb2b30dc1f5',NULL,NULL,1,'dolibarr_screenshot1_1920x1080.jpg','ecm/Images','/home/ldestailleur/git/dolibarr_dev/documents/ecm/Images/dolibarr_screenshot1_1920x1080.jpg','','',NULL,'unknown',NULL,'2025-05-06 18:19:50','2025-05-06 16:19:50',12,NULL,NULL,NULL,NULL,28,NULL,NULL,NULL,NULL),
(441,'00e9e541b1aa6af6fa51c14c7791fe94','05c39c1afeef8441e8e104ae3c61522f',NULL,NULL,1,'dolibarr_screenshot2_1280x800.jpg','ecm/Images','/home/ldestailleur/git/dolibarr_dev/documents/ecm/Images/dolibarr_screenshot2_1280x800.jpg','','',NULL,'unknown',NULL,'2025-05-06 18:19:50','2025-05-06 16:19:50',12,NULL,NULL,NULL,NULL,29,NULL,NULL,NULL,NULL),
(442,'5773f194261c7dce9f2fb2fe43931b72','913f60dc9b021f384c3569e602be9f19',NULL,NULL,1,'dolibarr_screenshot3_1280x800.png','ecm/Images','/home/ldestailleur/git/dolibarr_dev/documents/ecm/Images/dolibarr_screenshot3_1280x800.png','','',NULL,'unknown',NULL,'2025-05-06 18:19:50','2025-05-06 16:19:50',12,NULL,NULL,NULL,NULL,30,NULL,NULL,NULL,NULL),
(443,'b2cf2ce3a318e3a617eeefe9adc8b9f6','826eab1be7fe0e90d779327253883ad0',NULL,NULL,1,'dolibarr_screenshot4_1280x800.jpg','ecm/Images','/home/ldestailleur/git/dolibarr_dev/documents/ecm/Images/dolibarr_screenshot4_1280x800.jpg','','',NULL,'unknown',NULL,'2025-05-06 18:19:50','2025-05-06 16:19:50',12,NULL,NULL,NULL,NULL,31,NULL,NULL,NULL,NULL),
(444,'695156f4d86fbdacd97a4d0ee3f09c82','f5e29f1dc70466aeb366a33e10705d43',NULL,NULL,1,'dolibarr_screenshot4_1920x1080.jpg','ecm/Images','/home/ldestailleur/git/dolibarr_dev/documents/ecm/Images/dolibarr_screenshot4_1920x1080.jpg','','',NULL,'unknown',NULL,'2025-05-06 18:19:50','2025-05-06 16:19:50',12,NULL,NULL,NULL,NULL,32,NULL,NULL,NULL,NULL),
(445,'695340a3bf5d1801d6412d3a2cfd28ef','eb058a3d87d786778e9d703ae644246e',NULL,NULL,1,'dolibarr_screenshot5_1280x800.jpg','ecm/Images','/home/ldestailleur/git/dolibarr_dev/documents/ecm/Images/dolibarr_screenshot5_1280x800.jpg','','',NULL,'unknown',NULL,'2025-05-06 18:19:50','2025-05-06 16:19:50',12,NULL,NULL,NULL,NULL,33,NULL,NULL,NULL,NULL),
(446,'aee9e4e0fba49f71b35c8ecebc6056f2','a0bdc6caf95959c6bbf75d73bafd2e10',NULL,NULL,1,'dolibarr_screenshot5_1920x1080.jpg','ecm/Images','/home/ldestailleur/git/dolibarr_dev/documents/ecm/Images/dolibarr_screenshot5_1920x1080.jpg','','',NULL,'unknown',NULL,'2025-05-06 18:19:50','2025-05-06 16:19:50',12,NULL,NULL,NULL,NULL,34,NULL,NULL,NULL,NULL),
(447,'582e717f95e2bad0c9b07caf4360fb73','2aabfac21f4df6600f666d0e87b4a395',NULL,NULL,1,'dolibarr_screenshot6_1920x1080.jpg','ecm/Images','/home/ldestailleur/git/dolibarr_dev/documents/ecm/Images/dolibarr_screenshot6_1920x1080.jpg','','',NULL,'unknown',NULL,'2025-05-06 18:19:50','2025-05-06 16:19:50',12,NULL,NULL,NULL,NULL,35,NULL,NULL,NULL,NULL),
(448,'a55a97e31298a60ddda7902003d87381','dc4ed577ab18ce41cd0da26de8272574',NULL,NULL,1,'dolibarr_screenshot7_1920x1080.jpg','ecm/Images','/home/ldestailleur/git/dolibarr_dev/documents/ecm/Images/dolibarr_screenshot7_1920x1080.jpg','','',NULL,'unknown',NULL,'2025-05-06 18:19:50','2025-05-06 16:19:50',12,NULL,NULL,NULL,NULL,36,NULL,NULL,NULL,NULL),
(449,'4d7c0d8603f86e8b8c9165d800cf79b5','21d6ed00af4b0bfbefa7a9192a874ccd',NULL,NULL,1,'dolibarr_screenshot8_1920x1080.jpg','ecm/Images','/home/ldestailleur/git/dolibarr_dev/documents/ecm/Images/dolibarr_screenshot8_1920x1080.jpg','','',NULL,'unknown',NULL,'2025-05-06 18:19:50','2025-05-06 16:19:50',12,NULL,NULL,NULL,NULL,37,NULL,NULL,NULL,NULL),
(450,'b0496f8b474064cff4563bc3dbd811db','07704989a5d96617ba2527d7607cf1eb',NULL,NULL,1,'dolibarr_screenshot9_1920x1080.jpg','ecm/Images','/home/ldestailleur/git/dolibarr_dev/documents/ecm/Images/dolibarr_screenshot9_1920x1080.jpg','','',NULL,'unknown',NULL,'2025-05-06 18:19:50','2025-05-06 16:19:50',12,NULL,NULL,NULL,NULL,38,NULL,NULL,NULL,NULL),
(451,'40abf8d2347de1570fc9469520c698d9','d32552ee874c82b9f0ccab4f309b4b61',NULL,NULL,1,'dolihelp.ico','ecm/Images','/home/ldestailleur/git/dolibarr_dev/documents/ecm/Images/dolihelp.ico','','',NULL,'unknown',NULL,'2025-05-06 18:19:50','2025-05-06 16:19:50',12,NULL,NULL,NULL,NULL,39,NULL,NULL,NULL,NULL),
(452,'38f7ce2f44b2f78a390d79c38d33cb14','7cc1dca2fe2dcac05611b9eb5b37af8f',NULL,NULL,1,'doliwampoff.ico','ecm/Images','/home/ldestailleur/git/dolibarr_dev/documents/ecm/Images/doliwampoff.ico','','',NULL,'unknown',NULL,'2025-05-06 18:19:50','2025-05-06 16:19:50',12,NULL,NULL,NULL,NULL,40,NULL,NULL,NULL,NULL),
(453,'1cf4ca1777cf72e72b8665750c9af4b5','ea157ae5acb9a7eca78de62e7ac53de1',NULL,NULL,1,'doliwampon.ico','ecm/Images','/home/ldestailleur/git/dolibarr_dev/documents/ecm/Images/doliwampon.ico','','',NULL,'unknown',NULL,'2025-05-06 18:19:50','2025-05-06 16:19:50',12,NULL,NULL,NULL,NULL,41,NULL,NULL,NULL,NULL),
(454,'a5034ec152bf508b3aba176e87a195e1','975edbdb1ebc7424f7ad3441e3dd02c9','ccLEr892Xhmmjc0a1FQV3569xAFtIS7X',NULL,1,'invoice.png','ecm/Images','/home/ldestailleur/git/dolibarr_dev/documents/ecm/Images/invoice.png','','',NULL,'unknown',NULL,'2025-05-06 18:19:50','2025-05-06 16:24:54',12,12,NULL,NULL,NULL,42,NULL,NULL,NULL,NULL),
(749,'cc2f6f5d9019e680911d61dc88344f97','bceb6db0520a480a73212af5ba994df1',NULL,NULL,1,'README.txt','medias','/home/ldestailleur/git/dolibarr_dev/documents/medias/README.txt','','',NULL,'unknown',NULL,'2025-05-06 21:35:04','2025-05-06 19:35:04',12,NULL,NULL,NULL,NULL,1,NULL,NULL,NULL,NULL),
(750,'5680275f978fc338347214e924a4e063','7524f8b0884174ce01200d1fdaeec964',NULL,NULL,1,'background_coder.jpg','medias','/home/ldestailleur/git/dolibarr_dev/documents/medias/background_coder.jpg','','',NULL,'unknown',NULL,'2025-05-06 21:35:04','2025-05-06 19:35:04',12,NULL,NULL,NULL,NULL,2,NULL,NULL,NULL,NULL),
(751,'06eee71fcae304985dcab2e21402b4a5','5bc008c5569b8a80377cef8ddd7dcbdf',NULL,NULL,1,'background_dolibarr.jpg','medias','/home/ldestailleur/git/dolibarr_dev/documents/medias/background_dolibarr.jpg','','',NULL,'unknown',NULL,'2025-05-06 21:35:04','2025-05-06 19:35:04',12,NULL,NULL,NULL,NULL,3,NULL,NULL,NULL,NULL),
(752,'675558b6a08721844bc80d960b34889b','7a7b207ae9ef0025b2e64a3a6a158991',NULL,NULL,1,'background_rough-horn.jpg','medias','/home/ldestailleur/git/dolibarr_dev/documents/medias/background_rough-horn.jpg','','',NULL,'unknown',NULL,'2025-05-06 21:35:04','2025-05-06 19:35:04',12,NULL,NULL,NULL,NULL,4,NULL,NULL,NULL,NULL),
(753,'505904fb1f1daf77d157459d7358e14c','3d85dc44cd8e7404d070b5976fdc1b64',NULL,NULL,1,'background_sunset.jpg','medias','/home/ldestailleur/git/dolibarr_dev/documents/medias/background_sunset.jpg','','',NULL,'unknown',NULL,'2025-05-06 21:35:04','2025-05-06 19:35:04',12,NULL,NULL,NULL,NULL,5,NULL,NULL,NULL,NULL),
(755,'ba937c0e74b228bbb416e4f1c3715b6d','775357d62aaa9cd4e44fcffa488bd56b',NULL,NULL,1,'thirdparty.odt','societe/32','','','',NULL,'generated',NULL,'2025-05-09 15:40:33','2025-05-09 13:45:56',12,12,NULL,NULL,NULL,1,'societe',32,NULL,NULL),
(756,'e34380bf9bcc2c96263cae6007be3a74','f6730252604edd18bc8e674292ae209b','lJ3haUjii09PELnH7tv122Ug3DG2aVQ4',NULL,1,'TC1-2505-0003.pdf','facture/TC1-2505-0003','','','',NULL,'generated',NULL,'2025-05-10 14:39:36','2025-05-10 12:39:36',12,NULL,NULL,NULL,NULL,1,'facture',451,NULL,NULL),
(757,'a981e9a985aaade0c4a895416344b206','f8b8004e1c9bc27ecfb71c32aac8d3ce','n3TbG28peJV4e91F2lZJXzD0Y71yReaz',NULL,1,'TC1-2505-0005.pdf','facture/TC1-2505-0005','','','',NULL,'generated',NULL,'2025-05-10 14:41:50','2025-05-10 12:41:50',12,NULL,NULL,NULL,NULL,1,'facture',452,NULL,NULL),
(758,'c696964b02d58b45000090e53899167c','70c47436dc48a669cfcaf3419bee3515','6N2J3Kv5h17VzcvIvFdEqm462hKUPBe7',NULL,1,'TC1-2505-0006.pdf','facture/TC1-2505-0006','','','',NULL,'generated',NULL,'2025-05-10 14:43:32','2025-05-10 12:43:32',12,NULL,NULL,NULL,NULL,1,'facture',454,NULL,NULL),
(759,'aeee80a93a0687c3146f078f7dc9453e','e8a92604a4043c668d5539cb8252a9a4','7gipx9iRFW8Z1G96jQnlDGPV8ys68eD0',NULL,1,'TC1-2505-0007.pdf','facture/TC1-2505-0007','','','',NULL,'generated',NULL,'2025-05-10 14:52:34','2025-05-10 12:52:34',12,NULL,NULL,NULL,NULL,1,'facture',455,NULL,NULL),
(760,'1ade05a6d90447ad8d8d66546a8eb7cc','d19eaa5cb4794646a3456475f3b631a3','QKC4yC3lFJSlh1k366gMRSu0vPfg4o86',NULL,1,'TC1-2505-0008.pdf','facture/TC1-2505-0008','','','',NULL,'generated',NULL,'2025-05-10 16:12:58','2025-05-10 14:12:58',12,NULL,NULL,NULL,NULL,1,'facture',456,NULL,NULL),
(761,'82e30437846e5649b9eea2e519dfd0e6','fc2a4952869507cecf9c39889851f809',NULL,NULL,1,'Annexe.pdf','salaries/5','Annexe.pdf','','',NULL,'uploaded',NULL,'2025-06-16 23:16:24','2025-06-16 21:16:24',12,NULL,NULL,NULL,NULL,1,'salary',5,NULL,NULL),
(762,'46a83a8bd7e15e4ae7abb7e213dfd880','2c74d0b87e44b5cccdefb0477ca30b3e',NULL,NULL,1,'logoFE2025.png','resource/Car Kangoo 1','logoFE2025.png','','',NULL,'uploaded',NULL,'2025-06-25 17:34:09','2025-06-25 15:34:09',12,NULL,NULL,NULL,NULL,1,'resource',1,NULL,NULL),
(763,'6b80b3a62fb5d37fb302dcab1ff7fd18','2c74d0b87e44b5cccdefb0477ca30b3e',NULL,NULL,1,'logoFE2025.png','projet/PJ1607-0001','logoFE2025.png','','',NULL,'uploaded',NULL,'2025-06-25 17:36:15','2025-06-25 15:36:15',12,NULL,NULL,NULL,NULL,2,'projet',6,NULL,NULL),
(764,'855a577c31e23fceaf5123046f618825','2c74d0b87e44b5cccdefb0477ca30b3e',NULL,NULL,1,'logoFE2025.png','projet/PJ1607-0001b','/home/ldestailleur/git/dolibarr_dev/documents/projet/PJ1607-0001b/logoFE2025.png','','',NULL,'unknown',NULL,'2025-06-25 17:36:27','2025-06-25 15:36:27',12,NULL,NULL,NULL,NULL,1,NULL,NULL,NULL,NULL),
(765,'3199f88485240ddfcf711732e252ca21','cb924977cc584f9f1de7dca59f30bbd1',NULL,NULL,1,'FI2506-0004.pdf','ficheinter/FI2506-0004','/home/ldestailleur/git/dolibarr_dev/documents/ficheinter/(PROV5)/(PROV5).pdf','','',NULL,'unknown',NULL,'2025-06-26 22:50:36','2025-06-26 22:50:40',12,NULL,NULL,NULL,NULL,1,NULL,NULL,NULL,NULL);

--
-- Table structure for table `llx_ecm_files_extrafields`
--

CREATE TABLE `llx_ecm_files_extrafields` (
  `rowid` int(11) NOT NULL AUTO_INCREMENT,
  `tms` timestamp NOT NULL DEFAULT current_timestamp() ON UPDATE current_timestamp(),
  `fk_object` int(11) NOT NULL,
  `import_key` varchar(14) CHARACTER SET utf8mb4 COLLATE utf8mb4_general_ci DEFAULT NULL,
  PRIMARY KEY (`rowid`),
  UNIQUE KEY `uk_ecm_files_extrafields` (`fk_object`)
) ENGINE=InnoDB DEFAULT CHARSET=utf8mb3 COLLATE=utf8mb3_unicode_ci;

--
-- Dumping data for table `llx_ecm_files_extrafields`
--


--
-- Table structure for table `llx_ecotaxdeee`
--

CREATE TABLE `llx_ecotaxdeee` (
  `rowid` int(11) NOT NULL AUTO_INCREMENT,
  `code` varchar(16) DEFAULT NULL,
  `amount` decimal(10,2) DEFAULT NULL,
  `date_creation` datetime DEFAULT NULL,
  `date_modification` datetime DEFAULT current_timestamp() ON UPDATE current_timestamp(),
  PRIMARY KEY (`rowid`)
) ENGINE=InnoDB DEFAULT CHARSET=utf8mb4 COLLATE=utf8mb4_unicode_ci;

--
-- Dumping data for table `llx_ecotaxdeee`
--


--
-- Table structure for table `llx_element_categorie`
--

CREATE TABLE `llx_element_categorie` (
  `rowid` int(11) NOT NULL AUTO_INCREMENT,
  `fk_categorie` int(11) NOT NULL,
  `fk_element` int(11) NOT NULL,
  `import_key` varchar(14) DEFAULT NULL,
  PRIMARY KEY (`rowid`),
  UNIQUE KEY `idx_element_categorie_idx` (`fk_element`,`fk_categorie`),
  KEY `fk_element_categorie_fk_categorie` (`fk_categorie`),
  KEY `idx_element_categorie_fk_categorie` (`fk_categorie`),
  CONSTRAINT `fk_element_categorie_fk_categorie` FOREIGN KEY (`fk_categorie`) REFERENCES `llx_categorie` (`rowid`)
) ENGINE=InnoDB DEFAULT CHARSET=utf8mb3 COLLATE=utf8mb3_unicode_ci;

--
-- Dumping data for table `llx_element_categorie`
--


--
-- Table structure for table `llx_element_contact`
--

CREATE TABLE `llx_element_contact` (
  `rowid` int(11) NOT NULL AUTO_INCREMENT,
  `datecreate` datetime DEFAULT NULL,
  `statut` smallint(6) DEFAULT 5,
  `element_id` int(11) NOT NULL,
  `fk_c_type_contact` int(11) NOT NULL,
  `fk_socpeople` int(11) NOT NULL,
  PRIMARY KEY (`rowid`),
  UNIQUE KEY `idx_element_contact_idx1` (`element_id`,`fk_c_type_contact`,`fk_socpeople`),
  KEY `fk_element_contact_fk_c_type_contact` (`fk_c_type_contact`),
  KEY `idx_element_contact_fk_socpeople` (`fk_socpeople`),
  CONSTRAINT `fk_element_contact_fk_c_type_contact` FOREIGN KEY (`fk_c_type_contact`) REFERENCES `llx_c_type_contact` (`rowid`)
) ENGINE=InnoDB AUTO_INCREMENT=78 DEFAULT CHARSET=utf8mb3 COLLATE=utf8mb3_unicode_ci;

--
-- Dumping data for table `llx_element_contact`
--

INSERT INTO `llx_element_contact` VALUES
(1,'2012-07-09 00:49:43',4,1,160,1),
(2,'2012-07-09 00:49:56',4,2,160,1),
(3,'2012-07-09 00:50:19',4,3,160,1),
(4,'2012-07-09 00:50:42',4,4,160,1),
(5,'2012-07-09 01:52:36',4,1,120,1),
(6,'2012-07-09 01:53:25',4,1,10,2),
(7,'2012-07-09 01:53:25',4,1,11,2),
(8,'2012-07-10 18:13:37',4,2,10,2),
(9,'2012-07-10 18:13:37',4,2,11,2),
(11,'2012-07-11 16:22:36',4,5,160,1),
(12,'2012-07-11 16:23:53',4,2,180,1),
(13,'2015-01-23 15:04:27',4,19,200,5),
(14,'2015-01-23 16:06:37',4,19,210,2),
(15,'2015-01-23 16:12:43',4,19,220,2),
(16,'2015-03-06 10:04:57',4,3,10,1),
(17,'2015-03-06 10:04:57',4,3,11,1),
(18,'2016-12-21 13:52:41',4,3,180,1),
(19,'2016-12-21 13:55:39',4,4,180,1),
(20,'2016-12-21 14:16:58',4,5,180,1),
(21,'2018-07-30 15:29:07',4,6,160,12),
(22,'2018-07-30 15:29:48',4,7,160,12),
(23,'2018-07-30 15:30:25',4,8,160,12),
(24,'2018-07-30 15:33:27',4,6,180,12),
(25,'2018-07-30 15:33:39',4,7,180,12),
(26,'2018-07-30 15:33:54',4,8,180,12),
(27,'2018-07-30 15:34:09',4,9,180,12),
(28,'2018-07-31 18:27:20',4,9,160,12),
(29,'2019-09-26 14:09:02',4,2,155,12),
(30,'2019-09-26 14:10:31',4,3,157,1),
(31,'2019-09-26 14:10:57',4,3,155,14),
(33,'2019-11-29 12:52:53',4,7,155,16),
(34,'2019-12-21 19:46:33',4,10,160,12),
(35,'2019-12-21 19:49:28',4,11,160,12),
(36,'2019-12-21 19:52:12',4,12,160,12),
(37,'2019-12-21 19:53:21',4,13,160,12),
(38,'2020-06-12 19:13:21',4,4,180,12),
(39,'2020-06-12 19:13:21',4,1,161,12),
(40,'2023-01-04 13:58:48',4,6,156,4),
(42,'2023-01-04 13:58:57',4,6,155,3),
(43,'2023-01-04 14:00:23',4,6,156,12),
(45,'2023-01-17 08:16:16',4,6,161,1),
(46,'2023-01-17 08:16:16',4,6,181,1),
(47,'2023-01-17 08:16:16',4,7,181,1),
(48,'2023-01-17 08:16:16',4,8,181,1),
(49,'2023-01-17 08:16:16',4,9,181,1),
(50,'2023-01-17 08:16:16',4,7,161,1),
(51,'2025-01-03 14:59:56',4,5,10,29),
(52,'2025-01-03 14:59:56',4,5,11,29),
(53,'2025-01-03 15:05:10',4,6,10,29),
(54,'2025-01-03 15:05:10',4,6,11,29),
(55,'2025-01-03 15:08:56',4,7,10,29),
(56,'2025-01-03 15:08:56',4,7,11,29),
(57,'2025-01-03 15:13:54',4,8,10,29),
(58,'2025-01-03 15:13:54',4,8,11,29),
(59,'2025-01-03 15:17:40',4,9,10,29),
(60,'2025-01-03 15:17:40',4,9,11,29),
(61,'2025-01-20 12:13:25',4,14,160,12),
(62,'2025-01-28 17:39:40',4,10,10,29),
(63,'2025-01-28 17:39:40',4,10,11,29),
(71,'2025-03-25 19:03:51',4,14,171,16),
(72,'2025-03-25 19:03:57',4,14,171,17),
(73,'2025-03-25 19:08:02',4,14,161,39),
(74,'2025-05-27 11:09:44',4,9,155,12),
(75,'2025-06-25 10:12:55',4,15,160,12),
(76,'2025-06-26 17:54:04',4,14,10,12),
(77,'2025-06-26 17:54:04',4,14,11,12);

--
-- Table structure for table `llx_element_element`
--

CREATE TABLE `llx_element_element` (
  `rowid` int(11) NOT NULL AUTO_INCREMENT,
  `fk_source` int(11) NOT NULL,
  `sourcetype` varchar(64) NOT NULL,
  `fk_target` int(11) NOT NULL,
  `targettype` varchar(64) NOT NULL,
  `relationtype` varchar(64) DEFAULT NULL,
  PRIMARY KEY (`rowid`),
  UNIQUE KEY `idx_element_element_idx1` (`fk_source`,`sourcetype`,`fk_target`,`targettype`),
  KEY `idx_element_element_fk_target` (`fk_target`)
) ENGINE=InnoDB AUTO_INCREMENT=43 DEFAULT CHARSET=utf8mb3 COLLATE=utf8mb3_unicode_ci;

--
-- Dumping data for table `llx_element_element`
--

INSERT INTO `llx_element_element` VALUES
(1,2,'contrat',2,'facture',NULL),
(2,2,'propal',1,'commande',NULL),
(3,5,'commande',1,'shipping',NULL),
(4,1,'order_supplier',20,'invoice_supplier',NULL),
(5,2,'cabinetmed_cabinetmedcons',216,'facture',NULL),
(6,75,'commande',2,'shipping',NULL),
(9,28,'propal',90,'commande',NULL),
(10,29,'propal',91,'commande',NULL),
(11,25,'propal',92,'commande',NULL),
(12,1,'shipping',217,'facture',NULL),
(13,5,'commande',217,'facture',NULL),
(14,29,'propal',94,'commande',NULL),
(15,29,'propal',95,'commande',NULL),
(18,34,'propal',96,'commande',NULL),
(19,34,'propal',97,'commande',NULL),
(20,62,'commande',220,'facture',NULL),
(21,62,'commande',221,'facture',NULL),
(22,62,'commande',222,'facture',NULL),
(23,62,'commande',223,'facture',NULL),
(24,62,'commande',224,'facture',NULL),
(25,62,'commande',225,'facture',NULL),
(26,36,'propal',98,'commande',NULL),
(27,36,'propal',227,'facture',NULL),
(28,36,'propal',99,'commande',NULL),
(29,36,'propal',228,'facture',NULL),
(30,4,'subscription',229,'facture',NULL),
(31,5,'subscription',230,'facture',NULL),
(32,6,'subscription',231,'facture',NULL),
(33,2,'order_supplier',1,'reception',NULL),
(34,237,'facture',238,'facture',NULL),
(35,2,'contrat',239,'facture',NULL),
(36,88,'commande',242,'facture',NULL),
(37,84,'commande',248,'facture',NULL),
(38,84,'commande',249,'facture',NULL),
(39,84,'commande',250,'facture',NULL),
(41,85,'commande',447,'facture',NULL),
(42,78,'commande',4,'shipping',NULL);

--
-- Table structure for table `llx_element_resources`
--

CREATE TABLE `llx_element_resources` (
  `rowid` int(11) NOT NULL AUTO_INCREMENT,
  `element_id` int(11) DEFAULT NULL,
  `element_type` varchar(64) DEFAULT NULL,
  `resource_id` int(11) DEFAULT NULL,
  `resource_type` varchar(64) DEFAULT NULL,
  `busy` int(11) DEFAULT NULL,
  `mandatory` int(11) DEFAULT NULL,
  `fk_user_create` int(11) DEFAULT NULL,
  `tms` timestamp NOT NULL DEFAULT current_timestamp() ON UPDATE current_timestamp(),
  `duree` double DEFAULT NULL,
  PRIMARY KEY (`rowid`),
  UNIQUE KEY `idx_element_resources_idx1` (`resource_id`,`resource_type`,`element_id`,`element_type`),
  KEY `idx_element_element_element_id` (`element_id`)
) ENGINE=InnoDB AUTO_INCREMENT=4 DEFAULT CHARSET=utf8mb3 COLLATE=utf8mb3_unicode_ci;

--
-- Dumping data for table `llx_element_resources`
--

INSERT INTO `llx_element_resources` VALUES
(1,604,'action',4,'dolresource',1,0,NULL,'2020-06-12 17:28:39',NULL),
(2,1621,'action',1,'dolresource',1,1,NULL,'2025-04-11 21:23:21',NULL),
(3,1621,'action',2,'dolresource',1,1,NULL,'2025-04-22 17:21:31',NULL);

--
-- Table structure for table `llx_element_time`
--

CREATE TABLE `llx_element_time` (
  `rowid` int(11) NOT NULL AUTO_INCREMENT,
  `fk_element` int(11) NOT NULL,
  `elementtype` varchar(32) NOT NULL DEFAULT 'task',
  `element_date` date DEFAULT NULL,
  `element_datehour` datetime DEFAULT NULL,
  `element_date_withhour` int(11) DEFAULT NULL,
  `element_duration` double DEFAULT NULL,
  `fk_user` int(11) DEFAULT NULL,
  `thm` double(24,8) DEFAULT NULL,
  `note` text DEFAULT NULL,
  `invoice_id` int(11) DEFAULT NULL,
  `invoice_line_id` int(11) DEFAULT NULL,
  `import_key` varchar(14) DEFAULT NULL,
  `datec` datetime DEFAULT NULL,
  `tms` timestamp NOT NULL DEFAULT current_timestamp() ON UPDATE current_timestamp(),
  `intervention_id` int(11) DEFAULT NULL,
  `intervention_line_id` int(11) DEFAULT NULL,
  `fk_product` int(11) DEFAULT NULL,
  `ref_ext` varchar(32) DEFAULT NULL,
  PRIMARY KEY (`rowid`),
  KEY `idx_element_time_task` (`fk_element`),
  KEY `idx_element_time_date` (`element_date`),
  KEY `idx_element_time_datehour` (`element_datehour`)
) ENGINE=InnoDB AUTO_INCREMENT=31 DEFAULT CHARSET=utf8mb3 COLLATE=utf8mb3_unicode_ci;

--
-- Dumping data for table `llx_element_time`
--

INSERT INTO `llx_element_time` VALUES
(2,4,'task','2016-12-21','2016-12-21 12:00:00',0,3600,1,NULL,'',NULL,NULL,NULL,NULL,'2020-12-10 12:24:40',NULL,NULL,NULL,NULL),
(3,4,'task','2016-12-18','2016-12-18 12:00:00',0,3600,1,NULL,NULL,NULL,NULL,NULL,NULL,'2020-12-10 12:24:40',NULL,NULL,NULL,NULL),
(4,3,'task','2016-12-21','2016-12-21 12:00:00',0,3600,1,NULL,NULL,NULL,NULL,NULL,NULL,'2020-12-10 12:24:40',NULL,NULL,NULL,NULL),
(5,3,'task','2016-12-21','2016-12-21 12:00:00',0,1800,1,NULL,NULL,NULL,NULL,NULL,NULL,'2020-12-10 12:24:40',NULL,NULL,NULL,NULL),
(6,3,'task','2016-12-21','2016-12-21 12:00:00',0,3600,1,NULL,NULL,NULL,NULL,NULL,NULL,'2020-12-10 12:24:40',NULL,NULL,NULL,NULL),
(7,6,'task','2018-07-25','2018-07-25 00:00:00',0,18000,12,NULL,NULL,NULL,NULL,NULL,NULL,'2020-12-10 12:24:40',NULL,NULL,NULL,NULL),
(15,7,'task','2017-01-30','2017-01-30 10:00:00',1,660,12,NULL,'',0,0,NULL,NULL,'2020-12-10 12:24:40',NULL,NULL,0,NULL),
(16,4,'task','2020-06-13','2020-06-13 00:00:00',0,3600,12,NULL,'',NULL,NULL,NULL,NULL,'2020-06-12 17:13:30',NULL,NULL,NULL,NULL),
(18,8,'task','2023-02-23','2023-02-23 12:00:00',0,7200,12,NULL,'',NULL,NULL,NULL,'2023-02-23 18:10:26','2023-02-23 21:10:26',NULL,NULL,0,NULL),
(29,6,'task','2023-08-15','2023-08-15 12:00:00',NULL,3720,12,NULL,'',NULL,NULL,NULL,'2023-08-15 11:50:21','2023-08-15 11:50:21',NULL,NULL,NULL,NULL);

--
-- Table structure for table `llx_emailcollector_emailcollector`
--

CREATE TABLE `llx_emailcollector_emailcollector` (
  `rowid` int(11) NOT NULL AUTO_INCREMENT,
  `entity` int(11) NOT NULL DEFAULT 1,
  `ref` varchar(128) NOT NULL,
  `label` varchar(255) DEFAULT NULL,
  `description` mediumtext DEFAULT NULL,
  `host` varchar(255) DEFAULT NULL,
  `user` varchar(128) DEFAULT NULL,
  `password` varchar(128) DEFAULT NULL,
  `source_directory` varchar(255) DEFAULT NULL,
  `filter` mediumtext DEFAULT NULL,
  `actiontodo` varchar(255) DEFAULT NULL,
  `target_directory` varchar(255) DEFAULT NULL,
  `datelastresult` datetime DEFAULT NULL,
  `lastresult` text DEFAULT NULL,
  `note_public` mediumtext DEFAULT NULL,
  `note_private` mediumtext DEFAULT NULL,
  `date_creation` datetime NOT NULL,
  `tms` timestamp NOT NULL DEFAULT current_timestamp() ON UPDATE current_timestamp(),
  `fk_user_creat` int(11) NOT NULL,
  `fk_user_modif` int(11) DEFAULT NULL,
  `import_key` varchar(14) DEFAULT NULL,
  `status` int(11) NOT NULL,
  `codelastresult` varchar(16) DEFAULT NULL,
  `position` int(11) DEFAULT 0,
  `login` varchar(128) DEFAULT NULL,
  `datelastok` datetime DEFAULT NULL,
  `maxemailpercollect` int(11) DEFAULT 100,
  `hostcharset` varchar(16) DEFAULT 'UTF-8',
  `imap_encryption` varchar(16) DEFAULT 'ssl',
  `norsh` int(11) DEFAULT 0,
  `port` varchar(10) DEFAULT '993',
  `acces_type` int(11) DEFAULT 0,
  `oauth_service` varchar(128) DEFAULT NULL,
  PRIMARY KEY (`rowid`),
  UNIQUE KEY `uk_emailcollector_emailcollector_ref` (`ref`,`entity`),
  KEY `idx_emailcollector_rowid` (`rowid`),
  KEY `idx_emailcollector_entity` (`entity`),
  KEY `idx_emailcollector_status` (`status`)
) ENGINE=InnoDB AUTO_INCREMENT=18 DEFAULT CHARSET=utf8mb3 COLLATE=utf8mb3_unicode_ci;

--
-- Dumping data for table `llx_emailcollector_emailcollector`
--

INSERT INTO `llx_emailcollector_emailcollector` VALUES
(3,1,'Collect_Ticket_Requests','Example to collect ticket requests','This collector will scan your mailbox to find emails that match some rules and create automatically a ticket (Module Ticket must be enabled) with the email informations. You can use this collector if you provide some support by email, so your ticket request will be automatically generated. If the collector Collect_Responses is also enabled, when you send an email from the ticket, you may also see answers of your customers or partners directly on the ticket view.',NULL,NULL,NULL,'INBOX',NULL,NULL,NULL,NULL,NULL,NULL,NULL,'2020-01-13 00:13:55','2020-12-10 12:24:38',12,NULL,NULL,0,NULL,0,NULL,NULL,100,'UTF-8','ssl',0,'993',0,NULL),
(4,1,'Collect_Responses_In','Example to collect any email responses','This collector will scan your mailbox to find all emails that are an answer of an email sent from your application. An event with the email response will be recorded at the good place (Module Agenda must be enabled). For example, if your send a commercial proposal, order or invoice by email and your customer answers your email, the system will automatically find the answer and add it into your ERP.',NULL,NULL,NULL,'INBOX',NULL,NULL,NULL,NULL,NULL,NULL,NULL,'2020-01-13 00:13:55','2020-12-10 12:24:38',12,NULL,NULL,0,NULL,0,NULL,NULL,100,'UTF-8','ssl',0,'993',0,NULL),
(5,1,'Collect_Leads','Example to collect leads','This collector will scan your mailbox to find emails that match some rules and create automatically a lead (Module Project must be enabled) with the email informations. You can use this collector if you want to follow your lead using the module Project (1 lead = 1 project), so your leads will be automatically generated. If the collector Collect_Responses is also enabled, when you send an email from your leads, proposals or any other object, you may also see answers of your customers or partners directly on the application.<br>Note: With this initial example, the title of the lead is generated including the email. If the thirdparty can\'t be found in database (new customer), the lead will be attached to the thirdparty with ID 1.',NULL,NULL,NULL,'INBOX',NULL,NULL,NULL,NULL,NULL,NULL,NULL,'2020-01-13 00:13:55','2020-01-12 20:13:55',12,NULL,NULL,0,NULL,0,NULL,NULL,100,'UTF-8','ssl',0,'993',0,NULL),
(6,1,'Test_M',NULL,NULL,'outlook.office365.com',NULL,NULL,'Inbox',NULL,NULL,'',NULL,NULL,NULL,NULL,'2023-02-07 16:37:42','2023-02-07 19:37:42',12,12,NULL,0,NULL,0,'myemail@outlook.fr',NULL,100,'UTF-8','ssl',0,'993',1,'MICROSOFT-ddd'),
(7,1,'Test_G',NULL,NULL,'imap.gmail.com',NULL,NULL,'Inbox',NULL,NULL,'',NULL,NULL,NULL,NULL,'2023-02-07 16:37:42','2023-02-07 19:37:42',12,12,NULL,0,NULL,0,'contact@mydomain.com',NULL,100,'UTF-8','ssl',0,'993',1,'GOOGLE-bbb'),
(11,1,'Collect_Responses_Out','Example collecting e-mail answers sent from an external e-mail software','Example collecting e-mail answers sent from an external e-mail software',NULL,NULL,NULL,'Sent',NULL,NULL,NULL,NULL,NULL,NULL,NULL,'2025-03-25 19:50:17','2025-03-25 19:50:17',1,NULL,NULL,0,NULL,0,NULL,NULL,100,'UTF-8','ssl',0,'993',0,NULL),
(12,1,'Collect_Candidatures','Example collecting job candidatures received by e-mail','Collect emails applying to job offers (Module Recruitment must be enabled). You can complete this collector if you want to automatically create a candidature for a job request. Note: With this initial example, the title of the candidature is generated including the email.',NULL,NULL,NULL,'INBOX',NULL,NULL,NULL,NULL,NULL,NULL,NULL,'2025-03-25 19:50:17','2025-03-25 19:50:17',1,NULL,NULL,0,NULL,0,NULL,NULL,100,'UTF-8','ssl',0,'993',0,NULL);

--
-- Table structure for table `llx_emailcollector_emailcollectoraction`
--

CREATE TABLE `llx_emailcollector_emailcollectoraction` (
  `rowid` int(11) NOT NULL AUTO_INCREMENT,
  `fk_emailcollector` int(11) NOT NULL,
  `type` varchar(128) NOT NULL,
  `actionparam` text DEFAULT NULL,
  `date_creation` datetime NOT NULL,
  `tms` timestamp NOT NULL DEFAULT current_timestamp() ON UPDATE current_timestamp(),
  `fk_user_creat` int(11) NOT NULL,
  `fk_user_modif` int(11) DEFAULT NULL,
  `import_key` varchar(14) DEFAULT NULL,
  `status` int(11) NOT NULL,
  `position` int(11) DEFAULT 0,
  PRIMARY KEY (`rowid`),
  UNIQUE KEY `uk_emailcollector_emailcollectoraction` (`fk_emailcollector`,`type`),
  KEY `idx_emailcollector_fk_emailcollector` (`fk_emailcollector`),
  CONSTRAINT `fk_emailcollectoraction_fk_emailcollector` FOREIGN KEY (`fk_emailcollector`) REFERENCES `llx_emailcollector_emailcollector` (`rowid`)
) ENGINE=InnoDB AUTO_INCREMENT=24 DEFAULT CHARSET=utf8mb3 COLLATE=utf8mb3_unicode_ci;

--
-- Dumping data for table `llx_emailcollector_emailcollectoraction`
--

INSERT INTO `llx_emailcollector_emailcollectoraction` VALUES
(18,3,'ticket',NULL,'2020-01-13 00:13:55','2020-01-12 20:13:55',12,NULL,NULL,1,0),
(19,4,'recordevent',NULL,'2020-01-13 00:13:55','2020-01-12 20:13:55',12,NULL,NULL,1,0),
(20,5,'project','tmp_from=EXTRACT:HEADER:^From:(.*);socid=SETIFEMPTY:1;usage_opportunity=SET:1;description=EXTRACT:BODY:(.*);title=SET:Lead or message from __tmp_from__ received by email','2020-01-13 00:13:55','2020-01-13 10:57:14',12,NULL,NULL,1,2),
(21,5,'loadthirdparty',NULL,'2020-01-13 14:57:08','2020-01-13 10:57:14',12,NULL,NULL,1,1),
(22,11,'recordevent',NULL,'2025-03-25 19:50:17','2025-03-25 19:50:17',1,NULL,NULL,1,0),
(23,12,'candidature','tmp_from=EXTRACT:HEADER:^From:(.*)(<.*>)?\nfk_recruitmentjobposition=EXTRACT:HEADER:^To:[^\\n]*\\+([^\\n]*)\ndescription=EXTRACT:BODY:(.*)\nlastname=SET:__tmp_from__','2025-03-25 19:50:17','2025-03-25 19:50:17',1,NULL,NULL,1,0);

--
-- Table structure for table `llx_emailcollector_emailcollectorfilter`
--

CREATE TABLE `llx_emailcollector_emailcollectorfilter` (
  `rowid` int(11) NOT NULL AUTO_INCREMENT,
  `fk_emailcollector` int(11) NOT NULL,
  `type` varchar(128) NOT NULL,
  `rulevalue` varchar(255) DEFAULT NULL,
  `date_creation` datetime NOT NULL,
  `tms` timestamp NOT NULL DEFAULT current_timestamp() ON UPDATE current_timestamp(),
  `fk_user_creat` int(11) NOT NULL,
  `fk_user_modif` int(11) DEFAULT NULL,
  `import_key` varchar(14) DEFAULT NULL,
  `status` int(11) NOT NULL,
  PRIMARY KEY (`rowid`),
  UNIQUE KEY `uk_emailcollector_emailcollectorfilter` (`fk_emailcollector`,`type`,`rulevalue`),
  KEY `idx_emailcollector_fk_emailcollector` (`fk_emailcollector`),
  CONSTRAINT `fk_emailcollector_fk_emailcollector` FOREIGN KEY (`fk_emailcollector`) REFERENCES `llx_emailcollector_emailcollector` (`rowid`),
  CONSTRAINT `fk_emailcollectorfilter_fk_emailcollector` FOREIGN KEY (`fk_emailcollector`) REFERENCES `llx_emailcollector_emailcollector` (`rowid`)
) ENGINE=InnoDB AUTO_INCREMENT=30 DEFAULT CHARSET=utf8mb3 COLLATE=utf8mb3_unicode_ci;

--
-- Dumping data for table `llx_emailcollector_emailcollectorfilter`
--

INSERT INTO `llx_emailcollector_emailcollectorfilter` VALUES
(21,3,'withouttrackingid',NULL,'2020-01-13 00:13:55','2020-01-12 20:13:55',12,NULL,NULL,1),
(22,3,'to','support@example.com','2020-01-13 00:13:55','2020-01-12 20:13:55',12,NULL,NULL,1),
(23,4,'withtrackingid',NULL,'2020-01-13 00:13:55','2020-01-12 20:13:55',12,NULL,NULL,1),
(24,5,'withouttrackingid',NULL,'2020-01-13 00:13:55','2020-01-12 20:13:55',12,NULL,NULL,1),
(25,5,'to','sales@example.com','2020-01-13 00:13:55','2020-01-12 20:13:55',12,NULL,NULL,1),
(26,11,'isanswer',NULL,'2025-03-25 19:50:17','2025-03-25 19:50:17',1,NULL,NULL,1),
(27,11,'withouttrackingidinmsgid',NULL,'2025-03-25 19:50:17','2025-03-25 19:50:17',1,NULL,NULL,1),
(28,12,'isnotanswer',NULL,'2025-03-25 19:50:17','2025-03-25 19:50:17',1,NULL,NULL,1),
(29,12,'to','jobs@example.com','2025-03-25 19:50:17','2025-03-25 19:50:17',1,NULL,NULL,1);

--
-- Table structure for table `llx_entrepot`
--

CREATE TABLE `llx_entrepot` (
  `rowid` int(11) NOT NULL AUTO_INCREMENT,
  `datec` datetime DEFAULT NULL,
  `tms` timestamp NOT NULL DEFAULT current_timestamp() ON UPDATE current_timestamp(),
  `ref` varchar(255) DEFAULT NULL,
  `entity` int(11) NOT NULL DEFAULT 1,
  `fk_project` int(11) DEFAULT NULL,
  `description` text DEFAULT NULL,
  `lieu` varchar(64) DEFAULT NULL,
  `address` varchar(255) DEFAULT NULL,
  `zip` varchar(10) DEFAULT NULL,
  `town` varchar(50) DEFAULT NULL,
  `fk_departement` int(11) DEFAULT NULL,
  `fk_pays` int(11) DEFAULT 0,
  `statut` tinyint(4) DEFAULT 1,
  `fk_user_author` int(11) DEFAULT NULL,
  `model_pdf` varchar(255) DEFAULT NULL,
  `import_key` varchar(14) DEFAULT NULL,
  `fk_parent` int(11) DEFAULT 0,
  `fax` varchar(30) DEFAULT NULL,
  `phone` varchar(30) DEFAULT NULL,
  `warehouse_usage` int(11) DEFAULT 1,
  `barcode` varchar(180) DEFAULT NULL,
  `fk_barcode_type` int(11) DEFAULT NULL,
  PRIMARY KEY (`rowid`),
  UNIQUE KEY `uk_entrepot_label` (`ref`,`entity`)
) ENGINE=InnoDB AUTO_INCREMENT=23 DEFAULT CHARSET=utf8mb3 COLLATE=utf8mb3_unicode_ci;

--
-- Dumping data for table `llx_entrepot`
--

INSERT INTO `llx_entrepot` VALUES
(1,'2012-07-09 00:31:22','2020-06-12 17:18:30','WAREHOUSEHOUSTON',1,NULL,'Warehouse located at Houston','Warehouse houston','','','Houston',NULL,11,1,1,NULL,NULL,NULL,'','',1,NULL,NULL),
(2,'2012-07-09 00:41:03','2020-06-12 17:18:33','WAREHOUSEPARIS',1,NULL,'','Warehouse Paris','','75000','Paris',NULL,1,1,1,NULL,NULL,NULL,'','',1,NULL,NULL),
(3,'2012-07-11 16:18:59','2020-06-12 17:18:25','Stock personnel Dupont',1,NULL,'Cet entrepôt représente le stock personnel de Alain Dupont','','','','',NULL,2,1,1,NULL,NULL,NULL,'','',1,NULL,NULL),
(9,'2017-10-03 11:47:41','2017-10-03 09:47:41','Personal stock Marie Curie',1,NULL,'This warehouse represents personal stock of Marie Curie','','','','',NULL,1,1,1,NULL,NULL,0,NULL,NULL,1,NULL,NULL),
(10,'2017-10-05 09:07:52','2018-07-30 13:52:24','Personal stock Alex Theceo',1,NULL,'This warehouse represents personal stock of Alex Theceo','','','','',NULL,3,1,1,NULL,NULL,0,NULL,NULL,1,NULL,NULL),
(12,'2017-10-05 21:29:35','2017-10-05 19:29:35','Personal stock Charly Commery',1,NULL,'This warehouse represents personal stock of Charly Commery','','','','',NULL,1,1,11,NULL,NULL,0,NULL,NULL,1,NULL,NULL),
(13,'2017-10-05 21:33:33','2018-07-30 13:51:38','Personal stock Sam Scientol',1,NULL,'This warehouse represents personal stock of Sam Scientol','','','7500','Paris',NULL,1,0,11,NULL,NULL,0,NULL,NULL,1,NULL,NULL),
(18,'2018-01-22 17:27:02','2020-06-12 17:18:18','Personal stock Laurent Destailleur',1,NULL,'This warehouse represents personal stock of Laurent Destailleur','','','','',NULL,1,1,12,NULL,NULL,NULL,'','',1,NULL,NULL),
(19,'2018-07-30 16:50:23','2020-06-12 17:18:12','Personal stock Eldy',1,NULL,'This warehouse represents personal stock of Eldy','','','','',NULL,14,1,12,NULL,NULL,NULL,'','',1,NULL,NULL),
(20,'2017-02-02 03:55:45','2020-06-12 17:18:55','Personal stock Alex Boston',1,NULL,'This warehouse represents personal stock of Alex Boston','PSTOCKALEXB','','','',NULL,14,1,12,NULL,NULL,NULL,'','',1,NULL,NULL),
(21,'2024-12-12 12:15:58','2024-12-12 12:15:58','Emplacement 1',1,NULL,'','','','','',NULL,117,1,12,NULL,NULL,NULL,'','',1,NULL,NULL);

--
-- Table structure for table `llx_entrepot_extrafields`
--

CREATE TABLE `llx_entrepot_extrafields` (
  `rowid` int(11) NOT NULL AUTO_INCREMENT,
  `tms` timestamp NOT NULL DEFAULT current_timestamp() ON UPDATE current_timestamp(),
  `fk_object` int(11) NOT NULL,
  `import_key` varchar(14) DEFAULT NULL,
  `aaaa` int(11) DEFAULT NULL,
  PRIMARY KEY (`rowid`),
  UNIQUE KEY `uk_entrepot_extrafields` (`fk_object`)
) ENGINE=InnoDB AUTO_INCREMENT=2 DEFAULT CHARSET=utf8mb3 COLLATE=utf8mb3_unicode_ci;

--
-- Dumping data for table `llx_entrepot_extrafields`
--


--
-- Table structure for table `llx_establishment`
--

CREATE TABLE `llx_establishment` (
  `rowid` int(11) NOT NULL AUTO_INCREMENT,
  `entity` int(11) NOT NULL DEFAULT 1,
  `name` varchar(50) DEFAULT NULL,
  `address` varchar(255) DEFAULT NULL,
  `zip` varchar(25) DEFAULT NULL,
  `town` varchar(50) DEFAULT NULL,
  `fk_state` int(11) DEFAULT 0,
  `fk_country` int(11) DEFAULT 0,
  `profid1` varchar(20) DEFAULT NULL,
  `profid2` varchar(20) DEFAULT NULL,
  `profid3` varchar(20) DEFAULT NULL,
  `phone` varchar(30) DEFAULT NULL,
  `fk_user_author` int(11) NOT NULL,
  `fk_user_mod` int(11) DEFAULT NULL,
  `datec` datetime NOT NULL,
  `tms` timestamp NOT NULL DEFAULT current_timestamp() ON UPDATE current_timestamp(),
  `status` tinyint(4) DEFAULT 1,
  `ref` varchar(30) NOT NULL,
  `label` varchar(128) DEFAULT NULL,
  PRIMARY KEY (`rowid`)
) ENGINE=InnoDB DEFAULT CHARSET=utf8mb3 COLLATE=utf8mb3_unicode_ci;

--
-- Dumping data for table `llx_establishment`
--


--
-- Table structure for table `llx_event_element`
--

CREATE TABLE `llx_event_element` (
  `rowid` int(11) NOT NULL AUTO_INCREMENT,
  `fk_source` int(11) NOT NULL,
  `fk_target` int(11) NOT NULL,
  `targettype` varchar(32) NOT NULL,
  PRIMARY KEY (`rowid`)
) ENGINE=InnoDB DEFAULT CHARSET=utf8mb3 COLLATE=utf8mb3_unicode_ci;

--
-- Dumping data for table `llx_event_element`
--


--
-- Table structure for table `llx_eventorganization_conferenceorboothattendee`
--

CREATE TABLE `llx_eventorganization_conferenceorboothattendee` (
  `rowid` int(11) NOT NULL AUTO_INCREMENT,
  `ref` varchar(128) NOT NULL,
  `fk_soc` int(11) DEFAULT NULL,
  `fk_actioncomm` int(11) DEFAULT NULL,
  `email` varchar(100) DEFAULT NULL,
  `email_company` varchar(128) DEFAULT NULL,
  `date_subscription` datetime DEFAULT NULL,
  `amount` double DEFAULT NULL,
  `note_public` text DEFAULT NULL,
  `note_private` text DEFAULT NULL,
  `date_creation` datetime NOT NULL,
  `tms` timestamp NOT NULL DEFAULT current_timestamp() ON UPDATE current_timestamp(),
  `fk_user_creat` int(11) DEFAULT NULL,
  `fk_user_modif` int(11) DEFAULT NULL,
  `last_main_doc` varchar(255) DEFAULT NULL,
  `import_key` varchar(14) DEFAULT NULL,
  `model_pdf` varchar(255) DEFAULT NULL,
  `status` smallint(6) NOT NULL,
  `fk_project` int(11) NOT NULL,
  `fk_invoice` int(11) DEFAULT NULL,
  `firstname` varchar(100) DEFAULT NULL,
  `lastname` varchar(100) DEFAULT NULL,
  `ip` varchar(250) DEFAULT NULL,
  PRIMARY KEY (`rowid`),
  UNIQUE KEY `uk_eventorganization_confboothattendee` (`ref`),
  UNIQUE KEY `uk_eventorganization_conferenceorboothattendee` (`fk_project`,`email`,`fk_actioncomm`),
  KEY `idx_eventorganization_conferenceorboothattendee_rowid` (`rowid`),
  KEY `idx_eventorganization_conferenceorboothattendee_fk_soc` (`fk_soc`),
  KEY `idx_eventorganization_conferenceorboothattendee_fk_actioncomm` (`fk_actioncomm`),
  KEY `idx_eventorganization_conferenceorboothattendee_email` (`email`),
  KEY `idx_eventorganization_conferenceorboothattendee_status` (`status`)
) ENGINE=InnoDB AUTO_INCREMENT=4 DEFAULT CHARSET=utf8mb3 COLLATE=utf8mb3_unicode_ci;

--
-- Dumping data for table `llx_eventorganization_conferenceorboothattendee`
--

INSERT INTO `llx_eventorganization_conferenceorboothattendee` VALUES
(1,'1',NULL,NULL,'aa@aa.com',NULL,'2025-04-18 14:07:00',NULL,'','','2025-04-18 14:08:09','2025-04-18 12:08:09',12,12,NULL,NULL,NULL,0,14,NULL,'','',NULL),
(2,'2',NULL,NULL,'daviddoe@example.com',NULL,'2025-05-06 11:20:00',NULL,'','','2025-05-06 11:20:33','2025-05-06 09:20:33',12,12,NULL,NULL,NULL,5,14,NULL,'','',NULL),
(3,'3',NULL,NULL,'gdf@gfdg.com',NULL,'2025-05-06 11:21:00',NULL,'','','2025-05-06 11:22:03','2025-05-06 09:22:03',12,12,NULL,NULL,NULL,1,14,NULL,'','',NULL);

--
-- Table structure for table `llx_eventorganization_conferenceorboothattendee_extrafields`
--

CREATE TABLE `llx_eventorganization_conferenceorboothattendee_extrafields` (
  `rowid` int(11) NOT NULL AUTO_INCREMENT,
  `tms` timestamp NOT NULL DEFAULT current_timestamp() ON UPDATE current_timestamp(),
  `fk_object` int(11) NOT NULL,
  `import_key` varchar(14) DEFAULT NULL,
  PRIMARY KEY (`rowid`),
  UNIQUE KEY `uk_conferenceorboothattendee_fk_object` (`fk_object`)
) ENGINE=InnoDB DEFAULT CHARSET=utf8mb3 COLLATE=utf8mb3_unicode_ci;

--
-- Dumping data for table `llx_eventorganization_conferenceorboothattendee_extrafields`
--


--
-- Table structure for table `llx_events`
--

CREATE TABLE `llx_events` (
  `rowid` int(11) NOT NULL AUTO_INCREMENT,
  `tms` timestamp NOT NULL DEFAULT current_timestamp() ON UPDATE current_timestamp(),
  `type` varchar(32) NOT NULL,
  `entity` int(11) NOT NULL DEFAULT 1,
  `dateevent` datetime DEFAULT NULL,
  `fk_user` int(11) DEFAULT NULL,
  `description` varchar(250) NOT NULL,
  `ip` varchar(250) DEFAULT NULL,
  `user_agent` varchar(255) DEFAULT NULL,
  `fk_object` int(11) DEFAULT NULL,
  `prefix_session` varchar(255) DEFAULT NULL,
  `authentication_method` varchar(64) DEFAULT NULL,
  `fk_oauth_token` int(11) DEFAULT NULL,
  PRIMARY KEY (`rowid`),
  KEY `idx_events_dateevent` (`dateevent`)
) ENGINE=InnoDB AUTO_INCREMENT=2141 DEFAULT CHARSET=utf8mb3 COLLATE=utf8mb3_unicode_ci;

--
-- Dumping data for table `llx_events`
--

INSERT INTO `llx_events` VALUES
(30,'2013-07-18 18:23:06','USER_LOGOUT',1,'2013-07-18 20:23:06',1,'(UserLogoff,admin)','127.0.0.1','Mozilla/5.0 (X11; Linux i686; rv:5.0) Gecko/20100101 Firefox/5.0',NULL,NULL,NULL,NULL),
(31,'2013-07-18 18:23:12','USER_LOGIN_FAILED',1,'2013-07-18 20:23:12',NULL,'Identifiants login ou mot de passe incorrects - login=admin','127.0.0.1','Mozilla/5.0 (X11; Linux i686; rv:5.0) Gecko/20100101 Firefox/5.0',NULL,NULL,NULL,NULL),
(32,'2013-07-18 18:23:17','USER_LOGIN',1,'2013-07-18 20:23:17',1,'(UserLogged,admin)','127.0.0.1','Mozilla/5.0 (X11; Linux i686; rv:5.0) Gecko/20100101 Firefox/5.0',NULL,NULL,NULL,NULL),
(33,'2013-07-18 20:10:51','USER_LOGIN_FAILED',1,'2013-07-18 22:10:51',NULL,'Identifiants login ou mot de passe incorrects - login=admin','127.0.0.1','Mozilla/5.0 (X11; Linux i686; rv:5.0) Gecko/20100101 Firefox/5.0',NULL,NULL,NULL,NULL),
(34,'2013-07-18 20:10:55','USER_LOGIN',1,'2013-07-18 22:10:55',1,'(UserLogged,admin)','127.0.0.1','Mozilla/5.0 (X11; Linux i686; rv:5.0) Gecko/20100101 Firefox/5.0',NULL,NULL,NULL,NULL),
(35,'2013-07-18 21:18:57','USER_LOGIN',1,'2013-07-18 23:18:57',1,'(UserLogged,admin)','127.0.0.1','Mozilla/5.0 (X11; Linux i686; rv:5.0) Gecko/20100101 Firefox/5.0',NULL,NULL,NULL,NULL),
(36,'2013-07-20 10:34:10','USER_LOGIN',1,'2013-07-20 12:34:10',1,'(UserLogged,admin)','::1','Mozilla/5.0 (X11; Linux i686; rv:5.0) Gecko/20100101 Firefox/5.0',NULL,NULL,NULL,NULL),
(37,'2013-07-20 12:36:44','USER_LOGIN',1,'2013-07-20 14:36:44',1,'(UserLogged,admin)','::1','Mozilla/5.0 (X11; Linux i686; rv:5.0) Gecko/20100101 Firefox/5.0',NULL,NULL,NULL,NULL),
(38,'2013-07-20 13:20:51','USER_LOGIN_FAILED',1,'2013-07-20 15:20:51',NULL,'Identifiants login ou mot de passe incorrects - login=admin','127.0.0.1','Mozilla/5.0 (X11; Linux i686; rv:5.0) Gecko/20100101 Firefox/5.0',NULL,NULL,NULL,NULL),
(39,'2013-07-20 13:20:54','USER_LOGIN',1,'2013-07-20 15:20:54',1,'(UserLogged,admin)','127.0.0.1','Mozilla/5.0 (X11; Linux i686; rv:5.0) Gecko/20100101 Firefox/5.0',NULL,NULL,NULL,NULL),
(40,'2013-07-20 15:03:46','USER_LOGIN_FAILED',1,'2013-07-20 17:03:46',NULL,'Identifiants login ou mot de passe incorrects - login=admin','127.0.0.1','Mozilla/5.0 (X11; Linux i686; rv:5.0) Gecko/20100101 Firefox/5.0',NULL,NULL,NULL,NULL),
(41,'2013-07-20 15:03:55','USER_LOGIN',1,'2013-07-20 17:03:55',1,'(UserLogged,admin)','127.0.0.1','Mozilla/5.0 (X11; Linux i686; rv:5.0) Gecko/20100101 Firefox/5.0',NULL,NULL,NULL,NULL),
(42,'2013-07-20 18:05:05','USER_LOGIN_FAILED',1,'2013-07-20 20:05:05',NULL,'Identifiants login ou mot de passe incorrects - login=admin','127.0.0.1','Mozilla/5.0 (X11; Linux i686; rv:5.0) Gecko/20100101 Firefox/5.0',NULL,NULL,NULL,NULL),
(43,'2013-07-20 18:05:08','USER_LOGIN',1,'2013-07-20 20:05:08',1,'(UserLogged,admin)','127.0.0.1','Mozilla/5.0 (X11; Linux i686; rv:5.0) Gecko/20100101 Firefox/5.0',NULL,NULL,NULL,NULL),
(44,'2013-07-20 21:08:53','USER_LOGIN_FAILED',1,'2013-07-20 23:08:53',NULL,'Identifiants login ou mot de passe incorrects - login=admin','127.0.0.1','Mozilla/5.0 (X11; Linux i686; rv:5.0) Gecko/20100101 Firefox/5.0',NULL,NULL,NULL,NULL),
(45,'2013-07-20 21:08:56','USER_LOGIN',1,'2013-07-20 23:08:56',1,'(UserLogged,admin)','127.0.0.1','Mozilla/5.0 (X11; Linux i686; rv:5.0) Gecko/20100101 Firefox/5.0',NULL,NULL,NULL,NULL),
(46,'2013-07-21 01:26:12','USER_LOGIN',1,'2013-07-21 03:26:12',1,'(UserLogged,admin)','::1','Mozilla/5.0 (X11; Linux i686; rv:5.0) Gecko/20100101 Firefox/5.0',NULL,NULL,NULL,NULL),
(47,'2013-07-21 22:35:45','USER_LOGIN_FAILED',1,'2013-07-22 00:35:45',NULL,'Identifiants login ou mot de passe incorrects - login=admin','127.0.0.1','Mozilla/5.0 (X11; Linux i686; rv:5.0) Gecko/20100101 Firefox/5.0',NULL,NULL,NULL,NULL),
(48,'2013-07-21 22:35:49','USER_LOGIN',1,'2013-07-22 00:35:49',1,'(UserLogged,admin)','127.0.0.1','Mozilla/5.0 (X11; Linux i686; rv:5.0) Gecko/20100101 Firefox/5.0',NULL,NULL,NULL,NULL),
(49,'2013-07-26 23:09:47','USER_LOGIN_FAILED',1,'2013-07-27 01:09:47',NULL,'Identifiants login ou mot de passe incorrects - login=admin','127.0.0.1','Mozilla/5.0 (X11; Linux i686; rv:5.0) Gecko/20100101 Firefox/5.0',NULL,NULL,NULL,NULL),
(50,'2013-07-26 23:09:50','USER_LOGIN',1,'2013-07-27 01:09:50',1,'(UserLogged,admin)','127.0.0.1','Mozilla/5.0 (X11; Linux i686; rv:5.0) Gecko/20100101 Firefox/5.0',NULL,NULL,NULL,NULL),
(51,'2013-07-27 17:02:27','USER_LOGIN_FAILED',1,'2013-07-27 19:02:27',NULL,'Identifiants login ou mot de passe incorrects - login=admin','127.0.0.1','Mozilla/5.0 (X11; Linux i686; rv:5.0) Gecko/20100101 Firefox/5.0',NULL,NULL,NULL,NULL),
(52,'2013-07-27 17:02:32','USER_LOGIN',1,'2013-07-27 19:02:32',1,'(UserLogged,admin)','127.0.0.1','Mozilla/5.0 (X11; Linux i686; rv:5.0) Gecko/20100101 Firefox/5.0',NULL,NULL,NULL,NULL),
(53,'2013-07-27 23:33:37','USER_LOGIN_FAILED',1,'2013-07-28 01:33:37',NULL,'Identifiants login ou mot de passe incorrects - login=admin','127.0.0.1','Mozilla/5.0 (X11; Linux i686; rv:5.0) Gecko/20100101 Firefox/5.0',NULL,NULL,NULL,NULL),
(54,'2013-07-27 23:33:41','USER_LOGIN',1,'2013-07-28 01:33:41',1,'(UserLogged,admin)','127.0.0.1','Mozilla/5.0 (X11; Linux i686; rv:5.0) Gecko/20100101 Firefox/5.0',NULL,NULL,NULL,NULL),
(55,'2013-07-28 18:20:36','USER_LOGIN_FAILED',1,'2013-07-28 20:20:36',NULL,'Identifiants login ou mot de passe incorrects - login=admin','127.0.0.1','Mozilla/5.0 (X11; Linux i686; rv:5.0) Gecko/20100101 Firefox/5.0',NULL,NULL,NULL,NULL),
(56,'2013-07-28 18:20:38','USER_LOGIN',1,'2013-07-28 20:20:38',1,'(UserLogged,admin)','127.0.0.1','Mozilla/5.0 (X11; Linux i686; rv:5.0) Gecko/20100101 Firefox/5.0',NULL,NULL,NULL,NULL),
(57,'2013-07-28 20:13:30','USER_LOGIN_FAILED',1,'2013-07-28 22:13:30',NULL,'Identifiants login ou mot de passe incorrects - login=admin','127.0.0.1','Mozilla/5.0 (X11; Linux i686; rv:5.0) Gecko/20100101 Firefox/5.0',NULL,NULL,NULL,NULL),
(58,'2013-07-28 20:13:34','USER_LOGIN',1,'2013-07-28 22:13:34',1,'(UserLogged,admin)','127.0.0.1','Mozilla/5.0 (X11; Linux i686; rv:5.0) Gecko/20100101 Firefox/5.0',NULL,NULL,NULL,NULL),
(59,'2013-07-28 20:22:51','USER_LOGIN',1,'2013-07-28 22:22:51',1,'(UserLogged,admin)','127.0.0.1','Mozilla/5.0 (X11; Linux i686; rv:5.0) Gecko/20100101 Firefox/5.0',NULL,NULL,NULL,NULL),
(60,'2013-07-28 23:05:06','USER_LOGIN',1,'2013-07-29 01:05:06',1,'(UserLogged,admin)','::1','Mozilla/5.0 (X11; Linux i686; rv:5.0) Gecko/20100101 Firefox/5.0',NULL,NULL,NULL,NULL),
(61,'2013-07-29 20:15:50','USER_LOGIN_FAILED',1,'2013-07-29 22:15:50',NULL,'Identifiants login ou mot de passe incorrects - login=admin','127.0.0.1','Mozilla/5.0 (X11; Linux i686; rv:5.0) Gecko/20100101 Firefox/5.0',NULL,NULL,NULL,NULL),
(62,'2013-07-29 20:15:53','USER_LOGIN',1,'2013-07-29 22:15:53',1,'(UserLogged,admin)','127.0.0.1','Mozilla/5.0 (X11; Linux i686; rv:5.0) Gecko/20100101 Firefox/5.0',NULL,NULL,NULL,NULL),
(68,'2013-07-29 20:51:01','USER_LOGOUT',1,'2013-07-29 22:51:01',1,'(UserLogoff,admin)','127.0.0.1','Mozilla/5.0 (X11; Linux i686; rv:5.0) Gecko/20100101 Firefox/5.0',NULL,NULL,NULL,NULL),
(69,'2013-07-29 20:51:05','USER_LOGIN',1,'2013-07-29 22:51:05',1,'(UserLogged,admin)','127.0.0.1','Mozilla/5.0 (X11; Linux i686; rv:5.0) Gecko/20100101 Firefox/5.0',NULL,NULL,NULL,NULL),
(70,'2013-07-30 08:46:20','USER_LOGIN_FAILED',1,'2013-07-30 10:46:20',NULL,'Identifiants login ou mot de passe incorrects - login=admin','127.0.0.1','Mozilla/5.0 (X11; Linux i686; rv:5.0) Gecko/20100101 Firefox/5.0',NULL,NULL,NULL,NULL),
(71,'2013-07-30 08:46:38','USER_LOGIN_FAILED',1,'2013-07-30 10:46:38',NULL,'Identifiants login ou mot de passe incorrects - login=admin','127.0.0.1','Mozilla/5.0 (X11; Linux i686; rv:5.0) Gecko/20100101 Firefox/5.0',NULL,NULL,NULL,NULL),
(72,'2013-07-30 08:46:42','USER_LOGIN',1,'2013-07-30 10:46:42',1,'(UserLogged,admin)','127.0.0.1','Mozilla/5.0 (X11; Linux i686; rv:5.0) Gecko/20100101 Firefox/5.0',NULL,NULL,NULL,NULL),
(73,'2013-07-30 10:05:12','USER_LOGIN_FAILED',1,'2013-07-30 12:05:12',NULL,'Identifiants login ou mot de passe incorrects - login=admin','127.0.0.1','Mozilla/5.0 (X11; Linux i686; rv:5.0) Gecko/20100101 Firefox/5.0',NULL,NULL,NULL,NULL),
(74,'2013-07-30 10:05:15','USER_LOGIN',1,'2013-07-30 12:05:15',1,'(UserLogged,admin)','127.0.0.1','Mozilla/5.0 (X11; Linux i686; rv:5.0) Gecko/20100101 Firefox/5.0',NULL,NULL,NULL,NULL),
(75,'2013-07-30 12:15:46','USER_LOGIN',1,'2013-07-30 14:15:46',1,'(UserLogged,admin)','127.0.0.1','Mozilla/5.0 (X11; Linux i686; rv:5.0) Gecko/20100101 Firefox/5.0',NULL,NULL,NULL,NULL),
(76,'2013-07-31 22:19:30','USER_LOGIN',1,'2013-08-01 00:19:30',1,'(UserLogged,admin)','::1','Mozilla/5.0 (X11; Linux i686; rv:5.0) Gecko/20100101 Firefox/5.0',NULL,NULL,NULL,NULL),
(77,'2013-07-31 23:32:52','USER_LOGIN',1,'2013-08-01 01:32:52',1,'(UserLogged,admin)','::1','Mozilla/5.0 (X11; Linux i686; rv:5.0) Gecko/20100101 Firefox/5.0',NULL,NULL,NULL,NULL),
(78,'2013-08-01 01:24:50','USER_LOGIN_FAILED',1,'2013-08-01 03:24:50',NULL,'Identifiants login ou mot de passe incorrects - login=admin','127.0.0.1','Mozilla/5.0 (X11; Linux i686; rv:5.0) Gecko/20100101 Firefox/5.0',NULL,NULL,NULL,NULL),
(79,'2013-08-01 01:24:54','USER_LOGIN',1,'2013-08-01 03:24:54',1,'(UserLogged,admin)','127.0.0.1','Mozilla/5.0 (X11; Linux i686; rv:5.0) Gecko/20100101 Firefox/5.0',NULL,NULL,NULL,NULL),
(80,'2013-08-01 19:31:36','USER_LOGIN_FAILED',1,'2013-08-01 21:31:35',NULL,'Identifiants login ou mot de passe incorrects - login=admin','127.0.0.1','Mozilla/5.0 (X11; Linux i686; rv:5.0) Gecko/20100101 Firefox/5.0',NULL,NULL,NULL,NULL),
(81,'2013-08-01 19:31:39','USER_LOGIN',1,'2013-08-01 21:31:39',1,'(UserLogged,admin)','127.0.0.1','Mozilla/5.0 (X11; Linux i686; rv:5.0) Gecko/20100101 Firefox/5.0',NULL,NULL,NULL,NULL),
(82,'2013-08-01 20:01:36','USER_LOGIN',1,'2013-08-01 22:01:36',1,'(UserLogged,admin)','127.0.0.1','Mozilla/5.0 (X11; Linux i686; rv:5.0) Gecko/20100101 Firefox/5.0',NULL,NULL,NULL,NULL),
(83,'2013-08-01 20:52:54','USER_LOGIN_FAILED',1,'2013-08-01 22:52:54',NULL,'Identifiants login ou mot de passe incorrects - login=admin','127.0.0.1','Mozilla/5.0 (X11; Linux i686; rv:5.0) Gecko/20100101 Firefox/5.0',NULL,NULL,NULL,NULL),
(84,'2013-08-01 20:52:58','USER_LOGIN',1,'2013-08-01 22:52:58',1,'(UserLogged,admin)','127.0.0.1','Mozilla/5.0 (X11; Linux i686; rv:5.0) Gecko/20100101 Firefox/5.0',NULL,NULL,NULL,NULL),
(85,'2013-08-01 21:17:28','USER_LOGIN_FAILED',1,'2013-08-01 23:17:28',NULL,'Identifiants login ou mot de passe incorrects - login=admin','127.0.0.1','Mozilla/5.0 (X11; Linux i686; rv:5.0) Gecko/20100101 Firefox/5.0',NULL,NULL,NULL,NULL),
(86,'2013-08-01 21:17:31','USER_LOGIN',1,'2013-08-01 23:17:31',1,'(UserLogged,admin)','127.0.0.1','Mozilla/5.0 (X11; Linux i686; rv:5.0) Gecko/20100101 Firefox/5.0',NULL,NULL,NULL,NULL),
(87,'2013-08-04 11:55:17','USER_LOGIN',1,'2013-08-04 13:55:17',1,'(UserLogged,admin)','::1','Mozilla/5.0 (X11; Linux i686; rv:5.0) Gecko/20100101 Firefox/5.0',NULL,NULL,NULL,NULL),
(88,'2013-08-04 20:19:03','USER_LOGIN_FAILED',1,'2013-08-04 22:19:03',NULL,'Identifiants login ou mot de passe incorrects - login=admin','127.0.0.1','Mozilla/5.0 (X11; Linux i686; rv:5.0) Gecko/20100101 Firefox/5.0',NULL,NULL,NULL,NULL),
(89,'2013-08-04 20:19:07','USER_LOGIN',1,'2013-08-04 22:19:07',1,'(UserLogged,admin)','127.0.0.1','Mozilla/5.0 (X11; Linux i686; rv:5.0) Gecko/20100101 Firefox/5.0',NULL,NULL,NULL,NULL),
(90,'2013-08-05 17:51:42','USER_LOGIN_FAILED',1,'2013-08-05 19:51:42',NULL,'Identifiants login ou mot de passe incorrects - login=admin','127.0.0.1','Mozilla/5.0 (X11; Linux i686; rv:5.0) Gecko/20100101 Firefox/5.0',NULL,NULL,NULL,NULL),
(91,'2013-08-05 17:51:47','USER_LOGIN',1,'2013-08-05 19:51:47',1,'(UserLogged,admin)','127.0.0.1','Mozilla/5.0 (X11; Linux i686; rv:5.0) Gecko/20100101 Firefox/5.0',NULL,NULL,NULL,NULL),
(92,'2013-08-05 17:56:03','USER_LOGIN',1,'2013-08-05 19:56:03',1,'(UserLogged,admin)','127.0.0.1','Mozilla/5.0 (X11; Linux i686; rv:5.0) Gecko/20100101 Firefox/5.0',NULL,NULL,NULL,NULL),
(93,'2013-08-05 17:59:10','USER_LOGIN',1,'2013-08-05 19:59:10',1,'(UserLogged,admin)','127.0.0.1','Mozilla/5.0 (X11; Linux i686) AppleWebKit/534.30 (KHTML, like Gecko) Chrome/12.0.742.100 Safari/534.30',NULL,NULL,NULL,NULL),
(94,'2013-08-05 18:01:58','USER_LOGIN',1,'2013-08-05 20:01:58',1,'(UserLogged,admin)','127.0.0.1','Mozilla/5.0 (X11; Linux i686) AppleWebKit/534.30 (KHTML, like Gecko) Chrome/12.0.742.100 Safari/534.30',NULL,NULL,NULL,NULL),
(95,'2013-08-05 19:59:56','USER_LOGIN',1,'2013-08-05 21:59:56',1,'(UserLogged,admin)','127.0.0.1','Mozilla/5.0 (X11; Linux i686; rv:5.0) Gecko/20100101 Firefox/5.0',NULL,NULL,NULL,NULL),
(96,'2013-08-06 18:33:22','USER_LOGIN',1,'2013-08-06 20:33:22',1,'(UserLogged,admin)','::1','Mozilla/5.0 (X11; Linux i686; rv:5.0) Gecko/20100101 Firefox/5.0',NULL,NULL,NULL,NULL),
(97,'2013-08-07 00:56:59','USER_LOGIN',1,'2013-08-07 02:56:59',1,'(UserLogged,admin)','::1','Mozilla/5.0 (X11; Linux i686; rv:5.0) Gecko/20100101 Firefox/5.0',NULL,NULL,NULL,NULL),
(98,'2013-08-07 22:49:14','USER_LOGIN',1,'2013-08-08 00:49:14',1,'(UserLogged,admin)','::1','Mozilla/5.0 (X11; Linux i686; rv:5.0) Gecko/20100101 Firefox/5.0',NULL,NULL,NULL,NULL),
(99,'2013-08-07 23:05:18','USER_LOGOUT',1,'2013-08-08 01:05:18',1,'(UserLogoff,admin)','::1','Mozilla/5.0 (X11; Linux i686; rv:5.0) Gecko/20100101 Firefox/5.0',NULL,NULL,NULL,NULL),
(105,'2013-08-08 00:41:09','USER_LOGIN',1,'2013-08-08 02:41:09',1,'(UserLogged,admin)','127.0.0.1','Mozilla/5.0 (X11; Linux i686; rv:5.0) Gecko/20100101 Firefox/5.0',NULL,NULL,NULL,NULL),
(106,'2013-08-08 11:58:55','USER_LOGIN',1,'2013-08-08 13:58:55',1,'(UserLogged,admin)','::1','Mozilla/5.0 (X11; Linux i686; rv:5.0) Gecko/20100101 Firefox/5.0',NULL,NULL,NULL,NULL),
(107,'2013-08-08 14:35:48','USER_LOGIN',1,'2013-08-08 16:35:48',1,'(UserLogged,admin)','::1','Mozilla/5.0 (X11; Linux i686; rv:5.0) Gecko/20100101 Firefox/5.0',NULL,NULL,NULL,NULL),
(108,'2013-08-08 14:36:31','USER_LOGOUT',1,'2013-08-08 16:36:31',1,'(UserLogoff,admin)','::1','Mozilla/5.0 (X11; Linux i686; rv:5.0) Gecko/20100101 Firefox/5.0',NULL,NULL,NULL,NULL),
(109,'2013-08-08 14:38:28','USER_LOGIN',1,'2013-08-08 16:38:28',1,'(UserLogged,admin)','::1','Mozilla/5.0 (X11; Linux i686; rv:5.0) Gecko/20100101 Firefox/5.0',NULL,NULL,NULL,NULL),
(110,'2013-08-08 14:39:02','USER_LOGOUT',1,'2013-08-08 16:39:02',1,'(UserLogoff,admin)','::1','Mozilla/5.0 (X11; Linux i686; rv:5.0) Gecko/20100101 Firefox/5.0',NULL,NULL,NULL,NULL),
(111,'2013-08-08 14:39:10','USER_LOGIN',1,'2013-08-08 16:39:10',1,'(UserLogged,admin)','::1','Mozilla/5.0 (X11; Linux i686; rv:5.0) Gecko/20100101 Firefox/5.0',NULL,NULL,NULL,NULL),
(112,'2013-08-08 14:39:28','USER_LOGOUT',1,'2013-08-08 16:39:28',1,'(UserLogoff,admin)','::1','Mozilla/5.0 (X11; Linux i686; rv:5.0) Gecko/20100101 Firefox/5.0',NULL,NULL,NULL,NULL),
(113,'2013-08-08 14:39:37','USER_LOGIN',1,'2013-08-08 16:39:37',1,'(UserLogged,admin)','::1','Mozilla/5.0 (X11; Linux i686; rv:5.0) Gecko/20100101 Firefox/5.0',NULL,NULL,NULL,NULL),
(114,'2013-08-08 14:50:02','USER_LOGOUT',1,'2013-08-08 16:50:02',1,'(UserLogoff,admin)','::1','Mozilla/5.0 (X11; Linux i686; rv:5.0) Gecko/20100101 Firefox/5.0',NULL,NULL,NULL,NULL),
(115,'2013-08-08 14:51:45','USER_LOGIN_FAILED',1,'2013-08-08 16:51:45',NULL,'Identifiants login ou mot de passe incorrects - login=','::1','Mozilla/5.0 (X11; Linux i686; rv:5.0) Gecko/20100101 Firefox/5.0',NULL,NULL,NULL,NULL),
(116,'2013-08-08 14:51:52','USER_LOGIN',1,'2013-08-08 16:51:52',1,'(UserLogged,admin)','::1','Mozilla/5.0 (X11; Linux i686; rv:5.0) Gecko/20100101 Firefox/5.0',NULL,NULL,NULL,NULL),
(117,'2013-08-08 15:09:54','USER_LOGOUT',1,'2013-08-08 17:09:54',1,'(UserLogoff,admin)','::1','Mozilla/5.0 (X11; Linux i686; rv:5.0) Gecko/20100101 Firefox/5.0',NULL,NULL,NULL,NULL),
(118,'2013-08-08 15:10:19','USER_LOGIN_FAILED',1,'2013-08-08 17:10:19',NULL,'Identifiants login ou mot de passe incorrects - login=','::1','Mozilla/5.0 (X11; Linux i686; rv:5.0) Gecko/20100101 Firefox/5.0',NULL,NULL,NULL,NULL),
(119,'2013-08-08 15:10:28','USER_LOGIN',1,'2013-08-08 17:10:28',1,'(UserLogged,admin)','::1','Mozilla/5.0 (X11; Linux i686; rv:5.0) Gecko/20100101 Firefox/5.0',NULL,NULL,NULL,NULL),
(121,'2013-08-08 15:14:58','USER_LOGOUT',1,'2013-08-08 17:14:58',1,'(UserLogoff,admin)','::1','Mozilla/5.0 (X11; Linux i686; rv:5.0) Gecko/20100101 Firefox/5.0',NULL,NULL,NULL,NULL),
(122,'2013-08-08 15:15:00','USER_LOGIN_FAILED',1,'2013-08-08 17:15:00',NULL,'Identifiants login ou mot de passe incorrects - login=','::1','Mozilla/5.0 (X11; Linux i686; rv:5.0) Gecko/20100101 Firefox/5.0',NULL,NULL,NULL,NULL),
(123,'2013-08-08 15:17:57','USER_LOGIN',1,'2013-08-08 17:17:57',1,'(UserLogged,admin)','::1','Mozilla/5.0 (X11; Linux i686; rv:5.0) Gecko/20100101 Firefox/5.0',NULL,NULL,NULL,NULL),
(124,'2013-08-08 15:35:56','USER_LOGOUT',1,'2013-08-08 17:35:56',1,'(UserLogoff,admin)','::1','Mozilla/5.0 (X11; Linux i686; rv:5.0) Gecko/20100101 Firefox/5.0',NULL,NULL,NULL,NULL),
(125,'2013-08-08 15:36:05','USER_LOGIN',1,'2013-08-08 17:36:05',1,'(UserLogged,admin)','::1','Mozilla/5.0 (X11; Linux i686; rv:5.0) Gecko/20100101 Firefox/5.0',NULL,NULL,NULL,NULL),
(126,'2013-08-08 17:32:42','USER_LOGIN',1,'2013-08-08 19:32:42',1,'(UserLogged,admin)','::1','Mozilla/5.0 (X11; Linux i686; rv:5.0) Gecko/20100101 Firefox/5.0',NULL,NULL,NULL,NULL),
(127,'2014-12-08 13:49:37','USER_LOGOUT',1,'2014-12-08 14:49:37',1,'(UserLogoff,admin)','::1','Mozilla/5.0 (X11; Linux x86_64) AppleWebKit/537.11 (KHTML, like Gecko) Chrome/23.0.1271.95 Safari/537.11',NULL,NULL,NULL,NULL),
(128,'2014-12-08 13:49:42','USER_LOGIN',1,'2014-12-08 14:49:42',1,'(UserLogged,admin)','::1','Mozilla/5.0 (X11; Linux x86_64) AppleWebKit/537.11 (KHTML, like Gecko) Chrome/23.0.1271.95 Safari/537.11',NULL,NULL,NULL,NULL),
(129,'2014-12-08 13:50:12','USER_LOGOUT',1,'2014-12-08 14:50:12',1,'(UserLogoff,admin)','::1','Mozilla/5.0 (X11; Linux x86_64) AppleWebKit/537.11 (KHTML, like Gecko) Chrome/23.0.1271.95 Safari/537.11',NULL,NULL,NULL,NULL),
(130,'2014-12-08 13:50:14','USER_LOGIN',1,'2014-12-08 14:50:14',1,'(UserLogged,admin)','::1','Mozilla/5.0 (X11; Linux x86_64) AppleWebKit/537.11 (KHTML, like Gecko) Chrome/23.0.1271.95 Safari/537.11',NULL,NULL,NULL,NULL),
(131,'2014-12-08 13:50:17','USER_LOGOUT',1,'2014-12-08 14:50:17',1,'(UserLogoff,admin)','::1','Mozilla/5.0 (X11; Linux x86_64) AppleWebKit/537.11 (KHTML, like Gecko) Chrome/23.0.1271.95 Safari/537.11',NULL,NULL,NULL,NULL),
(132,'2014-12-08 13:52:47','USER_LOGIN',1,'2014-12-08 14:52:47',1,'(UserLogged,admin)','::1','Mozilla/5.0 (X11; Linux x86_64) AppleWebKit/537.11 (KHTML, like Gecko) Chrome/23.0.1271.95 Safari/537.11',NULL,NULL,NULL,NULL),
(133,'2014-12-08 13:53:08','USER_MODIFY',1,'2014-12-08 14:53:08',1,'User admin modified','::1','Mozilla/5.0 (X11; Linux x86_64) AppleWebKit/537.11 (KHTML, like Gecko) Chrome/23.0.1271.95 Safari/537.11',NULL,NULL,NULL,NULL),
(134,'2014-12-08 14:08:45','USER_LOGOUT',1,'2014-12-08 15:08:45',1,'(UserLogoff,admin)','::1','Mozilla/5.0 (X11; Linux x86_64) AppleWebKit/537.11 (KHTML, like Gecko) Chrome/23.0.1271.95 Safari/537.11',NULL,NULL,NULL,NULL),
(135,'2014-12-08 14:09:09','USER_LOGIN',1,'2014-12-08 15:09:09',1,'(UserLogged,admin)','::1','Mozilla/5.0 (X11; Linux x86_64) AppleWebKit/537.11 (KHTML, like Gecko) Chrome/23.0.1271.95 Safari/537.11',NULL,NULL,NULL,NULL),
(136,'2014-12-08 14:11:43','USER_LOGOUT',1,'2014-12-08 15:11:43',1,'(UserLogoff,admin)','::1','Mozilla/5.0 (X11; Linux x86_64) AppleWebKit/537.11 (KHTML, like Gecko) Chrome/23.0.1271.95 Safari/537.11',NULL,NULL,NULL,NULL),
(137,'2014-12-08 14:11:45','USER_LOGIN',1,'2014-12-08 15:11:45',1,'(UserLogged,admin)','::1','Mozilla/5.0 (X11; Linux x86_64) AppleWebKit/537.11 (KHTML, like Gecko) Chrome/23.0.1271.95 Safari/537.11',NULL,NULL,NULL,NULL),
(138,'2014-12-08 14:22:53','USER_LOGOUT',1,'2014-12-08 15:22:53',1,'(UserLogoff,admin)','::1','Mozilla/5.0 (X11; Linux x86_64) AppleWebKit/537.11 (KHTML, like Gecko) Chrome/23.0.1271.95 Safari/537.11',NULL,NULL,NULL,NULL),
(139,'2014-12-08 14:22:54','USER_LOGIN',1,'2014-12-08 15:22:54',1,'(UserLogged,admin)','::1','Mozilla/5.0 (X11; Linux x86_64) AppleWebKit/537.11 (KHTML, like Gecko) Chrome/23.0.1271.95 Safari/537.11',NULL,NULL,NULL,NULL),
(140,'2014-12-08 14:23:10','USER_LOGOUT',1,'2014-12-08 15:23:10',1,'(UserLogoff,admin)','::1','Mozilla/5.0 (X11; Linux x86_64) AppleWebKit/537.11 (KHTML, like Gecko) Chrome/23.0.1271.95 Safari/537.11',NULL,NULL,NULL,NULL),
(141,'2014-12-08 14:23:11','USER_LOGIN',1,'2014-12-08 15:23:11',1,'(UserLogged,admin)','::1','Mozilla/5.0 (X11; Linux x86_64) AppleWebKit/537.11 (KHTML, like Gecko) Chrome/23.0.1271.95 Safari/537.11',NULL,NULL,NULL,NULL),
(142,'2014-12-08 14:23:49','USER_LOGOUT',1,'2014-12-08 15:23:49',1,'(UserLogoff,admin)','::1','Mozilla/5.0 (X11; Linux x86_64) AppleWebKit/537.11 (KHTML, like Gecko) Chrome/23.0.1271.95 Safari/537.11',NULL,NULL,NULL,NULL),
(143,'2014-12-08 14:23:50','USER_LOGIN',1,'2014-12-08 15:23:50',1,'(UserLogged,admin)','::1','Mozilla/5.0 (X11; Linux x86_64) AppleWebKit/537.11 (KHTML, like Gecko) Chrome/23.0.1271.95 Safari/537.11',NULL,NULL,NULL,NULL),
(144,'2014-12-08 14:28:08','USER_LOGOUT',1,'2014-12-08 15:28:08',1,'(UserLogoff,admin)','::1','Mozilla/5.0 (X11; Linux x86_64) AppleWebKit/537.11 (KHTML, like Gecko) Chrome/23.0.1271.95 Safari/537.11',NULL,NULL,NULL,NULL),
(145,'2014-12-08 14:35:15','USER_LOGIN',1,'2014-12-08 15:35:15',1,'(UserLogged,admin)','::1','Mozilla/5.0 (X11; Linux x86_64) AppleWebKit/537.11 (KHTML, like Gecko) Chrome/23.0.1271.95 Safari/537.11',NULL,NULL,NULL,NULL),
(146,'2014-12-08 14:35:18','USER_LOGOUT',1,'2014-12-08 15:35:18',1,'(UserLogoff,admin)','::1','Mozilla/5.0 (X11; Linux x86_64) AppleWebKit/537.11 (KHTML, like Gecko) Chrome/23.0.1271.95 Safari/537.11',NULL,NULL,NULL,NULL),
(147,'2014-12-08 14:36:07','USER_LOGIN',1,'2014-12-08 15:36:07',1,'(UserLogged,admin)','::1','Mozilla/5.0 (X11; Linux x86_64) AppleWebKit/537.11 (KHTML, like Gecko) Chrome/23.0.1271.95 Safari/537.11',NULL,NULL,NULL,NULL),
(148,'2014-12-08 14:36:09','USER_LOGOUT',1,'2014-12-08 15:36:09',1,'(UserLogoff,admin)','::1','Mozilla/5.0 (X11; Linux x86_64) AppleWebKit/537.11 (KHTML, like Gecko) Chrome/23.0.1271.95 Safari/537.11',NULL,NULL,NULL,NULL),
(149,'2014-12-08 14:36:41','USER_LOGIN',1,'2014-12-08 15:36:41',1,'(UserLogged,admin)','::1','Mozilla/5.0 (X11; Linux x86_64) AppleWebKit/537.11 (KHTML, like Gecko) Chrome/23.0.1271.95 Safari/537.11',NULL,NULL,NULL,NULL),
(150,'2014-12-08 15:59:13','USER_LOGIN',1,'2014-12-08 16:59:13',1,'(UserLogged,admin)','::1','Mozilla/5.0 (X11; Linux x86_64) AppleWebKit/537.11 (KHTML, like Gecko) Chrome/23.0.1271.95 Safari/537.11',NULL,NULL,NULL,NULL),
(151,'2014-12-09 11:49:52','USER_LOGIN',1,'2014-12-09 12:49:52',1,'(UserLogged,admin)','::1','Mozilla/5.0 (X11; Linux x86_64) AppleWebKit/537.11 (KHTML, like Gecko) Chrome/23.0.1271.95 Safari/537.11',NULL,NULL,NULL,NULL),
(152,'2014-12-09 13:46:31','USER_LOGIN',1,'2014-12-09 14:46:31',1,'(UserLogged,admin)','::1','Mozilla/5.0 (X11; Linux x86_64) AppleWebKit/537.11 (KHTML, like Gecko) Chrome/23.0.1271.95 Safari/537.11',NULL,NULL,NULL,NULL),
(153,'2014-12-09 19:03:14','USER_LOGIN',1,'2014-12-09 20:03:14',1,'(UserLogged,admin)','::1','Mozilla/5.0 (X11; Linux x86_64) AppleWebKit/537.11 (KHTML, like Gecko) Chrome/23.0.1271.95 Safari/537.11',NULL,NULL,NULL,NULL),
(154,'2014-12-10 00:16:31','USER_LOGIN',1,'2014-12-10 01:16:31',1,'(UserLogged,admin)','::1','Mozilla/5.0 (X11; Linux x86_64) AppleWebKit/537.11 (KHTML, like Gecko) Chrome/23.0.1271.95 Safari/537.11',NULL,NULL,NULL,NULL),
(170,'2014-12-11 22:03:31','USER_LOGIN',1,'2014-12-11 23:03:31',1,'(UserLogged,admin)','::1','Mozilla/5.0 (X11; Linux x86_64) AppleWebKit/537.11 (KHTML, like Gecko) Chrome/23.0.1271.95 Safari/537.11',NULL,NULL,NULL,NULL),
(171,'2014-12-12 00:32:39','USER_LOGIN',1,'2014-12-12 01:32:39',1,'(UserLogged,admin)','::1','Mozilla/5.0 (X11; Linux x86_64) AppleWebKit/537.11 (KHTML, like Gecko) Chrome/23.0.1271.95 Safari/537.11',NULL,NULL,NULL,NULL),
(172,'2014-12-12 10:49:59','USER_LOGIN',1,'2014-12-12 11:49:59',1,'(UserLogged,admin)','::1','Mozilla/5.0 (X11; Linux x86_64) AppleWebKit/537.11 (KHTML, like Gecko) Chrome/23.0.1271.95 Safari/537.11',NULL,NULL,NULL,NULL),
(175,'2014-12-12 10:57:40','USER_MODIFY',1,'2014-12-12 11:57:40',1,'Modification utilisateur admin','::1','Mozilla/5.0 (X11; Linux x86_64) AppleWebKit/537.11 (KHTML, like Gecko) Chrome/23.0.1271.95 Safari/537.11',NULL,NULL,NULL,NULL),
(176,'2014-12-12 13:29:15','USER_LOGIN',1,'2014-12-12 14:29:15',1,'(UserLogged,admin)','::1','Mozilla/5.0 (X11; Linux x86_64) AppleWebKit/537.11 (KHTML, like Gecko) Chrome/23.0.1271.95 Safari/537.11',NULL,NULL,NULL,NULL),
(177,'2014-12-12 13:30:15','USER_LOGIN',1,'2014-12-12 14:30:15',1,'(UserLogged,admin)','127.0.0.1','Mozilla/5.0 (X11; Linux x86_64) AppleWebKit/537.11 (KHTML, like Gecko) Chrome/23.0.1271.95 Safari/537.11',NULL,NULL,NULL,NULL),
(178,'2014-12-12 13:40:08','USER_LOGOUT',1,'2014-12-12 14:40:08',1,'(UserLogoff,admin)','127.0.0.1','Mozilla/5.0 (X11; Linux x86_64) AppleWebKit/537.11 (KHTML, like Gecko) Chrome/23.0.1271.95 Safari/537.11',NULL,NULL,NULL,NULL),
(179,'2014-12-12 13:40:10','USER_LOGIN',1,'2014-12-12 14:40:10',1,'(UserLogged,admin)','127.0.0.1','Mozilla/5.0 (X11; Linux x86_64) AppleWebKit/537.11 (KHTML, like Gecko) Chrome/23.0.1271.95 Safari/537.11',NULL,NULL,NULL,NULL),
(180,'2014-12-12 13:40:26','USER_MODIFY',1,'2014-12-12 14:40:26',1,'Modification utilisateur admin','127.0.0.1','Mozilla/5.0 (X11; Linux x86_64) AppleWebKit/537.11 (KHTML, like Gecko) Chrome/23.0.1271.95 Safari/537.11',NULL,NULL,NULL,NULL),
(181,'2014-12-12 13:40:34','USER_LOGOUT',1,'2014-12-12 14:40:34',1,'(UserLogoff,admin)','127.0.0.1','Mozilla/5.0 (X11; Linux x86_64) AppleWebKit/537.11 (KHTML, like Gecko) Chrome/23.0.1271.95 Safari/537.11',NULL,NULL,NULL,NULL),
(182,'2014-12-12 13:42:23','USER_LOGIN',1,'2014-12-12 14:42:23',1,'(UserLogged,admin)','127.0.0.1','Mozilla/5.0 (X11; Linux x86_64) AppleWebKit/537.11 (KHTML, like Gecko) Chrome/23.0.1271.95 Safari/537.11',NULL,NULL,NULL,NULL),
(183,'2014-12-12 13:43:02','USER_NEW_PASSWORD',1,'2014-12-12 14:43:02',NULL,'Changement mot de passe de admin','127.0.0.1','Mozilla/5.0 (X11; Linux x86_64) AppleWebKit/537.11 (KHTML, like Gecko) Chrome/23.0.1271.95 Safari/537.11',NULL,NULL,NULL,NULL),
(184,'2014-12-12 13:43:25','USER_LOGOUT',1,'2014-12-12 14:43:25',1,'(UserLogoff,admin)','127.0.0.1','Mozilla/5.0 (X11; Linux x86_64) AppleWebKit/537.11 (KHTML, like Gecko) Chrome/23.0.1271.95 Safari/537.11',NULL,NULL,NULL,NULL),
(185,'2014-12-12 13:43:27','USER_LOGIN_FAILED',1,'2014-12-12 14:43:27',NULL,'Identifiants login ou mot de passe incorrects - login=admin','127.0.0.1','Mozilla/5.0 (X11; Linux x86_64) AppleWebKit/537.11 (KHTML, like Gecko) Chrome/23.0.1271.95 Safari/537.11',NULL,NULL,NULL,NULL),
(186,'2014-12-12 13:43:30','USER_LOGIN',1,'2014-12-12 14:43:30',1,'(UserLogged,admin)','127.0.0.1','Mozilla/5.0 (X11; Linux x86_64) AppleWebKit/537.11 (KHTML, like Gecko) Chrome/23.0.1271.95 Safari/537.11',NULL,NULL,NULL,NULL),
(187,'2014-12-12 14:52:11','USER_LOGIN',1,'2014-12-12 15:52:11',1,'(UserLogged,admin)','127.0.0.1','Mozilla/5.0 (X11; Linux x86_64) AppleWebKit/537.11 (KHTML, like Gecko) Chrome/23.0.1271.95 Safari/537.11',NULL,NULL,NULL,NULL),
(188,'2014-12-12 17:53:00','USER_LOGIN_FAILED',1,'2014-12-12 18:53:00',NULL,'Identifiants login ou mot de passe incorrects - login=admin','127.0.0.1','Mozilla/5.0 (X11; Linux x86_64) AppleWebKit/537.11 (KHTML, like Gecko) Chrome/23.0.1271.97 Safari/537.11',NULL,NULL,NULL,NULL),
(189,'2014-12-12 17:53:07','USER_LOGIN_FAILED',1,'2014-12-12 18:53:07',NULL,'Identifiants login ou mot de passe incorrects - login=admin','127.0.0.1','Mozilla/5.0 (X11; Linux x86_64) AppleWebKit/537.11 (KHTML, like Gecko) Chrome/23.0.1271.97 Safari/537.11',NULL,NULL,NULL,NULL),
(190,'2014-12-12 17:53:51','USER_NEW_PASSWORD',1,'2014-12-12 18:53:51',NULL,'Changement mot de passe de admin','127.0.0.1','Mozilla/5.0 (X11; Linux x86_64) AppleWebKit/537.11 (KHTML, like Gecko) Chrome/23.0.1271.97 Safari/537.11',NULL,NULL,NULL,NULL),
(191,'2014-12-12 17:54:00','USER_LOGIN',1,'2014-12-12 18:54:00',1,'(UserLogged,admin)','127.0.0.1','Mozilla/5.0 (X11; Linux x86_64) AppleWebKit/537.11 (KHTML, like Gecko) Chrome/23.0.1271.97 Safari/537.11',NULL,NULL,NULL,NULL),
(192,'2014-12-12 17:54:10','USER_NEW_PASSWORD',1,'2014-12-12 18:54:10',1,'Changement mot de passe de admin','127.0.0.1','Mozilla/5.0 (X11; Linux x86_64) AppleWebKit/537.11 (KHTML, like Gecko) Chrome/23.0.1271.97 Safari/537.11',NULL,NULL,NULL,NULL),
(193,'2014-12-12 17:54:10','USER_MODIFY',1,'2014-12-12 18:54:10',1,'Modification utilisateur admin','127.0.0.1','Mozilla/5.0 (X11; Linux x86_64) AppleWebKit/537.11 (KHTML, like Gecko) Chrome/23.0.1271.97 Safari/537.11',NULL,NULL,NULL,NULL),
(194,'2014-12-12 18:57:09','USER_LOGIN',1,'2014-12-12 19:57:09',1,'(UserLogged,admin)','127.0.0.1','Mozilla/5.0 (X11; Linux x86_64) AppleWebKit/537.11 (KHTML, like Gecko) Chrome/23.0.1271.97 Safari/537.11',NULL,NULL,NULL,NULL),
(195,'2014-12-12 23:04:08','USER_LOGIN',1,'2014-12-13 00:04:08',1,'(UserLogged,admin)','127.0.0.1','Mozilla/5.0 (X11; Linux x86_64) AppleWebKit/537.11 (KHTML, like Gecko) Chrome/23.0.1271.97 Safari/537.11',NULL,NULL,NULL,NULL),
(196,'2014-12-17 20:03:14','USER_LOGIN',1,'2014-12-17 21:03:14',1,'(UserLogged,admin)','::1','Mozilla/5.0 (X11; Linux x86_64) AppleWebKit/537.11 (KHTML, like Gecko) Chrome/23.0.1271.97 Safari/537.11',NULL,NULL,NULL,NULL),
(197,'2014-12-17 21:18:45','USER_LOGIN',1,'2014-12-17 22:18:45',1,'(UserLogged,admin)','::1','Mozilla/5.0 (X11; Linux x86_64) AppleWebKit/537.11 (KHTML, like Gecko) Chrome/23.0.1271.97 Safari/537.11',NULL,NULL,NULL,NULL),
(198,'2014-12-17 22:30:08','USER_LOGIN',1,'2014-12-17 23:30:08',1,'(UserLogged,admin)','::1','Mozilla/5.0 (X11; Linux x86_64) AppleWebKit/537.11 (KHTML, like Gecko) Chrome/23.0.1271.97 Safari/537.11',NULL,NULL,NULL,NULL),
(199,'2014-12-18 23:32:03','USER_LOGIN',1,'2014-12-19 00:32:03',1,'(UserLogged,admin)','::1','Mozilla/5.0 (X11; Linux x86_64) AppleWebKit/537.11 (KHTML, like Gecko) Chrome/23.0.1271.97 Safari/537.11',NULL,NULL,NULL,NULL),
(200,'2014-12-19 09:38:03','USER_LOGIN',1,'2014-12-19 10:38:03',1,'(UserLogged,admin)','::1','Mozilla/5.0 (X11; Linux x86_64) AppleWebKit/537.11 (KHTML, like Gecko) Chrome/23.0.1271.97 Safari/537.11',NULL,NULL,NULL,NULL),
(201,'2014-12-19 11:23:35','USER_LOGIN',1,'2014-12-19 12:23:35',1,'(UserLogged,admin)','::1','Mozilla/5.0 (X11; Linux x86_64) AppleWebKit/537.11 (KHTML, like Gecko) Chrome/23.0.1271.97 Safari/537.11',NULL,NULL,NULL,NULL),
(202,'2014-12-19 12:46:22','USER_LOGIN',1,'2014-12-19 13:46:22',1,'(UserLogged,admin)','::1','Mozilla/5.0 (X11; Linux x86_64) AppleWebKit/537.11 (KHTML, like Gecko) Chrome/23.0.1271.97 Safari/537.11',NULL,NULL,NULL,NULL),
(214,'2014-12-19 19:11:31','USER_LOGIN',1,'2014-12-19 20:11:31',1,'(UserLogged,admin)','::1','Mozilla/5.0 (X11; Linux x86_64) AppleWebKit/537.11 (KHTML, like Gecko) Chrome/23.0.1271.97 Safari/537.11',NULL,NULL,NULL,NULL),
(215,'2014-12-21 16:36:57','USER_LOGIN',1,'2014-12-21 17:36:57',1,'(UserLogged,admin)','::1','Mozilla/5.0 (X11; Linux x86_64) AppleWebKit/537.11 (KHTML, like Gecko) Chrome/23.0.1271.97 Safari/537.11',NULL,NULL,NULL,NULL),
(216,'2014-12-21 16:38:43','USER_NEW_PASSWORD',1,'2014-12-21 17:38:43',1,'Changement mot de passe de adupont','::1','Mozilla/5.0 (X11; Linux x86_64) AppleWebKit/537.11 (KHTML, like Gecko) Chrome/23.0.1271.97 Safari/537.11',NULL,NULL,NULL,NULL),
(217,'2014-12-21 16:38:43','USER_MODIFY',1,'2014-12-21 17:38:43',1,'Modification utilisateur adupont','::1','Mozilla/5.0 (X11; Linux x86_64) AppleWebKit/537.11 (KHTML, like Gecko) Chrome/23.0.1271.97 Safari/537.11',NULL,NULL,NULL,NULL),
(218,'2014-12-21 16:38:51','USER_LOGOUT',1,'2014-12-21 17:38:51',1,'(UserLogoff,admin)','::1','Mozilla/5.0 (X11; Linux x86_64) AppleWebKit/537.11 (KHTML, like Gecko) Chrome/23.0.1271.97 Safari/537.11',NULL,NULL,NULL,NULL),
(219,'2014-12-21 16:38:55','USER_LOGIN',1,'2014-12-21 17:38:55',3,'(UserLogged,adupont)','::1','Mozilla/5.0 (X11; Linux x86_64) AppleWebKit/537.11 (KHTML, like Gecko) Chrome/23.0.1271.97 Safari/537.11',NULL,NULL,NULL,NULL),
(220,'2014-12-21 16:48:18','USER_LOGOUT',1,'2014-12-21 17:48:18',3,'(UserLogoff,adupont)','::1','Mozilla/5.0 (X11; Linux x86_64) AppleWebKit/537.11 (KHTML, like Gecko) Chrome/23.0.1271.97 Safari/537.11',NULL,NULL,NULL,NULL),
(221,'2014-12-21 16:48:20','USER_LOGIN',1,'2014-12-21 17:48:20',1,'(UserLogged,admin)','::1','Mozilla/5.0 (X11; Linux x86_64) AppleWebKit/537.11 (KHTML, like Gecko) Chrome/23.0.1271.97 Safari/537.11',NULL,NULL,NULL,NULL),
(222,'2014-12-26 18:28:18','USER_LOGIN',1,'2014-12-26 19:28:18',1,'(UserLogged,admin)','127.0.0.1','Mozilla/5.0 (X11; Linux x86_64) AppleWebKit/537.11 (KHTML, like Gecko) Chrome/23.0.1271.97 Safari/537.11',NULL,NULL,NULL,NULL),
(223,'2014-12-26 20:00:24','USER_LOGIN',1,'2014-12-26 21:00:24',1,'(UserLogged,admin)','127.0.0.1','Mozilla/5.0 (X11; Linux x86_64) AppleWebKit/537.11 (KHTML, like Gecko) Chrome/23.0.1271.97 Safari/537.11',NULL,NULL,NULL,NULL),
(224,'2014-12-27 01:10:27','USER_LOGIN',1,'2014-12-27 02:10:27',1,'(UserLogged,admin)','127.0.0.1','Mozilla/5.0 (X11; Linux x86_64) AppleWebKit/537.11 (KHTML, like Gecko) Chrome/23.0.1271.97 Safari/537.11',NULL,NULL,NULL,NULL),
(225,'2014-12-28 19:12:08','USER_LOGIN',1,'2014-12-28 20:12:08',1,'(UserLogged,admin)','127.0.0.1','Mozilla/5.0 (X11; Linux x86_64) AppleWebKit/537.11 (KHTML, like Gecko) Chrome/23.0.1271.97 Safari/537.11',NULL,NULL,NULL,NULL),
(226,'2014-12-28 20:16:58','USER_LOGIN',1,'2014-12-28 21:16:58',1,'(UserLogged,admin)','127.0.0.1','Mozilla/5.0 (X11; Linux x86_64) AppleWebKit/537.11 (KHTML, like Gecko) Chrome/23.0.1271.97 Safari/537.11',NULL,NULL,NULL,NULL),
(227,'2014-12-29 14:35:46','USER_LOGIN',1,'2014-12-29 15:35:46',1,'(UserLogged,admin)','::1','Mozilla/5.0 (X11; Linux x86_64) AppleWebKit/537.11 (KHTML, like Gecko) Chrome/23.0.1271.97 Safari/537.11',NULL,NULL,NULL,NULL),
(228,'2014-12-29 14:37:59','USER_LOGOUT',1,'2014-12-29 15:37:59',1,'(UserLogoff,admin)','::1','Mozilla/5.0 (X11; Linux x86_64) AppleWebKit/537.11 (KHTML, like Gecko) Chrome/23.0.1271.97 Safari/537.11',NULL,NULL,NULL,NULL),
(229,'2014-12-29 14:38:00','USER_LOGIN',1,'2014-12-29 15:38:00',1,'(UserLogged,admin)','::1','Mozilla/5.0 (X11; Linux x86_64) AppleWebKit/537.11 (KHTML, like Gecko) Chrome/23.0.1271.97 Safari/537.11',NULL,NULL,NULL,NULL),
(230,'2014-12-29 17:16:48','USER_LOGIN',1,'2014-12-29 18:16:48',1,'(UserLogged,admin)','127.0.0.1','Mozilla/5.0 (X11; Linux x86_64) AppleWebKit/537.11 (KHTML, like Gecko) Chrome/23.0.1271.97 Safari/537.11',NULL,NULL,NULL,NULL),
(231,'2014-12-31 12:02:59','USER_LOGIN',1,'2014-12-31 13:02:59',1,'(UserLogged,admin)','::1','Mozilla/5.0 (X11; Linux x86_64) AppleWebKit/537.11 (KHTML, like Gecko) Chrome/23.0.1271.97 Safari/537.11',NULL,NULL,NULL,NULL),
(232,'2015-01-02 20:32:51','USER_LOGIN',1,'2015-01-02 21:32:51',1,'(UserLogged,admin)','::1','Mozilla/5.0 (X11; Ubuntu; Linux x86_64; rv:17.0) Gecko/20100101 Firefox/17.0',NULL,NULL,NULL,NULL),
(233,'2015-01-02 20:58:59','USER_LOGIN',1,'2015-01-02 21:58:59',1,'(UserLogged,admin)','::1','Mozilla/5.0 (X11; Linux x86_64) AppleWebKit/537.11 (KHTML, like Gecko) Chrome/23.0.1271.97 Safari/537.11',NULL,NULL,NULL,NULL),
(234,'2015-01-03 09:25:07','USER_LOGIN',1,'2015-01-03 10:25:07',1,'(UserLogged,admin)','::1','Mozilla/5.0 (X11; Linux x86_64) AppleWebKit/537.11 (KHTML, like Gecko) Chrome/23.0.1271.97 Safari/537.11',NULL,NULL,NULL,NULL),
(235,'2015-01-03 19:39:31','USER_LOGIN',1,'2015-01-03 20:39:31',1,'(UserLogged,admin)','::1','Mozilla/5.0 (X11; Linux x86_64) AppleWebKit/537.11 (KHTML, like Gecko) Chrome/23.0.1271.97 Safari/537.11',NULL,NULL,NULL,NULL),
(236,'2015-01-04 22:40:19','USER_LOGIN',1,'2015-01-04 23:40:19',1,'(UserLogged,admin)','::1','Mozilla/5.0 (X11; Linux x86_64) AppleWebKit/537.11 (KHTML, like Gecko) Chrome/23.0.1271.97 Safari/537.11',NULL,NULL,NULL,NULL),
(237,'2015-01-05 12:59:59','USER_LOGIN',1,'2015-01-05 13:59:59',1,'(UserLogged,admin)','::1','Mozilla/5.0 (X11; Linux x86_64) AppleWebKit/537.11 (KHTML, like Gecko) Chrome/23.0.1271.97 Safari/537.11',NULL,NULL,NULL,NULL),
(238,'2015-01-05 15:28:52','USER_LOGIN',1,'2015-01-05 16:28:52',1,'(UserLogged,admin)','::1','Mozilla/5.0 (X11; Linux x86_64) AppleWebKit/537.11 (KHTML, like Gecko) Chrome/23.0.1271.97 Safari/537.11',NULL,NULL,NULL,NULL),
(239,'2015-01-05 17:02:08','USER_LOGIN',1,'2015-01-05 18:02:08',1,'(UserLogged,admin)','::1','Mozilla/5.0 (X11; Linux x86_64) AppleWebKit/537.11 (KHTML, like Gecko) Chrome/23.0.1271.97 Safari/537.11',NULL,NULL,NULL,NULL),
(240,'2015-01-06 12:13:33','USER_LOGIN',1,'2015-01-06 13:13:33',1,'(UserLogged,admin)','::1','Mozilla/5.0 (X11; Linux x86_64) AppleWebKit/537.11 (KHTML, like Gecko) Chrome/23.0.1271.97 Safari/537.11',NULL,NULL,NULL,NULL),
(241,'2015-01-07 01:21:15','USER_LOGIN',1,'2015-01-07 02:21:15',1,'(UserLogged,admin)','::1','Mozilla/5.0 (X11; Linux x86_64) AppleWebKit/537.11 (KHTML, like Gecko) Chrome/23.0.1271.97 Safari/537.11',NULL,NULL,NULL,NULL),
(242,'2015-01-07 01:46:31','USER_LOGOUT',1,'2015-01-07 02:46:31',1,'(UserLogoff,admin)','::1','Mozilla/5.0 (X11; Linux x86_64) AppleWebKit/537.11 (KHTML, like Gecko) Chrome/23.0.1271.97 Safari/537.11',NULL,NULL,NULL,NULL),
(243,'2015-01-07 19:54:50','USER_LOGIN',1,'2015-01-07 20:54:50',1,'(UserLogged,admin)','::1','Mozilla/5.0 (X11; Linux x86_64) AppleWebKit/537.11 (KHTML, like Gecko) Chrome/23.0.1271.97 Safari/537.11',NULL,NULL,NULL,NULL),
(244,'2015-01-08 21:55:01','USER_LOGIN',1,'2015-01-08 22:55:01',1,'(UserLogged,admin)','::1','Mozilla/5.0 (X11; Linux x86_64) AppleWebKit/537.11 (KHTML, like Gecko) Chrome/23.0.1271.97 Safari/537.11',NULL,NULL,NULL,NULL),
(245,'2015-01-09 11:13:28','USER_LOGIN',1,'2015-01-09 12:13:28',1,'(UserLogged,admin)','::1','Mozilla/5.0 (X11; Linux x86_64) AppleWebKit/537.11 (KHTML, like Gecko) Chrome/23.0.1271.97 Safari/537.11',NULL,NULL,NULL,NULL),
(246,'2015-01-10 18:30:46','USER_LOGIN',1,'2015-01-10 19:30:46',1,'(UserLogged,admin)','::1','Mozilla/5.0 (X11; Linux x86_64) AppleWebKit/537.11 (KHTML, like Gecko) Chrome/23.0.1271.97 Safari/537.11',NULL,NULL,NULL,NULL),
(247,'2015-01-11 18:03:26','USER_LOGIN',1,'2015-01-11 19:03:26',1,'(UserLogged,admin)','::1','Mozilla/5.0 (X11; Linux x86_64) AppleWebKit/537.11 (KHTML, like Gecko) Chrome/23.0.1271.97 Safari/537.11',NULL,NULL,NULL,NULL),
(248,'2015-01-12 11:15:04','USER_LOGIN',1,'2015-01-12 12:15:04',1,'(UserLogged,admin)','::1','Mozilla/5.0 (X11; Linux x86_64) AppleWebKit/537.11 (KHTML, like Gecko) Chrome/23.0.1271.97 Safari/537.11',NULL,NULL,NULL,NULL),
(249,'2015-01-12 14:42:44','USER_LOGIN',1,'2015-01-12 15:42:44',1,'(UserLogged,admin)','::1','Mozilla/5.0 (X11; Linux x86_64) AppleWebKit/537.11 (KHTML, like Gecko) Chrome/23.0.1271.97 Safari/537.11',NULL,NULL,NULL,NULL),
(250,'2015-01-13 12:07:17','USER_LOGIN',1,'2015-01-13 13:07:17',1,'(UserLogged,admin)','::1','Mozilla/5.0 (X11; Linux x86_64) AppleWebKit/537.11 (KHTML, like Gecko) Chrome/23.0.1271.97 Safari/537.11',NULL,NULL,NULL,NULL),
(251,'2015-01-13 17:37:58','USER_LOGIN',1,'2015-01-13 18:37:58',1,'(UserLogged,admin)','::1','Mozilla/5.0 (X11; Linux x86_64) AppleWebKit/537.11 (KHTML, like Gecko) Chrome/23.0.1271.97 Safari/537.11',NULL,NULL,NULL,NULL),
(252,'2015-01-13 19:24:21','USER_LOGIN',1,'2015-01-13 20:24:21',1,'(UserLogged,admin)','::1','Mozilla/5.0 (X11; Linux x86_64) AppleWebKit/537.11 (KHTML, like Gecko) Chrome/23.0.1271.97 Safari/537.11',NULL,NULL,NULL,NULL),
(253,'2015-01-13 19:29:19','USER_LOGOUT',1,'2015-01-13 20:29:19',1,'(UserLogoff,admin)','::1','Mozilla/5.0 (X11; Linux x86_64) AppleWebKit/537.11 (KHTML, like Gecko) Chrome/23.0.1271.97 Safari/537.11',NULL,NULL,NULL,NULL),
(254,'2015-01-13 21:39:39','USER_LOGIN',1,'2015-01-13 22:39:39',1,'(UserLogged,admin)','::1','Mozilla/5.0 (X11; Linux x86_64) AppleWebKit/537.11 (KHTML, like Gecko) Chrome/23.0.1271.97 Safari/537.11',NULL,NULL,NULL,NULL),
(255,'2015-01-14 00:52:21','USER_LOGIN',1,'2015-01-14 01:52:21',1,'(UserLogged,admin)','::1','Mozilla/5.0 (X11; Linux x86_64) AppleWebKit/537.11 (KHTML, like Gecko) Chrome/23.0.1271.97 Safari/537.11',NULL,NULL,NULL,NULL),
(256,'2015-01-16 11:34:31','USER_LOGIN',1,'2015-01-16 12:34:31',1,'(UserLogged,admin)','::1','Mozilla/5.0 (X11; Linux x86_64) AppleWebKit/537.17 (KHTML, like Gecko) Chrome/24.0.1312.52 Safari/537.17',NULL,NULL,NULL,NULL),
(257,'2015-01-16 15:36:21','USER_LOGIN',1,'2015-01-16 16:36:21',1,'(UserLogged,admin)','::1','Mozilla/5.0 (X11; Linux x86_64) AppleWebKit/537.17 (KHTML, like Gecko) Chrome/24.0.1312.52 Safari/537.17',NULL,NULL,NULL,NULL),
(258,'2015-01-16 19:17:36','USER_LOGIN',1,'2015-01-16 20:17:36',1,'(UserLogged,admin)','::1','Mozilla/5.0 (X11; Linux x86_64) AppleWebKit/537.17 (KHTML, like Gecko) Chrome/24.0.1312.52 Safari/537.17',NULL,NULL,NULL,NULL),
(259,'2015-01-16 19:48:08','GROUP_CREATE',1,'2015-01-16 20:48:08',1,'Création groupe ggg','::1','Mozilla/5.0 (X11; Linux x86_64) AppleWebKit/537.17 (KHTML, like Gecko) Chrome/24.0.1312.52 Safari/537.17',NULL,NULL,NULL,NULL),
(260,'2015-01-16 21:48:53','USER_LOGIN',1,'2015-01-16 22:48:53',1,'(UserLogged,admin)','::1','Mozilla/5.0 (X11; Linux x86_64) AppleWebKit/537.17 (KHTML, like Gecko) Chrome/24.0.1312.52 Safari/537.17',NULL,NULL,NULL,NULL),
(261,'2015-01-17 19:55:53','USER_LOGIN',1,'2015-01-17 20:55:53',1,'(UserLogged,admin)','::1','Mozilla/5.0 (X11; Linux x86_64) AppleWebKit/537.17 (KHTML, like Gecko) Chrome/24.0.1312.52 Safari/537.17',NULL,NULL,NULL,NULL),
(262,'2015-01-18 09:48:01','USER_LOGIN',1,'2015-01-18 10:48:01',1,'(UserLogged,admin)','::1','Mozilla/5.0 (X11; Linux x86_64) AppleWebKit/537.17 (KHTML, like Gecko) Chrome/24.0.1312.52 Safari/537.17',NULL,NULL,NULL,NULL),
(263,'2015-01-18 13:22:36','USER_LOGIN',1,'2015-01-18 14:22:36',1,'(UserLogged,admin)','::1','Mozilla/5.0 (X11; Linux x86_64) AppleWebKit/537.17 (KHTML, like Gecko) Chrome/24.0.1312.52 Safari/537.17',NULL,NULL,NULL,NULL),
(264,'2015-01-18 16:10:23','USER_LOGIN',1,'2015-01-18 17:10:22',1,'(UserLogged,admin)','::1','Mozilla/5.0 (X11; Linux x86_64) AppleWebKit/537.17 (KHTML, like Gecko) Chrome/24.0.1312.52 Safari/537.17',NULL,NULL,NULL,NULL),
(265,'2015-01-18 17:41:40','USER_LOGIN',1,'2015-01-18 18:41:40',1,'(UserLogged,admin)','::1','Mozilla/5.0 (X11; Linux x86_64) AppleWebKit/537.17 (KHTML, like Gecko) Chrome/24.0.1312.52 Safari/537.17',NULL,NULL,NULL,NULL),
(266,'2015-01-19 14:33:48','USER_LOGIN',1,'2015-01-19 15:33:48',1,'(UserLogged,admin)','::1','Mozilla/5.0 (X11; Linux x86_64) AppleWebKit/537.17 (KHTML, like Gecko) Chrome/24.0.1312.52 Safari/537.17',NULL,NULL,NULL,NULL),
(267,'2015-01-19 16:47:43','USER_LOGIN',1,'2015-01-19 17:47:43',1,'(UserLogged,admin)','::1','Mozilla/5.0 (X11; Linux x86_64) AppleWebKit/537.17 (KHTML, like Gecko) Chrome/24.0.1312.52 Safari/537.17',NULL,NULL,NULL,NULL),
(268,'2015-01-19 16:59:43','USER_LOGIN',1,'2015-01-19 17:59:43',1,'(UserLogged,admin)','::1','Mozilla/5.0 (X11; Linux x86_64) AppleWebKit/537.17 (KHTML, like Gecko) Chrome/24.0.1312.52 Safari/537.17',NULL,NULL,NULL,NULL),
(269,'2015-01-19 17:00:22','USER_LOGIN',1,'2015-01-19 18:00:22',1,'(UserLogged,admin)','::1','Mozilla/5.0 (X11; Linux x86_64) AppleWebKit/537.17 (KHTML, like Gecko) Chrome/24.0.1312.52 Safari/537.17',NULL,NULL,NULL,NULL),
(270,'2015-01-19 17:04:16','USER_LOGOUT',1,'2015-01-19 18:04:16',1,'(UserLogoff,admin)','::1','Mozilla/5.0 (X11; Linux x86_64) AppleWebKit/537.17 (KHTML, like Gecko) Chrome/24.0.1312.52 Safari/537.17',NULL,NULL,NULL,NULL),
(271,'2015-01-19 17:04:18','USER_LOGIN',1,'2015-01-19 18:04:18',1,'(UserLogged,admin)','::1','Mozilla/5.0 (X11; Linux x86_64) AppleWebKit/537.17 (KHTML, like Gecko) Chrome/24.0.1312.52 Safari/537.17',NULL,NULL,NULL,NULL),
(272,'2015-01-20 00:34:19','USER_LOGIN',1,'2015-01-20 01:34:19',1,'(UserLogged,admin)','::1','Mozilla/5.0 (X11; Linux x86_64) AppleWebKit/537.17 (KHTML, like Gecko) Chrome/24.0.1312.52 Safari/537.17',NULL,NULL,NULL,NULL),
(273,'2015-01-21 11:54:17','USER_LOGIN',1,'2015-01-21 12:54:17',1,'(UserLogged,admin)','::1','Mozilla/5.0 (X11; Linux x86_64) AppleWebKit/537.17 (KHTML, like Gecko) Chrome/24.0.1312.52 Safari/537.17',NULL,NULL,NULL,NULL),
(274,'2015-01-21 13:48:15','USER_LOGIN',1,'2015-01-21 14:48:15',1,'(UserLogged,admin)','::1','Mozilla/5.0 (X11; Linux x86_64) AppleWebKit/537.17 (KHTML, like Gecko) Chrome/24.0.1312.52 Safari/537.17',NULL,NULL,NULL,NULL),
(275,'2015-01-21 14:30:22','USER_LOGIN',1,'2015-01-21 15:30:22',1,'(UserLogged,admin)','127.0.0.1','Mozilla/5.0 (X11; Linux x86_64) AppleWebKit/537.17 (KHTML, like Gecko) Chrome/24.0.1312.52 Safari/537.17',NULL,NULL,NULL,NULL),
(276,'2015-01-21 15:10:46','USER_LOGIN',1,'2015-01-21 16:10:46',1,'(UserLogged,admin)','::1','Mozilla/5.0 (X11; Linux x86_64) AppleWebKit/537.17 (KHTML, like Gecko) Chrome/24.0.1312.52 Safari/537.17',NULL,NULL,NULL,NULL),
(277,'2015-01-21 17:27:43','USER_LOGIN',1,'2015-01-21 18:27:43',1,'(UserLogged,admin)','127.0.0.1','Mozilla/5.0 (X11; Linux x86_64) AppleWebKit/537.17 (KHTML, like Gecko) Chrome/24.0.1312.52 Safari/537.17',NULL,NULL,NULL,NULL),
(278,'2015-01-21 21:48:15','USER_LOGIN',1,'2015-01-21 22:48:15',1,'(UserLogged,admin)','::1','Mozilla/5.0 (X11; Linux x86_64) AppleWebKit/537.17 (KHTML, like Gecko) Chrome/24.0.1312.52 Safari/537.17',NULL,NULL,NULL,NULL),
(279,'2015-01-21 21:50:42','USER_LOGIN',1,'2015-01-21 22:50:42',1,'(UserLogged,admin)','127.0.0.1','Mozilla/5.0 (X11; Linux x86_64) AppleWebKit/537.17 (KHTML, like Gecko) Chrome/24.0.1312.52 Safari/537.17',NULL,NULL,NULL,NULL),
(280,'2015-01-23 09:28:26','USER_LOGIN',1,'2015-01-23 10:28:26',1,'(UserLogged,admin)','::1','Mozilla/5.0 (X11; Linux x86_64) AppleWebKit/537.17 (KHTML, like Gecko) Chrome/24.0.1312.56 Safari/537.17',NULL,NULL,NULL,NULL),
(281,'2015-01-23 13:21:57','USER_LOGIN',1,'2015-01-23 14:21:57',1,'(UserLogged,admin)','::1','Mozilla/5.0 (X11; Linux x86_64) AppleWebKit/537.17 (KHTML, like Gecko) Chrome/24.0.1312.56 Safari/537.17',NULL,NULL,NULL,NULL),
(282,'2015-01-23 16:52:00','USER_LOGOUT',1,'2015-01-23 17:52:00',1,'(UserLogoff,admin)','::1','Mozilla/5.0 (X11; Linux x86_64) AppleWebKit/537.17 (KHTML, like Gecko) Chrome/24.0.1312.56 Safari/537.17',NULL,NULL,NULL,NULL),
(283,'2015-01-23 16:52:05','USER_LOGIN_FAILED',1,'2015-01-23 17:52:05',NULL,'Bad value for login or password - login=bbb','::1','Mozilla/5.0 (X11; Linux x86_64) AppleWebKit/537.17 (KHTML, like Gecko) Chrome/24.0.1312.56 Safari/537.17',NULL,NULL,NULL,NULL),
(284,'2015-01-23 16:52:09','USER_LOGIN',1,'2015-01-23 17:52:09',1,'(UserLogged,admin)','::1','Mozilla/5.0 (X11; Linux x86_64) AppleWebKit/537.17 (KHTML, like Gecko) Chrome/24.0.1312.56 Safari/537.17',NULL,NULL,NULL,NULL),
(285,'2015-01-23 16:52:27','USER_CREATE',1,'2015-01-23 17:52:27',1,'Création utilisateur aaa','::1','Mozilla/5.0 (X11; Linux x86_64) AppleWebKit/537.17 (KHTML, like Gecko) Chrome/24.0.1312.56 Safari/537.17',NULL,NULL,NULL,NULL),
(286,'2015-01-23 16:52:27','USER_NEW_PASSWORD',1,'2015-01-23 17:52:27',1,'Changement mot de passe de aaa','::1','Mozilla/5.0 (X11; Linux x86_64) AppleWebKit/537.17 (KHTML, like Gecko) Chrome/24.0.1312.56 Safari/537.17',NULL,NULL,NULL,NULL),
(287,'2015-01-23 16:52:37','USER_CREATE',1,'2015-01-23 17:52:37',1,'Création utilisateur bbb','::1','Mozilla/5.0 (X11; Linux x86_64) AppleWebKit/537.17 (KHTML, like Gecko) Chrome/24.0.1312.56 Safari/537.17',NULL,NULL,NULL,NULL),
(288,'2015-01-23 16:52:37','USER_NEW_PASSWORD',1,'2015-01-23 17:52:37',1,'Changement mot de passe de bbb','::1','Mozilla/5.0 (X11; Linux x86_64) AppleWebKit/537.17 (KHTML, like Gecko) Chrome/24.0.1312.56 Safari/537.17',NULL,NULL,NULL,NULL),
(289,'2015-01-23 16:53:15','USER_LOGOUT',1,'2015-01-23 17:53:15',1,'(UserLogoff,admin)','::1','Mozilla/5.0 (X11; Linux x86_64) AppleWebKit/537.17 (KHTML, like Gecko) Chrome/24.0.1312.56 Safari/537.17',NULL,NULL,NULL,NULL),
(290,'2015-01-23 16:53:20','USER_LOGIN',1,'2015-01-23 17:53:20',4,'(UserLogged,aaa)','::1','Mozilla/5.0 (X11; Linux x86_64) AppleWebKit/537.17 (KHTML, like Gecko) Chrome/24.0.1312.56 Safari/537.17',NULL,NULL,NULL,NULL),
(291,'2015-01-23 19:16:58','USER_LOGIN',1,'2015-01-23 20:16:58',1,'(UserLogged,admin)','::1','Mozilla/5.0 (X11; Linux x86_64) AppleWebKit/537.17 (KHTML, like Gecko) Chrome/24.0.1312.56 Safari/537.17',NULL,NULL,NULL,NULL),
(292,'2015-01-26 10:54:07','USER_LOGIN',1,'2015-01-26 11:54:07',1,'(UserLogged,admin)','::1','Mozilla/5.0 (X11; Linux x86_64) AppleWebKit/537.17 (KHTML, like Gecko) Chrome/24.0.1312.56 Safari/537.17',NULL,NULL,NULL,NULL),
(293,'2015-01-29 10:15:36','USER_LOGIN',1,'2015-01-29 11:15:36',1,'(UserLogged,admin)','::1','Mozilla/5.0 (X11; Linux x86_64) AppleWebKit/537.17 (KHTML, like Gecko) Chrome/24.0.1312.56 Safari/537.17',NULL,NULL,NULL,NULL),
(294,'2015-01-30 17:42:50','USER_LOGIN',1,'2015-01-30 18:42:50',1,'(UserLogged,admin)','::1','Mozilla/5.0 (X11; Linux x86_64) AppleWebKit/537.17 (KHTML, like Gecko) Chrome/24.0.1312.56 Safari/537.17',NULL,NULL,NULL,NULL),
(295,'2015-02-01 08:49:55','USER_LOGIN',1,'2015-02-01 09:49:55',1,'(UserLogged,admin)','::1','Mozilla/5.0 (X11; Linux x86_64) AppleWebKit/537.17 (KHTML, like Gecko) Chrome/24.0.1312.57 Safari/537.17',NULL,NULL,NULL,NULL),
(296,'2015-02-01 08:51:57','USER_LOGOUT',1,'2015-02-01 09:51:57',1,'(UserLogoff,admin)','::1','Mozilla/5.0 (X11; Linux x86_64) AppleWebKit/537.17 (KHTML, like Gecko) Chrome/24.0.1312.57 Safari/537.17',NULL,NULL,NULL,NULL),
(297,'2015-02-01 08:52:39','USER_LOGIN',1,'2015-02-01 09:52:39',1,'(UserLogged,admin)','::1','Mozilla/5.0 (X11; Linux x86_64) AppleWebKit/537.17 (KHTML, like Gecko) Chrome/24.0.1312.57 Safari/537.17',NULL,NULL,NULL,NULL),
(298,'2015-02-01 21:03:01','USER_LOGIN',1,'2015-02-01 22:03:01',1,'(UserLogged,admin)','::1','Mozilla/5.0 (X11; Linux x86_64) AppleWebKit/537.17 (KHTML, like Gecko) Chrome/24.0.1312.57 Safari/537.17',NULL,NULL,NULL,NULL),
(299,'2015-02-10 19:48:39','USER_LOGIN',1,'2015-02-10 20:48:39',1,'(UserLogged,admin)','::1','Mozilla/5.0 (X11; Linux x86_64) AppleWebKit/537.17 (KHTML, like Gecko) Chrome/24.0.1312.57 Safari/537.17',NULL,NULL,NULL,NULL),
(300,'2015-02-10 20:46:48','USER_LOGIN',1,'2015-02-10 21:46:48',1,'(UserLogged,admin)','::1','Mozilla/5.0 (X11; Linux x86_64) AppleWebKit/537.17 (KHTML, like Gecko) Chrome/24.0.1312.57 Safari/537.17',NULL,NULL,NULL,NULL),
(301,'2015-02-10 21:39:23','USER_LOGIN',1,'2015-02-10 22:39:23',1,'(UserLogged,admin)','::1','Mozilla/5.0 (X11; Linux x86_64) AppleWebKit/537.17 (KHTML, like Gecko) Chrome/24.0.1312.57 Safari/537.17',NULL,NULL,NULL,NULL),
(302,'2015-02-11 19:00:13','USER_LOGIN',1,'2015-02-11 20:00:13',1,'(UserLogged,admin)','::1','Mozilla/5.0 (X11; Linux x86_64) AppleWebKit/537.17 (KHTML, like Gecko) Chrome/24.0.1312.57 Safari/537.17',NULL,NULL,NULL,NULL),
(303,'2015-02-11 19:43:44','USER_LOGIN_FAILED',1,'2015-02-11 20:43:44',NULL,'Unknown column \'u.fk_user\' in \'field list\'','::1','Mozilla/5.0 (X11; Linux x86_64) AppleWebKit/537.17 (KHTML, like Gecko) Chrome/24.0.1312.57 Safari/537.17',NULL,NULL,NULL,NULL),
(304,'2015-02-11 19:44:01','USER_LOGIN',1,'2015-02-11 20:44:01',1,'(UserLogged,admin)','::1','Mozilla/5.0 (X11; Linux x86_64) AppleWebKit/537.17 (KHTML, like Gecko) Chrome/24.0.1312.57 Safari/537.17',NULL,NULL,NULL,NULL),
(305,'2015-02-12 00:27:35','USER_LOGIN',1,'2015-02-12 01:27:35',1,'(UserLogged,admin)','::1','Mozilla/5.0 (X11; Linux x86_64) AppleWebKit/537.17 (KHTML, like Gecko) Chrome/24.0.1312.57 Safari/537.17',NULL,NULL,NULL,NULL),
(306,'2015-02-12 00:27:38','USER_LOGOUT',1,'2015-02-12 01:27:38',1,'(UserLogoff,admin)','::1','Mozilla/5.0 (X11; Linux x86_64) AppleWebKit/537.17 (KHTML, like Gecko) Chrome/24.0.1312.57 Safari/537.17',NULL,NULL,NULL,NULL),
(307,'2015-02-12 00:28:07','USER_LOGIN',1,'2015-02-12 01:28:07',1,'(UserLogged,admin)','::1','Mozilla/5.0 (X11; Linux x86_64) AppleWebKit/537.17 (KHTML, like Gecko) Chrome/24.0.1312.57 Safari/537.17',NULL,NULL,NULL,NULL),
(308,'2015-02-12 00:28:09','USER_LOGOUT',1,'2015-02-12 01:28:09',1,'(UserLogoff,admin)','::1','Mozilla/5.0 (X11; Linux x86_64) AppleWebKit/537.17 (KHTML, like Gecko) Chrome/24.0.1312.57 Safari/537.17',NULL,NULL,NULL,NULL),
(309,'2015-02-12 00:28:26','USER_LOGIN',1,'2015-02-12 01:28:26',1,'(UserLogged,admin)','::1','Mozilla/5.0 (X11; Linux x86_64) AppleWebKit/537.17 (KHTML, like Gecko) Chrome/24.0.1312.57 Safari/537.17',NULL,NULL,NULL,NULL),
(310,'2015-02-12 00:28:30','USER_LOGOUT',1,'2015-02-12 01:28:30',1,'(UserLogoff,admin)','::1','Mozilla/5.0 (X11; Linux x86_64) AppleWebKit/537.17 (KHTML, like Gecko) Chrome/24.0.1312.57 Safari/537.17',NULL,NULL,NULL,NULL),
(311,'2015-02-12 12:42:15','USER_LOGIN',1,'2015-02-12 13:42:15',1,'(UserLogged,admin)','::1','Mozilla/5.0 (X11; Linux x86_64) AppleWebKit/537.17 (KHTML, like Gecko) Chrome/24.0.1312.57 Safari/537.17',NULL,NULL,NULL,NULL),
(312,'2015-02-12 13:46:16','USER_LOGIN',1,'2015-02-12 14:46:16',1,'(UserLogged,admin)','::1','Mozilla/5.0 (X11; Linux x86_64) AppleWebKit/537.17 (KHTML, like Gecko) Chrome/24.0.1312.69 Safari/537.17',NULL,NULL,NULL,NULL),
(313,'2015-02-12 14:54:28','USER_LOGIN',1,'2015-02-12 15:54:28',1,'(UserLogged,admin)','::1','Mozilla/5.0 (X11; Linux x86_64) AppleWebKit/537.17 (KHTML, like Gecko) Chrome/24.0.1312.69 Safari/537.17',NULL,NULL,NULL,NULL),
(314,'2015-02-12 16:04:46','USER_LOGIN',1,'2015-02-12 17:04:46',1,'(UserLogged,admin)','::1','Mozilla/5.0 (X11; Linux x86_64) AppleWebKit/537.17 (KHTML, like Gecko) Chrome/24.0.1312.69 Safari/537.17',NULL,NULL,NULL,NULL),
(315,'2015-02-13 14:02:43','USER_LOGIN',1,'2015-02-13 15:02:43',1,'(UserLogged,admin)','::1','Mozilla/5.0 (X11; Linux x86_64) AppleWebKit/537.17 (KHTML, like Gecko) Chrome/24.0.1312.69 Safari/537.17',NULL,NULL,NULL,NULL),
(316,'2015-02-13 14:48:30','USER_LOGIN',1,'2015-02-13 15:48:30',1,'(UserLogged,admin)','::1','Mozilla/5.0 (X11; Linux x86_64) AppleWebKit/537.17 (KHTML, like Gecko) Chrome/24.0.1312.69 Safari/537.17',NULL,NULL,NULL,NULL),
(317,'2015-02-13 17:44:53','USER_LOGIN',1,'2015-02-13 18:44:53',1,'(UserLogged,admin)','::1','Mozilla/5.0 (X11; Linux x86_64) AppleWebKit/537.17 (KHTML, like Gecko) Chrome/24.0.1312.69 Safari/537.17',NULL,NULL,NULL,NULL),
(318,'2015-02-15 08:44:36','USER_LOGIN',1,'2015-02-15 09:44:36',1,'(UserLogged,admin)','::1','Mozilla/5.0 (X11; Linux x86_64) AppleWebKit/537.17 (KHTML, like Gecko) Chrome/24.0.1312.69 Safari/537.17',NULL,NULL,NULL,NULL),
(319,'2015-02-15 08:53:20','USER_LOGIN',1,'2015-02-15 09:53:20',1,'(UserLogged,admin)','127.0.0.1','Mozilla/5.0 (X11; Linux x86_64) AppleWebKit/537.17 (KHTML, like Gecko) Chrome/24.0.1312.69 Safari/537.17',NULL,NULL,NULL,NULL),
(320,'2015-02-16 19:10:28','USER_LOGIN',1,'2015-02-16 20:10:28',1,'(UserLogged,admin)','127.0.0.1','Mozilla/5.0 (X11; Linux x86_64) AppleWebKit/537.17 (KHTML, like Gecko) Chrome/24.0.1312.69 Safari/537.17',NULL,NULL,NULL,NULL),
(321,'2015-02-16 19:22:40','USER_CREATE',1,'2015-02-16 20:22:40',1,'Création utilisateur aaab','127.0.0.1','Mozilla/5.0 (X11; Linux x86_64) AppleWebKit/537.17 (KHTML, like Gecko) Chrome/24.0.1312.69 Safari/537.17',NULL,NULL,NULL,NULL),
(322,'2015-02-16 19:22:40','USER_NEW_PASSWORD',1,'2015-02-16 20:22:40',1,'Changement mot de passe de aaab','127.0.0.1','Mozilla/5.0 (X11; Linux x86_64) AppleWebKit/537.17 (KHTML, like Gecko) Chrome/24.0.1312.69 Safari/537.17',NULL,NULL,NULL,NULL),
(323,'2015-02-16 19:48:15','USER_CREATE',1,'2015-02-16 20:48:15',1,'Création utilisateur zzz','127.0.0.1','Mozilla/5.0 (X11; Linux x86_64) AppleWebKit/537.17 (KHTML, like Gecko) Chrome/24.0.1312.69 Safari/537.17',NULL,NULL,NULL,NULL),
(324,'2015-02-16 19:48:15','USER_NEW_PASSWORD',1,'2015-02-16 20:48:15',1,'Changement mot de passe de zzz','127.0.0.1','Mozilla/5.0 (X11; Linux x86_64) AppleWebKit/537.17 (KHTML, like Gecko) Chrome/24.0.1312.69 Safari/537.17',NULL,NULL,NULL,NULL),
(325,'2015-02-16 19:50:08','USER_CREATE',1,'2015-02-16 20:50:08',1,'Création utilisateur zzzg','127.0.0.1','Mozilla/5.0 (X11; Linux x86_64) AppleWebKit/537.17 (KHTML, like Gecko) Chrome/24.0.1312.69 Safari/537.17',NULL,NULL,NULL,NULL),
(326,'2015-02-16 19:50:08','USER_NEW_PASSWORD',1,'2015-02-16 20:50:08',1,'Changement mot de passe de zzzg','127.0.0.1','Mozilla/5.0 (X11; Linux x86_64) AppleWebKit/537.17 (KHTML, like Gecko) Chrome/24.0.1312.69 Safari/537.17',NULL,NULL,NULL,NULL),
(327,'2015-02-16 21:20:03','USER_LOGIN',1,'2015-02-16 22:20:03',1,'(UserLogged,admin)','127.0.0.1','Mozilla/5.0 (X11; Linux x86_64) AppleWebKit/537.17 (KHTML, like Gecko) Chrome/24.0.1312.69 Safari/537.17',NULL,NULL,NULL,NULL),
(328,'2015-02-17 14:30:51','USER_LOGIN',1,'2015-02-17 15:30:51',1,'(UserLogged,admin)','127.0.0.1','Mozilla/5.0 (X11; Linux x86_64) AppleWebKit/537.17 (KHTML, like Gecko) Chrome/24.0.1312.69 Safari/537.17',NULL,NULL,NULL,NULL),
(329,'2015-02-17 17:21:22','USER_LOGIN',1,'2015-02-17 18:21:22',1,'(UserLogged,admin)','127.0.0.1','Mozilla/5.0 (X11; Linux x86_64) AppleWebKit/537.17 (KHTML, like Gecko) Chrome/24.0.1312.69 Safari/537.17',NULL,NULL,NULL,NULL),
(330,'2015-02-17 17:48:43','USER_MODIFY',1,'2015-02-17 18:48:43',1,'Modification utilisateur aaa','127.0.0.1','Mozilla/5.0 (X11; Linux x86_64) AppleWebKit/537.17 (KHTML, like Gecko) Chrome/24.0.1312.69 Safari/537.17',NULL,NULL,NULL,NULL),
(331,'2015-02-17 17:48:47','USER_MODIFY',1,'2015-02-17 18:48:47',1,'Modification utilisateur aaa','127.0.0.1','Mozilla/5.0 (X11; Linux x86_64) AppleWebKit/537.17 (KHTML, like Gecko) Chrome/24.0.1312.69 Safari/537.17',NULL,NULL,NULL,NULL),
(332,'2015-02-17 17:48:51','USER_MODIFY',1,'2015-02-17 18:48:51',1,'Modification utilisateur aaa','127.0.0.1','Mozilla/5.0 (X11; Linux x86_64) AppleWebKit/537.17 (KHTML, like Gecko) Chrome/24.0.1312.69 Safari/537.17',NULL,NULL,NULL,NULL),
(333,'2015-02-17 17:48:56','USER_MODIFY',1,'2015-02-17 18:48:56',1,'Modification utilisateur aaa','127.0.0.1','Mozilla/5.0 (X11; Linux x86_64) AppleWebKit/537.17 (KHTML, like Gecko) Chrome/24.0.1312.69 Safari/537.17',NULL,NULL,NULL,NULL),
(334,'2015-02-18 22:00:01','USER_LOGIN',1,'2015-02-18 23:00:01',1,'(UserLogged,admin)','127.0.0.1','Mozilla/5.0 (X11; Linux x86_64) AppleWebKit/537.17 (KHTML, like Gecko) Chrome/24.0.1312.69 Safari/537.17',NULL,NULL,NULL,NULL),
(335,'2015-02-19 08:19:52','USER_LOGIN',1,'2015-02-19 09:19:52',1,'(UserLogged,admin)','127.0.0.1','Mozilla/5.0 (X11; Linux x86_64) AppleWebKit/537.17 (KHTML, like Gecko) Chrome/24.0.1312.69 Safari/537.17',NULL,NULL,NULL,NULL),
(336,'2015-02-19 22:00:52','USER_LOGIN',1,'2015-02-19 23:00:52',1,'(UserLogged,admin)','127.0.0.1','Mozilla/5.0 (X11; Linux x86_64) AppleWebKit/537.17 (KHTML, like Gecko) Chrome/24.0.1312.69 Safari/537.17',NULL,NULL,NULL,NULL),
(337,'2015-02-20 09:34:52','USER_LOGIN',1,'2015-02-20 10:34:52',1,'(UserLogged,admin)','127.0.0.1','Mozilla/5.0 (X11; Linux x86_64) AppleWebKit/537.17 (KHTML, like Gecko) Chrome/24.0.1312.69 Safari/537.17',NULL,NULL,NULL,NULL),
(338,'2015-02-20 13:12:28','USER_LOGIN',1,'2015-02-20 14:12:28',1,'(UserLogged,admin)','127.0.0.1','Mozilla/5.0 (X11; Linux x86_64) AppleWebKit/537.17 (KHTML, like Gecko) Chrome/24.0.1312.69 Safari/537.17',NULL,NULL,NULL,NULL),
(339,'2015-02-20 17:19:44','USER_LOGIN',1,'2015-02-20 18:19:44',1,'(UserLogged,admin)','127.0.0.1','Mozilla/5.0 (X11; Linux x86_64) AppleWebKit/537.17 (KHTML, like Gecko) Chrome/24.0.1312.69 Safari/537.17',NULL,NULL,NULL,NULL),
(340,'2015-02-20 19:07:21','USER_MODIFY',1,'2015-02-20 20:07:21',1,'Modification utilisateur adupont','127.0.0.1','Mozilla/5.0 (X11; Linux x86_64) AppleWebKit/537.17 (KHTML, like Gecko) Chrome/24.0.1312.69 Safari/537.17',NULL,NULL,NULL,NULL),
(341,'2015-02-20 19:47:17','USER_LOGIN',1,'2015-02-20 20:47:17',1,'(UserLogged,admin)','127.0.0.1','Mozilla/5.0 (X11; Linux x86_64) AppleWebKit/537.17 (KHTML, like Gecko) Chrome/24.0.1312.69 Safari/537.17',NULL,NULL,NULL,NULL),
(342,'2015-02-20 19:48:01','USER_MODIFY',1,'2015-02-20 20:48:01',1,'Modification utilisateur aaa','127.0.0.1','Mozilla/5.0 (X11; Linux x86_64) AppleWebKit/537.17 (KHTML, like Gecko) Chrome/24.0.1312.69 Safari/537.17',NULL,NULL,NULL,NULL),
(343,'2015-02-21 08:27:07','USER_LOGIN',1,'2015-02-21 09:27:07',1,'(UserLogged,admin)','127.0.0.1','Mozilla/5.0 (X11; Linux x86_64) AppleWebKit/537.17 (KHTML, like Gecko) Chrome/24.0.1312.69 Safari/537.17',NULL,NULL,NULL,NULL),
(344,'2015-02-23 13:34:13','USER_LOGIN',1,'2015-02-23 14:34:13',1,'(UserLogged,admin)','127.0.0.1','Mozilla/5.0 (X11; Linux x86_64) AppleWebKit/537.17 (KHTML, like Gecko) Chrome/24.0.1312.69 Safari/537.17',NULL,NULL,NULL,NULL),
(345,'2015-02-24 01:06:41','USER_LOGIN_FAILED',1,'2015-02-24 02:06:41',NULL,'Bad value for login or password - login=admin','127.0.0.1','Mozilla/5.0 (X11; Linux x86_64) AppleWebKit/537.22 (KHTML, like Gecko) Chrome/25.0.1364.97 Safari/537.22',NULL,NULL,NULL,NULL),
(346,'2015-02-24 01:06:45','USER_LOGIN_FAILED',1,'2015-02-24 02:06:45',NULL,'Bad value for login or password - login=admin','127.0.0.1','Mozilla/5.0 (X11; Linux x86_64) AppleWebKit/537.22 (KHTML, like Gecko) Chrome/25.0.1364.97 Safari/537.22',NULL,NULL,NULL,NULL),
(347,'2015-02-24 01:06:55','USER_LOGIN_FAILED',1,'2015-02-24 02:06:55',NULL,'Bad value for login or password - login=admin','127.0.0.1','Mozilla/5.0 (X11; Linux x86_64) AppleWebKit/537.22 (KHTML, like Gecko) Chrome/25.0.1364.97 Safari/537.22',NULL,NULL,NULL,NULL),
(348,'2015-02-24 01:07:03','USER_LOGIN_FAILED',1,'2015-02-24 02:07:03',NULL,'Bad value for login or password - login=admin','127.0.0.1','Mozilla/5.0 (X11; Linux x86_64) AppleWebKit/537.22 (KHTML, like Gecko) Chrome/25.0.1364.97 Safari/537.22',NULL,NULL,NULL,NULL),
(349,'2015-02-24 01:07:21','USER_LOGIN_FAILED',1,'2015-02-24 02:07:21',NULL,'Bad value for login or password - login=admin','127.0.0.1','Mozilla/5.0 (X11; Linux x86_64) AppleWebKit/537.22 (KHTML, like Gecko) Chrome/25.0.1364.97 Safari/537.22',NULL,NULL,NULL,NULL),
(350,'2015-02-24 01:08:12','USER_LOGIN_FAILED',1,'2015-02-24 02:08:12',NULL,'Bad value for login or password - login=admin','127.0.0.1','Mozilla/5.0 (X11; Linux x86_64) AppleWebKit/537.22 (KHTML, like Gecko) Chrome/25.0.1364.97 Safari/537.22',NULL,NULL,NULL,NULL),
(351,'2015-02-24 01:08:42','USER_LOGIN_FAILED',1,'2015-02-24 02:08:42',NULL,'Bad value for login or password - login=admin','127.0.0.1','Mozilla/5.0 (X11; Linux x86_64) AppleWebKit/537.22 (KHTML, like Gecko) Chrome/25.0.1364.97 Safari/537.22',NULL,NULL,NULL,NULL),
(352,'2015-02-24 01:08:50','USER_LOGIN_FAILED',1,'2015-02-24 02:08:50',NULL,'Bad value for login or password - login=admin','127.0.0.1','Mozilla/5.0 (X11; Linux x86_64) AppleWebKit/537.22 (KHTML, like Gecko) Chrome/25.0.1364.97 Safari/537.22',NULL,NULL,NULL,NULL),
(353,'2015-02-24 01:09:08','USER_LOGIN_FAILED',1,'2015-02-24 02:09:08',NULL,'Bad value for login or password - login=admin','127.0.0.1','Mozilla/5.0 (X11; Linux x86_64) AppleWebKit/537.22 (KHTML, like Gecko) Chrome/25.0.1364.97 Safari/537.22',NULL,NULL,NULL,NULL),
(354,'2015-02-24 01:09:42','USER_LOGIN_FAILED',1,'2015-02-24 02:09:42',NULL,'Bad value for login or password - login=admin','127.0.0.1','Mozilla/5.0 (X11; Linux x86_64) AppleWebKit/537.22 (KHTML, like Gecko) Chrome/25.0.1364.97 Safari/537.22',NULL,NULL,NULL,NULL),
(355,'2015-02-24 01:09:50','USER_LOGIN_FAILED',1,'2015-02-24 02:09:50',NULL,'Bad value for login or password - login=admin','127.0.0.1','Mozilla/5.0 (X11; Linux x86_64) AppleWebKit/537.22 (KHTML, like Gecko) Chrome/25.0.1364.97 Safari/537.22',NULL,NULL,NULL,NULL),
(356,'2015-02-24 01:10:05','USER_LOGIN_FAILED',1,'2015-02-24 02:10:05',NULL,'Bad value for login or password - login=admin','127.0.0.1','Mozilla/5.0 (X11; Linux x86_64) AppleWebKit/537.22 (KHTML, like Gecko) Chrome/25.0.1364.97 Safari/537.22',NULL,NULL,NULL,NULL),
(357,'2015-02-24 01:10:22','USER_LOGIN_FAILED',1,'2015-02-24 02:10:22',NULL,'Bad value for login or password - login=admin','127.0.0.1','Mozilla/5.0 (X11; Linux x86_64) AppleWebKit/537.22 (KHTML, like Gecko) Chrome/25.0.1364.97 Safari/537.22',NULL,NULL,NULL,NULL),
(358,'2015-02-24 01:10:30','USER_LOGIN_FAILED',1,'2015-02-24 02:10:30',NULL,'Bad value for login or password - login=admin','127.0.0.1','Mozilla/5.0 (X11; Linux x86_64) AppleWebKit/537.22 (KHTML, like Gecko) Chrome/25.0.1364.97 Safari/537.22',NULL,NULL,NULL,NULL),
(359,'2015-02-24 01:10:56','USER_LOGIN_FAILED',1,'2015-02-24 02:10:56',NULL,'Bad value for login or password - login=admin','127.0.0.1','Mozilla/5.0 (X11; Linux x86_64) AppleWebKit/537.22 (KHTML, like Gecko) Chrome/25.0.1364.97 Safari/537.22',NULL,NULL,NULL,NULL),
(360,'2015-02-24 01:11:26','USER_LOGIN_FAILED',1,'2015-02-24 02:11:26',NULL,'Bad value for login or password - login=admin','127.0.0.1','Mozilla/5.0 (X11; Linux x86_64) AppleWebKit/537.22 (KHTML, like Gecko) Chrome/25.0.1364.97 Safari/537.22',NULL,NULL,NULL,NULL),
(361,'2015-02-24 01:12:06','USER_LOGIN_FAILED',1,'2015-02-24 02:12:06',NULL,'Bad value for login or password - login=admin','127.0.0.1','Mozilla/5.0 (X11; Linux x86_64) AppleWebKit/537.22 (KHTML, like Gecko) Chrome/25.0.1364.97 Safari/537.22',NULL,NULL,NULL,NULL),
(362,'2015-02-24 01:21:14','USER_LOGIN_FAILED',1,'2015-02-24 02:21:14',NULL,'Bad value for login or password - login=admin','127.0.0.1','Mozilla/5.0 (X11; Linux x86_64) AppleWebKit/537.22 (KHTML, like Gecko) Chrome/25.0.1364.97 Safari/537.22',NULL,NULL,NULL,NULL),
(363,'2015-02-24 01:21:25','USER_LOGIN_FAILED',1,'2015-02-24 02:21:25',NULL,'Bad value for login or password - login=admin','127.0.0.1','Mozilla/5.0 (X11; Linux x86_64) AppleWebKit/537.22 (KHTML, like Gecko) Chrome/25.0.1364.97 Safari/537.22',NULL,NULL,NULL,NULL),
(364,'2015-02-24 01:21:54','USER_LOGIN_FAILED',1,'2015-02-24 02:21:54',NULL,'Bad value for login or password - login=admin','127.0.0.1','Mozilla/5.0 (X11; Linux x86_64) AppleWebKit/537.22 (KHTML, like Gecko) Chrome/25.0.1364.97 Safari/537.22',NULL,NULL,NULL,NULL),
(365,'2015-02-24 01:22:14','USER_LOGIN_FAILED',1,'2015-02-24 02:22:14',NULL,'Bad value for login or password - login=admin','127.0.0.1','Mozilla/5.0 (X11; Linux x86_64) AppleWebKit/537.22 (KHTML, like Gecko) Chrome/25.0.1364.97 Safari/537.22',NULL,NULL,NULL,NULL),
(366,'2015-02-24 01:22:37','USER_LOGIN_FAILED',1,'2015-02-24 02:22:37',NULL,'Bad value for login or password - login=admin','127.0.0.1','Mozilla/5.0 (X11; Linux x86_64) AppleWebKit/537.22 (KHTML, like Gecko) Chrome/25.0.1364.97 Safari/537.22',NULL,NULL,NULL,NULL),
(367,'2015-02-24 01:23:01','USER_LOGIN_FAILED',1,'2015-02-24 02:23:01',NULL,'Bad value for login or password - login=admin','127.0.0.1','Mozilla/5.0 (X11; Linux x86_64) AppleWebKit/537.22 (KHTML, like Gecko) Chrome/25.0.1364.97 Safari/537.22',NULL,NULL,NULL,NULL),
(368,'2015-02-24 01:23:39','USER_LOGIN_FAILED',1,'2015-02-24 02:23:39',NULL,'Bad value for login or password - login=admin','127.0.0.1','Mozilla/5.0 (X11; Linux x86_64) AppleWebKit/537.22 (KHTML, like Gecko) Chrome/25.0.1364.97 Safari/537.22',NULL,NULL,NULL,NULL),
(369,'2015-02-24 01:24:04','USER_LOGIN_FAILED',1,'2015-02-24 02:24:04',NULL,'Bad value for login or password - login=admin','127.0.0.1','Mozilla/5.0 (X11; Linux x86_64) AppleWebKit/537.22 (KHTML, like Gecko) Chrome/25.0.1364.97 Safari/537.22',NULL,NULL,NULL,NULL),
(370,'2015-02-24 01:24:39','USER_LOGIN_FAILED',1,'2015-02-24 02:24:39',NULL,'Bad value for login or password - login=aa','127.0.0.1','Mozilla/5.0 (X11; Linux x86_64) AppleWebKit/537.22 (KHTML, like Gecko) Chrome/25.0.1364.97 Safari/537.22',NULL,NULL,NULL,NULL),
(371,'2015-02-24 01:25:01','USER_LOGIN_FAILED',1,'2015-02-24 02:25:01',NULL,'Bad value for login or password - login=aa','127.0.0.1','Mozilla/5.0 (X11; Linux x86_64) AppleWebKit/537.22 (KHTML, like Gecko) Chrome/25.0.1364.97 Safari/537.22',NULL,NULL,NULL,NULL),
(372,'2015-02-24 01:25:12','USER_LOGIN_FAILED',1,'2015-02-24 02:25:12',NULL,'Bad value for login or password - login=aa','127.0.0.1','Mozilla/5.0 (X11; Linux x86_64) AppleWebKit/537.22 (KHTML, like Gecko) Chrome/25.0.1364.97 Safari/537.22',NULL,NULL,NULL,NULL),
(373,'2015-02-24 01:27:30','USER_LOGIN_FAILED',1,'2015-02-24 02:27:30',NULL,'Bad value for login or password - login=aa','127.0.0.1','Mozilla/5.0 (X11; Linux x86_64) AppleWebKit/537.22 (KHTML, like Gecko) Chrome/25.0.1364.97 Safari/537.22',NULL,NULL,NULL,NULL),
(374,'2015-02-24 01:28:00','USER_LOGIN_FAILED',1,'2015-02-24 02:28:00',NULL,'Bad value for login or password - login=aa','127.0.0.1','Mozilla/5.0 (X11; Linux x86_64) AppleWebKit/537.22 (KHTML, like Gecko) Chrome/25.0.1364.97 Safari/537.22',NULL,NULL,NULL,NULL),
(375,'2015-02-24 01:28:35','USER_LOGIN_FAILED',1,'2015-02-24 02:28:35',NULL,'Bad value for login or password - login=aa','127.0.0.1','Mozilla/5.0 (X11; Linux x86_64) AppleWebKit/537.22 (KHTML, like Gecko) Chrome/25.0.1364.97 Safari/537.22',NULL,NULL,NULL,NULL),
(376,'2015-02-24 01:29:03','USER_LOGIN_FAILED',1,'2015-02-24 02:29:03',NULL,'Bad value for login or password - login=aa','127.0.0.1','Mozilla/5.0 (X11; Linux x86_64) AppleWebKit/537.22 (KHTML, like Gecko) Chrome/25.0.1364.97 Safari/537.22',NULL,NULL,NULL,NULL),
(377,'2015-02-24 01:29:55','USER_LOGIN_FAILED',1,'2015-02-24 02:29:55',NULL,'Bad value for login or password - login=aa','127.0.0.1','Mozilla/5.0 (X11; Linux x86_64) AppleWebKit/537.22 (KHTML, like Gecko) Chrome/25.0.1364.97 Safari/537.22',NULL,NULL,NULL,NULL),
(378,'2015-02-24 01:32:40','USER_LOGIN_FAILED',1,'2015-02-24 02:32:40',NULL,'Bad value for login or password - login=aa','127.0.0.1','Mozilla/5.0 (X11; Linux x86_64) AppleWebKit/537.22 (KHTML, like Gecko) Chrome/25.0.1364.97 Safari/537.22',NULL,NULL,NULL,NULL),
(379,'2015-02-24 01:39:33','USER_LOGIN_FAILED',1,'2015-02-24 02:39:33',NULL,'Identifiants login ou mot de passe incorrects - login=aa','127.0.0.1','Mozilla/5.0 (X11; Linux x86_64) AppleWebKit/537.22 (KHTML, like Gecko) Chrome/25.0.1364.97 Safari/537.22',NULL,NULL,NULL,NULL),
(380,'2015-02-24 01:39:38','USER_LOGIN_FAILED',1,'2015-02-24 02:39:38',NULL,'Identifiants login ou mot de passe incorrects - login=aa','127.0.0.1','Mozilla/5.0 (X11; Linux x86_64) AppleWebKit/537.22 (KHTML, like Gecko) Chrome/25.0.1364.97 Safari/537.22',NULL,NULL,NULL,NULL),
(381,'2015-02-24 01:39:47','USER_LOGIN_FAILED',1,'2015-02-24 02:39:47',NULL,'Identifiants login ou mot de passe incorrects - login=lmkm','127.0.0.1','Mozilla/5.0 (X11; Linux x86_64) AppleWebKit/537.22 (KHTML, like Gecko) Chrome/25.0.1364.97 Safari/537.22',NULL,NULL,NULL,NULL),
(382,'2015-02-24 01:40:54','USER_LOGIN_FAILED',1,'2015-02-24 02:40:54',NULL,'Identifiants login ou mot de passe incorrects - login=lmkm','127.0.0.1','Mozilla/5.0 (X11; Linux x86_64) AppleWebKit/537.22 (KHTML, like Gecko) Chrome/25.0.1364.97 Safari/537.22',NULL,NULL,NULL,NULL),
(383,'2015-02-24 01:47:57','USER_LOGIN_FAILED',1,'2015-02-24 02:47:57',NULL,'Identifiants login ou mot de passe incorrects - login=lmkm','127.0.0.1','Mozilla/5.0 (X11; Linux x86_64) AppleWebKit/537.22 (KHTML, like Gecko) Chrome/25.0.1364.97 Safari/537.22',NULL,NULL,NULL,NULL),
(384,'2015-02-24 01:48:05','USER_LOGIN_FAILED',1,'2015-02-24 02:48:05',NULL,'Identifiants login ou mot de passe incorrects - login=admin','127.0.0.1','Mozilla/5.0 (X11; Linux x86_64) AppleWebKit/537.22 (KHTML, like Gecko) Chrome/25.0.1364.97 Safari/537.22',NULL,NULL,NULL,NULL),
(385,'2015-02-24 01:48:07','USER_LOGIN_FAILED',1,'2015-02-24 02:48:07',NULL,'Unknown column \'u.lastname\' in \'field list\'','127.0.0.1','Mozilla/5.0 (X11; Linux x86_64) AppleWebKit/537.22 (KHTML, like Gecko) Chrome/25.0.1364.97 Safari/537.22',NULL,NULL,NULL,NULL),
(386,'2015-02-24 01:48:35','USER_LOGIN',1,'2015-02-24 02:48:35',1,'(UserLogged,admin)','127.0.0.1','Mozilla/5.0 (X11; Linux x86_64) AppleWebKit/537.22 (KHTML, like Gecko) Chrome/25.0.1364.97 Safari/537.22',NULL,NULL,NULL,NULL),
(387,'2015-02-24 01:56:32','USER_LOGIN',1,'2015-02-24 02:56:32',1,'(UserLogged,admin)','192.168.0.254','Mozilla/5.0 (Linux; U; Android 2.2; en-us; sdk Build/FRF91) AppleWebKit/533.1 (KHTML, like Gecko) Version/4.0 Mobile Safari/533.1',NULL,NULL,NULL,NULL),
(388,'2015-02-24 02:05:55','USER_LOGOUT',1,'2015-02-24 03:05:55',1,'(UserLogoff,admin)','127.0.0.1','Mozilla/5.0 (X11; Linux x86_64) AppleWebKit/537.22 (KHTML, like Gecko) Chrome/25.0.1364.97 Safari/537.22',NULL,NULL,NULL,NULL),
(389,'2015-02-24 02:39:52','USER_LOGIN',1,'2015-02-24 03:39:52',1,'(UserLogged,admin)','127.0.0.1','Mozilla/5.0 (X11; Linux x86_64) AppleWebKit/537.22 (KHTML, like Gecko) Chrome/25.0.1364.97 Safari/537.22',NULL,NULL,NULL,NULL),
(390,'2015-02-24 02:51:10','USER_LOGOUT',1,'2015-02-24 03:51:10',1,'(UserLogoff,admin)','127.0.0.1','Mozilla/5.0 (X11; Linux x86_64) AppleWebKit/537.22 (KHTML, like Gecko) Chrome/25.0.1364.97 Safari/537.22',NULL,NULL,NULL,NULL),
(391,'2015-02-24 12:46:41','USER_LOGIN',1,'2015-02-24 13:46:41',1,'(UserLogged,admin)','127.0.0.1','Mozilla/5.0 (X11; Linux x86_64) AppleWebKit/537.22 (KHTML, like Gecko) Chrome/25.0.1364.97 Safari/537.22',NULL,NULL,NULL,NULL),
(392,'2015-02-24 12:46:52','USER_LOGOUT',1,'2015-02-24 13:46:52',1,'(UserLogoff,admin)','127.0.0.1','Mozilla/5.0 (X11; Linux x86_64) AppleWebKit/537.22 (KHTML, like Gecko) Chrome/25.0.1364.97 Safari/537.22',NULL,NULL,NULL,NULL),
(393,'2015-02-24 12:46:56','USER_LOGIN',1,'2015-02-24 13:46:56',1,'(UserLogged,admin)','127.0.0.1','Mozilla/5.0 (X11; Linux x86_64) AppleWebKit/537.22 (KHTML, like Gecko) Chrome/25.0.1364.97 Safari/537.22',NULL,NULL,NULL,NULL),
(394,'2015-02-24 12:47:56','USER_LOGOUT',1,'2015-02-24 13:47:56',1,'(UserLogoff,admin)','127.0.0.1','Mozilla/5.0 (X11; Linux x86_64) AppleWebKit/537.22 (KHTML, like Gecko) Chrome/25.0.1364.97 Safari/537.22',NULL,NULL,NULL,NULL),
(395,'2015-02-24 12:48:00','USER_LOGIN',1,'2015-02-24 13:48:00',1,'(UserLogged,admin)','127.0.0.1','Mozilla/5.0 (X11; Linux x86_64) AppleWebKit/537.22 (KHTML, like Gecko) Chrome/25.0.1364.97 Safari/537.22',NULL,NULL,NULL,NULL),
(396,'2015-02-24 12:48:11','USER_LOGOUT',1,'2015-02-24 13:48:11',1,'(UserLogoff,admin)','127.0.0.1','Mozilla/5.0 (X11; Linux x86_64) AppleWebKit/537.22 (KHTML, like Gecko) Chrome/25.0.1364.97 Safari/537.22',NULL,NULL,NULL,NULL),
(397,'2015-02-24 12:48:32','USER_LOGIN',1,'2015-02-24 13:48:32',1,'(UserLogged,admin)','127.0.0.1','Mozilla/5.0 (X11; Linux x86_64) AppleWebKit/537.22 (KHTML, like Gecko) Chrome/25.0.1364.97 Safari/537.22',NULL,NULL,NULL,NULL),
(398,'2015-02-24 12:52:22','USER_LOGOUT',1,'2015-02-24 13:52:22',1,'(UserLogoff,admin)','127.0.0.1','Mozilla/5.0 (X11; Linux x86_64) AppleWebKit/537.22 (KHTML, like Gecko) Chrome/25.0.1364.97 Safari/537.22',NULL,NULL,NULL,NULL),
(399,'2015-02-24 12:52:27','USER_LOGIN',1,'2015-02-24 13:52:27',1,'(UserLogged,admin)','127.0.0.1','Mozilla/5.0 (X11; Linux x86_64) AppleWebKit/537.22 (KHTML, like Gecko) Chrome/25.0.1364.97 Safari/537.22',NULL,NULL,NULL,NULL),
(400,'2015-02-24 12:52:54','USER_LOGOUT',1,'2015-02-24 13:52:54',1,'(UserLogoff,admin)','127.0.0.1','Mozilla/5.0 (X11; Linux x86_64) AppleWebKit/537.22 (KHTML, like Gecko) Chrome/25.0.1364.97 Safari/537.22',NULL,NULL,NULL,NULL),
(401,'2015-02-24 12:52:59','USER_LOGIN',1,'2015-02-24 13:52:59',1,'(UserLogged,admin)','127.0.0.1','Mozilla/5.0 (X11; Linux x86_64) AppleWebKit/537.22 (KHTML, like Gecko) Chrome/25.0.1364.97 Safari/537.22',NULL,NULL,NULL,NULL),
(402,'2015-02-24 12:55:39','USER_LOGOUT',1,'2015-02-24 13:55:39',1,'(UserLogoff,admin)','127.0.0.1','Mozilla/5.0 (X11; Linux x86_64) AppleWebKit/537.22 (KHTML, like Gecko) Chrome/25.0.1364.97 Safari/537.22',NULL,NULL,NULL,NULL),
(403,'2015-02-24 12:55:59','USER_LOGIN',1,'2015-02-24 13:55:59',1,'(UserLogged,admin)','127.0.0.1','Mozilla/5.0 (X11; Linux x86_64) AppleWebKit/537.22 (KHTML, like Gecko) Chrome/25.0.1364.97 Safari/537.22',NULL,NULL,NULL,NULL),
(404,'2015-02-24 12:56:07','USER_LOGOUT',1,'2015-02-24 13:56:07',1,'(UserLogoff,admin)','127.0.0.1','Mozilla/5.0 (X11; Linux x86_64) AppleWebKit/537.22 (KHTML, like Gecko) Chrome/25.0.1364.97 Safari/537.22',NULL,NULL,NULL,NULL),
(405,'2015-02-24 12:56:23','USER_LOGIN',1,'2015-02-24 13:56:23',1,'(UserLogged,admin)','127.0.0.1','Mozilla/5.0 (X11; Linux x86_64) AppleWebKit/537.22 (KHTML, like Gecko) Chrome/25.0.1364.97 Safari/537.22',NULL,NULL,NULL,NULL),
(406,'2015-02-24 12:56:46','USER_LOGOUT',1,'2015-02-24 13:56:46',1,'(UserLogoff,admin)','127.0.0.1','Mozilla/5.0 (X11; Linux x86_64) AppleWebKit/537.22 (KHTML, like Gecko) Chrome/25.0.1364.97 Safari/537.22',NULL,NULL,NULL,NULL),
(407,'2015-02-24 12:58:30','USER_LOGIN',1,'2015-02-24 13:58:30',1,'(UserLogged,admin)','127.0.0.1','Mozilla/5.0 (X11; Linux x86_64) AppleWebKit/537.22 (KHTML, like Gecko) Chrome/25.0.1364.97 Safari/537.22',NULL,NULL,NULL,NULL),
(408,'2015-02-24 12:58:33','USER_LOGOUT',1,'2015-02-24 13:58:33',1,'(UserLogoff,admin)','127.0.0.1','Mozilla/5.0 (X11; Linux x86_64) AppleWebKit/537.22 (KHTML, like Gecko) Chrome/25.0.1364.97 Safari/537.22',NULL,NULL,NULL,NULL),
(409,'2015-02-24 12:58:51','USER_LOGIN',1,'2015-02-24 13:58:51',1,'(UserLogged,admin)','127.0.0.1','Mozilla/5.0 (X11; Linux x86_64) AppleWebKit/537.22 (KHTML, like Gecko) Chrome/25.0.1364.97 Safari/537.22',NULL,NULL,NULL,NULL),
(410,'2015-02-24 12:58:58','USER_LOGOUT',1,'2015-02-24 13:58:58',1,'(UserLogoff,admin)','127.0.0.1','Mozilla/5.0 (X11; Linux x86_64) AppleWebKit/537.22 (KHTML, like Gecko) Chrome/25.0.1364.97 Safari/537.22',NULL,NULL,NULL,NULL),
(411,'2015-02-24 13:18:53','USER_LOGIN',1,'2015-02-24 14:18:53',1,'(UserLogged,admin)','127.0.0.1','Mozilla/5.0 (X11; Linux x86_64) AppleWebKit/537.22 (KHTML, like Gecko) Chrome/25.0.1364.97 Safari/537.22',NULL,NULL,NULL,NULL),
(412,'2015-02-24 13:19:52','USER_LOGOUT',1,'2015-02-24 14:19:52',1,'(UserLogoff,admin)','127.0.0.1','Mozilla/5.0 (X11; Linux x86_64) AppleWebKit/537.22 (KHTML, like Gecko) Chrome/25.0.1364.97 Safari/537.22',NULL,NULL,NULL,NULL),
(413,'2015-02-24 15:39:31','USER_LOGIN_FAILED',1,'2015-02-24 16:39:31',NULL,'ErrorBadValueForCode - login=admin','127.0.0.1',NULL,NULL,NULL,NULL,NULL),
(414,'2015-02-24 15:42:07','USER_LOGIN',1,'2015-02-24 16:42:07',1,'(UserLogged,admin)','127.0.0.1',NULL,NULL,NULL,NULL,NULL),
(415,'2015-02-24 15:42:52','USER_LOGOUT',1,'2015-02-24 16:42:52',1,'(UserLogoff,admin)','127.0.0.1','Mozilla/5.0 (iPhone; U; CPU iPhone OS 4_0 like Mac OS X; en-us) AppleWebKit/532.9 (KHTML, like Gecko) Version/4.0.5 Mobile/8A293 Safari/6531.22.7',NULL,NULL,NULL,NULL),
(416,'2015-02-24 16:04:21','USER_LOGIN',1,'2015-02-24 17:04:21',1,'(UserLogged,admin)','192.168.0.254','Mozilla/5.0 (Linux; U; Android 2.2; en-us; sdk Build/FRF91) AppleWebKit/533.1 (KHTML, like Gecko) Version/4.0 Mobile Safari/533.1',NULL,NULL,NULL,NULL),
(417,'2015-02-24 16:11:28','USER_LOGIN_FAILED',1,'2015-02-24 17:11:28',NULL,'ErrorBadValueForCode - login=admin','127.0.0.1','Mozilla/5.0 (iPhone; U; CPU iPhone OS 4_0 like Mac OS X; en-us) AppleWebKit/532.9 (KHTML, like Gecko) Version/4.0.5 Mobile/8A293 Safari/6531.22.7',NULL,NULL,NULL,NULL),
(418,'2015-02-24 16:11:37','USER_LOGIN',1,'2015-02-24 17:11:37',1,'(UserLogged,admin)','127.0.0.1','Mozilla/5.0 (iPhone; U; CPU iPhone OS 4_0 like Mac OS X; en-us) AppleWebKit/532.9 (KHTML, like Gecko) Version/4.0.5 Mobile/8A293 Safari/6531.22.7',NULL,NULL,NULL,NULL),
(419,'2015-02-24 16:36:52','USER_LOGOUT',1,'2015-02-24 17:36:52',1,'(UserLogoff,admin)','192.168.0.254','Mozilla/5.0 (Linux; U; Android 2.2; en-us; sdk Build/FRF91) AppleWebKit/533.1 (KHTML, like Gecko) Version/4.0 Mobile Safari/533.1',NULL,NULL,NULL,NULL),
(420,'2015-02-24 16:40:37','USER_LOGIN',1,'2015-02-24 17:40:37',1,'(UserLogged,admin)','127.0.0.1','Mozilla/5.0 (X11; Linux x86_64) AppleWebKit/537.22 (KHTML, like Gecko) Chrome/25.0.1364.97 Safari/537.22',NULL,NULL,NULL,NULL),
(421,'2015-02-24 16:57:16','USER_LOGIN',1,'2015-02-24 17:57:16',1,'(UserLogged,admin)','192.168.0.254','Mozilla/5.0 (Linux; U; Android 2.2; en-us; sdk Build/FRF91) AppleWebKit/533.1 (KHTML, like Gecko) Version/4.0 Mobile Safari/533.1 - 2131034114',NULL,NULL,NULL,NULL),
(422,'2015-02-24 17:01:30','USER_LOGOUT',1,'2015-02-24 18:01:30',1,'(UserLogoff,admin)','192.168.0.254','Mozilla/5.0 (Linux; U; Android 2.2; en-us; sdk Build/FRF91) AppleWebKit/533.1 (KHTML, like Gecko) Version/4.0 Mobile Safari/533.1 - 2131034114',NULL,NULL,NULL,NULL),
(423,'2015-02-24 17:02:33','USER_LOGIN',1,'2015-02-24 18:02:33',1,'(UserLogged,admin)','127.0.0.1','Mozilla/5.0 (X11; Linux x86_64) AppleWebKit/537.22 (KHTML, like Gecko) Chrome/25.0.1364.97 Safari/537.22',NULL,NULL,NULL,NULL),
(424,'2015-02-24 17:14:22','USER_LOGOUT',1,'2015-02-24 18:14:22',1,'(UserLogoff,admin)','127.0.0.1','Mozilla/5.0 (X11; Linux x86_64) AppleWebKit/537.22 (KHTML, like Gecko) Chrome/25.0.1364.97 Safari/537.22',NULL,NULL,NULL,NULL),
(425,'2015-02-24 17:15:07','USER_LOGIN_FAILED',1,'2015-02-24 18:15:07',NULL,'Identifiants login ou mot de passe incorrects - login=admin','127.0.0.1','Mozilla/5.0 (X11; Linux x86_64) AppleWebKit/537.22 (KHTML, like Gecko) Chrome/25.0.1364.97 Safari/537.22',NULL,NULL,NULL,NULL),
(426,'2015-02-24 17:15:20','USER_LOGIN',1,'2015-02-24 18:15:20',1,'(UserLogged,admin)','127.0.0.1','Mozilla/5.0 (X11; Linux x86_64) AppleWebKit/537.22 (KHTML, like Gecko) Chrome/25.0.1364.97 Safari/537.22',NULL,NULL,NULL,NULL),
(427,'2015-02-24 17:20:14','USER_LOGIN',1,'2015-02-24 18:20:14',1,'(UserLogged,admin)','127.0.0.1','Mozilla/5.0 (X11; Linux x86_64) AppleWebKit/537.22 (KHTML, like Gecko) Chrome/25.0.1364.97 Safari/537.22',NULL,NULL,NULL,NULL),
(428,'2015-02-24 17:20:51','USER_LOGIN',1,'2015-02-24 18:20:51',1,'(UserLogged,admin)','127.0.0.1','Mozilla/5.0 (X11; Linux x86_64) AppleWebKit/537.22 (KHTML, like Gecko) Chrome/25.0.1364.97 Safari/537.22',NULL,NULL,NULL,NULL),
(429,'2015-02-24 17:20:54','USER_LOGOUT',1,'2015-02-24 18:20:54',1,'(UserLogoff,admin)','127.0.0.1','Mozilla/5.0 (X11; Linux x86_64) AppleWebKit/537.22 (KHTML, like Gecko) Chrome/25.0.1364.97 Safari/537.22',NULL,NULL,NULL,NULL),
(430,'2015-02-24 17:21:19','USER_LOGIN',1,'2015-02-24 18:21:19',1,'(UserLogged,admin)','127.0.0.1','Mozilla/5.0 (X11; Linux x86_64) AppleWebKit/537.22 (KHTML, like Gecko) Chrome/25.0.1364.97 Safari/537.22',NULL,NULL,NULL,NULL),
(431,'2015-02-24 17:32:35','USER_LOGIN',1,'2015-02-24 18:32:35',1,'(UserLogged,admin)','192.168.0.254','Mozilla/5.0 (Linux; U; Android 2.2; en-us; sdk Build/FRF91) AppleWebKit/533.1 (KHTML, like Gecko) Version/4.0 Mobile Safari/533.1 - 2131034114',NULL,NULL,NULL,NULL),
(432,'2015-02-24 18:28:48','USER_LOGIN',1,'2015-02-24 19:28:48',1,'(UserLogged,admin)','127.0.0.1','Mozilla/5.0 (X11; Linux x86_64) AppleWebKit/537.22 (KHTML, like Gecko) Chrome/25.0.1364.97 Safari/537.22',NULL,NULL,NULL,NULL),
(433,'2015-02-24 18:29:27','USER_LOGOUT',1,'2015-02-24 19:29:27',1,'(UserLogoff,admin)','127.0.0.1','Mozilla/5.0 (iPhone; U; CPU iPhone OS 4_0 like Mac OS X; en-us) AppleWebKit/532.9 (KHTML, like Gecko) Version/4.0.5 Mobile/8A293 Safari/6531.22.7',NULL,NULL,NULL,NULL),
(434,'2015-02-24 18:29:32','USER_LOGIN',1,'2015-02-24 19:29:32',1,'(UserLogged,admin)','127.0.0.1','Mozilla/5.0 (iPhone; U; CPU iPhone OS 4_0 like Mac OS X; en-us) AppleWebKit/532.9 (KHTML, like Gecko) Version/4.0.5 Mobile/8A293 Safari/6531.22.7',NULL,NULL,NULL,NULL),
(435,'2015-02-24 20:13:13','USER_LOGOUT',1,'2015-02-24 21:13:13',1,'(UserLogoff,admin)','127.0.0.1','Mozilla/5.0 (X11; Linux x86_64) AppleWebKit/537.22 (KHTML, like Gecko) Chrome/25.0.1364.97 Safari/537.22',NULL,NULL,NULL,NULL),
(436,'2015-02-24 20:13:17','USER_LOGIN',1,'2015-02-24 21:13:17',1,'(UserLogged,admin)','127.0.0.1','Mozilla/5.0 (X11; Linux x86_64) AppleWebKit/537.22 (KHTML, like Gecko) Chrome/25.0.1364.97 Safari/537.22',NULL,NULL,NULL,NULL),
(437,'2015-02-25 08:57:16','USER_LOGIN',1,'2015-02-25 09:57:16',1,'(UserLogged,admin)','127.0.0.1','Mozilla/5.0 (X11; Linux x86_64) AppleWebKit/537.22 (KHTML, like Gecko) Chrome/25.0.1364.97 Safari/537.22',NULL,NULL,NULL,NULL),
(438,'2015-02-25 08:57:59','USER_LOGOUT',1,'2015-02-25 09:57:59',1,'(UserLogoff,admin)','127.0.0.1','Mozilla/5.0 (X11; Linux x86_64) AppleWebKit/537.22 (KHTML, like Gecko) Chrome/25.0.1364.97 Safari/537.22',NULL,NULL,NULL,NULL),
(439,'2015-02-25 09:15:02','USER_LOGIN',1,'2015-02-25 10:15:02',1,'(UserLogged,admin)','127.0.0.1','Mozilla/5.0 (X11; Linux x86_64) AppleWebKit/537.22 (KHTML, like Gecko) Chrome/25.0.1364.97 Safari/537.22',NULL,NULL,NULL,NULL),
(440,'2015-02-25 09:15:50','USER_LOGOUT',1,'2015-02-25 10:15:50',1,'(UserLogoff,admin)','127.0.0.1','Mozilla/5.0 (X11; Linux x86_64) AppleWebKit/537.22 (KHTML, like Gecko) Chrome/25.0.1364.97 Safari/537.22',NULL,NULL,NULL,NULL),
(441,'2015-02-25 09:15:57','USER_LOGIN',1,'2015-02-25 10:15:57',1,'(UserLogged,admin)','127.0.0.1','Mozilla/5.0 (X11; Linux x86_64) AppleWebKit/537.22 (KHTML, like Gecko) Chrome/25.0.1364.97 Safari/537.22',NULL,NULL,NULL,NULL),
(442,'2015-02-25 09:16:12','USER_LOGOUT',1,'2015-02-25 10:16:12',1,'(UserLogoff,admin)','127.0.0.1','Mozilla/5.0 (X11; Linux x86_64) AppleWebKit/537.22 (KHTML, like Gecko) Chrome/25.0.1364.97 Safari/537.22',NULL,NULL,NULL,NULL),
(443,'2015-02-25 09:16:19','USER_LOGIN',1,'2015-02-25 10:16:19',1,'(UserLogged,admin)','127.0.0.1','Mozilla/5.0 (X11; Linux x86_64) AppleWebKit/537.22 (KHTML, like Gecko) Chrome/25.0.1364.97 Safari/537.22',NULL,NULL,NULL,NULL),
(444,'2015-02-25 09:16:25','USER_LOGOUT',1,'2015-02-25 10:16:25',1,'(UserLogoff,admin)','127.0.0.1','Mozilla/5.0 (X11; Linux x86_64) AppleWebKit/537.22 (KHTML, like Gecko) Chrome/25.0.1364.97 Safari/537.22',NULL,NULL,NULL,NULL),
(445,'2015-02-25 09:16:39','USER_LOGIN_FAILED',1,'2015-02-25 10:16:39',NULL,'Bad value for login or password - login=admin','127.0.0.1','Mozilla/5.0 (X11; Linux x86_64) AppleWebKit/537.22 (KHTML, like Gecko) Chrome/25.0.1364.97 Safari/537.22',NULL,NULL,NULL,NULL),
(446,'2015-02-25 09:16:42','USER_LOGIN_FAILED',1,'2015-02-25 10:16:42',NULL,'Bad value for login or password - login=admin','127.0.0.1','Mozilla/5.0 (X11; Linux x86_64) AppleWebKit/537.22 (KHTML, like Gecko) Chrome/25.0.1364.97 Safari/537.22',NULL,NULL,NULL,NULL),
(447,'2015-02-25 09:16:54','USER_LOGIN_FAILED',1,'2015-02-25 10:16:54',NULL,'Identificadors d&#039;usuari o contrasenya incorrectes - login=gfdg','127.0.0.1','Mozilla/5.0 (X11; Linux x86_64) AppleWebKit/537.22 (KHTML, like Gecko) Chrome/25.0.1364.97 Safari/537.22',NULL,NULL,NULL,NULL),
(448,'2015-02-25 09:17:53','USER_LOGIN',1,'2015-02-25 10:17:53',1,'(UserLogged,admin)','127.0.0.1','Mozilla/5.0 (X11; Linux x86_64) AppleWebKit/537.22 (KHTML, like Gecko) Chrome/25.0.1364.97 Safari/537.22',NULL,NULL,NULL,NULL),
(449,'2015-02-25 09:18:37','USER_LOGOUT',1,'2015-02-25 10:18:37',1,'(UserLogoff,admin)','127.0.0.1','Mozilla/5.0 (X11; Linux x86_64) AppleWebKit/537.22 (KHTML, like Gecko) Chrome/25.0.1364.97 Safari/537.22',NULL,NULL,NULL,NULL),
(450,'2015-02-25 09:18:41','USER_LOGIN',1,'2015-02-25 10:18:41',4,'(UserLogged,aaa)','127.0.0.1','Mozilla/5.0 (X11; Linux x86_64) AppleWebKit/537.22 (KHTML, like Gecko) Chrome/25.0.1364.97 Safari/537.22',NULL,NULL,NULL,NULL),
(451,'2015-02-25 09:18:47','USER_LOGOUT',1,'2015-02-25 10:18:47',4,'(UserLogoff,aaa)','127.0.0.1','Mozilla/5.0 (X11; Linux x86_64) AppleWebKit/537.22 (KHTML, like Gecko) Chrome/25.0.1364.97 Safari/537.22',NULL,NULL,NULL,NULL),
(452,'2015-02-25 10:05:34','USER_LOGIN',1,'2015-02-25 11:05:34',1,'(UserLogged,admin)','127.0.0.1','Mozilla/5.0 (X11; Linux x86_64) AppleWebKit/537.22 (KHTML, like Gecko) Chrome/25.0.1364.97 Safari/537.22',NULL,NULL,NULL,NULL),
(453,'2015-02-26 21:51:40','USER_LOGIN',1,'2015-02-26 22:51:40',1,'(UserLogged,admin)','127.0.0.1','Mozilla/5.0 (X11; Linux x86_64) AppleWebKit/537.22 (KHTML, like Gecko) Chrome/25.0.1364.97 Safari/537.22',NULL,NULL,NULL,NULL),
(454,'2015-02-26 23:30:06','USER_LOGIN',1,'2015-02-27 00:30:06',1,'(UserLogged,admin)','127.0.0.1','Mozilla/5.0 (X11; Linux x86_64) AppleWebKit/537.22 (KHTML, like Gecko) Chrome/25.0.1364.97 Safari/537.22',NULL,NULL,NULL,NULL),
(455,'2015-02-27 14:13:11','USER_LOGIN',1,'2015-02-27 15:13:11',1,'(UserLogged,admin)','127.0.0.1','Mozilla/5.0 (X11; Linux x86_64) AppleWebKit/537.22 (KHTML, like Gecko) Chrome/25.0.1364.97 Safari/537.22',NULL,NULL,NULL,NULL),
(456,'2015-02-27 18:12:06','USER_LOGIN_FAILED',1,'2015-02-27 19:12:06',NULL,'Identifiants login ou mot de passe incorrects - login=admin','127.0.0.1','Mozilla/5.0 (X11; Linux x86_64) AppleWebKit/537.22 (KHTML, like Gecko) Chrome/25.0.1364.97 Safari/537.22',NULL,NULL,NULL,NULL),
(457,'2015-02-27 18:12:10','USER_LOGIN',1,'2015-02-27 19:12:10',1,'(UserLogged,admin)','127.0.0.1','Mozilla/5.0 (X11; Linux x86_64) AppleWebKit/537.22 (KHTML, like Gecko) Chrome/25.0.1364.97 Safari/537.22',NULL,NULL,NULL,NULL),
(458,'2015-02-27 20:20:08','USER_LOGIN',1,'2015-02-27 21:20:08',1,'(UserLogged,admin)','127.0.0.1','Mozilla/5.0 (X11; Linux x86_64) AppleWebKit/537.22 (KHTML, like Gecko) Chrome/25.0.1364.97 Safari/537.22',NULL,NULL,NULL,NULL),
(459,'2015-03-01 22:12:03','USER_LOGIN',1,'2015-03-01 23:12:03',1,'(UserLogged,admin)','127.0.0.1','Mozilla/5.0 (X11; Linux x86_64) AppleWebKit/537.22 (KHTML, like Gecko) Chrome/25.0.1364.97 Safari/537.22',NULL,NULL,NULL,NULL),
(460,'2015-03-02 11:45:50','USER_LOGIN',1,'2015-03-02 12:45:50',1,'(UserLogged,admin)','127.0.0.1','Mozilla/5.0 (X11; Linux x86_64) AppleWebKit/537.22 (KHTML, like Gecko) Chrome/25.0.1364.97 Safari/537.22',NULL,NULL,NULL,NULL),
(461,'2015-03-02 15:53:51','USER_LOGIN_FAILED',1,'2015-03-02 16:53:51',NULL,'Identifiants login ou mot de passe incorrects - login=admin','127.0.0.1','Mozilla/5.0 (X11; Linux x86_64) AppleWebKit/537.22 (KHTML, like Gecko) Chrome/25.0.1364.97 Safari/537.22',NULL,NULL,NULL,NULL),
(462,'2015-03-02 15:53:53','USER_LOGIN',1,'2015-03-02 16:53:53',1,'(UserLogged,admin)','127.0.0.1','Mozilla/5.0 (X11; Linux x86_64) AppleWebKit/537.22 (KHTML, like Gecko) Chrome/25.0.1364.97 Safari/537.22',NULL,NULL,NULL,NULL),
(463,'2015-03-02 18:32:32','USER_LOGIN',1,'2015-03-02 19:32:32',1,'(UserLogged,admin)','127.0.0.1','Mozilla/5.0 (X11; Linux x86_64) AppleWebKit/537.22 (KHTML, like Gecko) Chrome/25.0.1364.97 Safari/537.22',NULL,NULL,NULL,NULL),
(464,'2015-03-02 22:59:36','USER_LOGIN',1,'2015-03-02 23:59:36',1,'(UserLogged,admin)','127.0.0.1','Mozilla/5.0 (X11; Linux x86_64) AppleWebKit/537.22 (KHTML, like Gecko) Chrome/25.0.1364.97 Safari/537.22',NULL,NULL,NULL,NULL),
(465,'2015-03-03 16:26:26','USER_LOGIN',1,'2015-03-03 17:26:26',1,'(UserLogged,admin)','127.0.0.1','Mozilla/5.0 (X11; Linux x86_64) AppleWebKit/537.22 (KHTML, like Gecko) Chrome/25.0.1364.97 Safari/537.22',NULL,NULL,NULL,NULL),
(466,'2015-03-03 22:50:27','USER_LOGIN',1,'2015-03-03 23:50:27',1,'(UserLogged,admin)','127.0.0.1','Mozilla/5.0 (X11; Linux x86_64) AppleWebKit/537.22 (KHTML, like Gecko) Chrome/25.0.1364.97 Safari/537.22',NULL,NULL,NULL,NULL),
(467,'2015-03-04 08:29:27','USER_LOGIN',1,'2015-03-04 09:29:27',1,'(UserLogged,admin)','127.0.0.1','Mozilla/5.0 (X11; Linux x86_64) AppleWebKit/537.22 (KHTML, like Gecko) Chrome/25.0.1364.97 Safari/537.22',NULL,NULL,NULL,NULL),
(468,'2015-03-04 18:27:28','USER_LOGIN',1,'2015-03-04 19:27:28',1,'(UserLogged,admin)','192.168.0.254','Mozilla/5.0 (compatible; MSIE 9.0; Windows NT 6.1; WOW64; Trident/5.0; NP06)',NULL,NULL,NULL,NULL),
(469,'2015-03-04 19:27:23','USER_LOGIN',1,'2015-03-04 20:27:23',1,'(UserLogged,admin)','192.168.0.254','Mozilla/4.0 (compatible; MSIE 6.0; Windows NT 5.1; SV1)',NULL,NULL,NULL,NULL),
(470,'2015-03-04 19:35:14','USER_LOGIN',1,'2015-03-04 20:35:14',1,'(UserLogged,admin)','127.0.0.1','Mozilla/5.0 (X11; Linux x86_64) AppleWebKit/537.22 (KHTML, like Gecko) Chrome/25.0.1364.97 Safari/537.22',NULL,NULL,NULL,NULL),
(471,'2015-03-04 19:55:49','USER_LOGIN',1,'2015-03-04 20:55:49',1,'(UserLogged,admin)','192.168.0.254','Mozilla/4.0 (compatible; MSIE 8.0; Windows NT 5.1; Trident/4.0)',NULL,NULL,NULL,NULL),
(472,'2015-03-04 21:16:13','USER_LOGIN',1,'2015-03-04 22:16:13',1,'(UserLogged,admin)','127.0.0.1','Mozilla/5.0 (X11; Linux x86_64) AppleWebKit/537.22 (KHTML, like Gecko) Chrome/25.0.1364.97 Safari/537.22',NULL,NULL,NULL,NULL),
(473,'2015-03-05 10:17:30','USER_LOGIN',1,'2015-03-05 11:17:30',1,'(UserLogged,admin)','127.0.0.1','Mozilla/5.0 (X11; Linux x86_64) AppleWebKit/537.22 (KHTML, like Gecko) Chrome/25.0.1364.97 Safari/537.22',NULL,NULL,NULL,NULL),
(474,'2015-03-05 11:02:43','USER_LOGIN',1,'2015-03-05 12:02:43',1,'(UserLogged,admin)','127.0.0.1','Mozilla/5.0 (X11; Linux x86_64) AppleWebKit/537.22 (KHTML, like Gecko) Chrome/25.0.1364.97 Safari/537.22',NULL,NULL,NULL,NULL),
(475,'2015-03-05 23:14:39','USER_LOGIN',1,'2015-03-06 00:14:39',1,'(UserLogged,admin)','127.0.0.1','Mozilla/5.0 (X11; Linux x86_64) AppleWebKit/537.22 (KHTML, like Gecko) Chrome/25.0.1364.97 Safari/537.22',NULL,NULL,NULL,NULL),
(476,'2015-03-06 08:58:57','USER_LOGIN',1,'2015-03-06 09:58:57',1,'(UserLogged,admin)','127.0.0.1','Mozilla/5.0 (X11; Linux x86_64) AppleWebKit/537.22 (KHTML, like Gecko) Chrome/25.0.1364.97 Safari/537.22',NULL,NULL,NULL,NULL),
(477,'2015-03-06 14:29:40','USER_LOGIN',1,'2015-03-06 15:29:40',1,'(UserLogged,admin)','127.0.0.1','Mozilla/5.0 (X11; Linux x86_64) AppleWebKit/537.22 (KHTML, like Gecko) Chrome/25.0.1364.97 Safari/537.22',NULL,NULL,NULL,NULL),
(478,'2015-03-06 21:53:02','USER_LOGIN',1,'2015-03-06 22:53:02',1,'(UserLogged,admin)','127.0.0.1','Mozilla/5.0 (X11; Linux x86_64) AppleWebKit/537.22 (KHTML, like Gecko) Chrome/25.0.1364.97 Safari/537.22',NULL,NULL,NULL,NULL),
(479,'2015-03-07 21:14:39','USER_LOGIN',1,'2015-03-07 22:14:39',1,'(UserLogged,admin)','127.0.0.1','Mozilla/5.0 (X11; Linux x86_64) AppleWebKit/537.22 (KHTML, like Gecko) Chrome/25.0.1364.97 Safari/537.22',NULL,NULL,NULL,NULL),
(480,'2015-03-08 00:06:05','USER_LOGIN',1,'2015-03-08 01:06:05',1,'(UserLogged,admin)','127.0.0.1','Mozilla/5.0 (X11; Linux x86_64) AppleWebKit/537.22 (KHTML, like Gecko) Chrome/25.0.1364.97 Safari/537.22',NULL,NULL,NULL,NULL),
(481,'2015-03-08 01:38:13','USER_LOGIN',1,'2015-03-08 02:38:13',1,'(UserLogged,admin)','127.0.0.1','Mozilla/5.0 (X11; Linux x86_64) AppleWebKit/537.22 (KHTML, like Gecko) Chrome/25.0.1364.97 Safari/537.22',NULL,NULL,NULL,NULL),
(482,'2015-03-08 08:59:50','USER_LOGIN',1,'2015-03-08 09:59:50',1,'(UserLogged,admin)','127.0.0.1','Mozilla/5.0 (X11; Linux x86_64) AppleWebKit/537.22 (KHTML, like Gecko) Chrome/25.0.1364.97 Safari/537.22',NULL,NULL,NULL,NULL),
(483,'2015-03-09 12:08:51','USER_LOGIN',1,'2015-03-09 13:08:51',1,'(UserLogged,admin)','::1','Mozilla/5.0 (X11; Linux x86_64) AppleWebKit/537.22 (KHTML, like Gecko) Chrome/25.0.1364.97 Safari/537.22',NULL,NULL,NULL,NULL),
(484,'2015-03-09 15:19:53','USER_LOGIN',1,'2015-03-09 16:19:53',1,'(UserLogged,admin)','::1','Mozilla/5.0 (X11; Linux x86_64) AppleWebKit/537.22 (KHTML, like Gecko) Chrome/25.0.1364.97 Safari/537.22',NULL,NULL,NULL,NULL),
(495,'2015-03-09 18:06:21','USER_LOGIN',1,'2015-03-09 19:06:21',1,'(UserLogged,admin)','::1','Mozilla/5.0 (X11; Linux x86_64) AppleWebKit/537.22 (KHTML, like Gecko) Chrome/25.0.1364.97 Safari/537.22',NULL,NULL,NULL,NULL),
(496,'2015-03-09 20:01:24','USER_LOGIN',1,'2015-03-09 21:01:24',1,'(UserLogged,admin)','::1','Mozilla/5.0 (X11; Linux x86_64) AppleWebKit/537.22 (KHTML, like Gecko) Chrome/25.0.1364.97 Safari/537.22',NULL,NULL,NULL,NULL),
(497,'2015-03-09 23:36:45','USER_LOGIN',1,'2015-03-10 00:36:45',1,'(UserLogged,admin)','::1','Mozilla/5.0 (X11; Linux x86_64) AppleWebKit/537.22 (KHTML, like Gecko) Chrome/25.0.1364.97 Safari/537.22',NULL,NULL,NULL,NULL),
(498,'2015-03-10 14:37:13','USER_LOGIN',1,'2015-03-10 15:37:13',1,'(UserLogged,admin)','127.0.0.1','Mozilla/5.0 (X11; Linux x86_64) AppleWebKit/537.22 (KHTML, like Gecko) Chrome/25.0.1364.97 Safari/537.22',NULL,NULL,NULL,NULL),
(499,'2015-03-10 17:54:12','USER_LOGIN',1,'2015-03-10 18:54:12',1,'(UserLogged,admin)','127.0.0.1','Mozilla/5.0 (X11; Linux x86_64) AppleWebKit/537.22 (KHTML, like Gecko) Chrome/25.0.1364.97 Safari/537.22',NULL,NULL,NULL,NULL),
(500,'2015-03-11 08:57:09','USER_LOGIN',1,'2015-03-11 09:57:09',1,'(UserLogged,admin)','127.0.0.1','Mozilla/5.0 (X11; Linux x86_64) AppleWebKit/537.22 (KHTML, like Gecko) Chrome/25.0.1364.97 Safari/537.22',NULL,NULL,NULL,NULL),
(501,'2015-03-11 22:05:13','USER_LOGIN',1,'2015-03-11 23:05:13',1,'(UserLogged,admin)','127.0.0.1','Mozilla/5.0 (X11; Linux x86_64) AppleWebKit/537.22 (KHTML, like Gecko) Chrome/25.0.1364.97 Safari/537.22',NULL,NULL,NULL,NULL),
(502,'2015-03-12 08:34:27','USER_LOGIN',1,'2015-03-12 09:34:27',1,'(UserLogged,admin)','127.0.0.1','Mozilla/5.0 (X11; Linux x86_64) AppleWebKit/537.22 (KHTML, like Gecko) Chrome/25.0.1364.97 Safari/537.22',NULL,NULL,NULL,NULL),
(503,'2015-03-13 09:11:02','USER_LOGIN',1,'2015-03-13 10:11:02',1,'(UserLogged,admin)','127.0.0.1','Mozilla/5.0 (X11; Linux x86_64) AppleWebKit/537.22 (KHTML, like Gecko) Chrome/25.0.1364.97 Safari/537.22',NULL,NULL,NULL,NULL),
(504,'2015-03-13 10:02:11','USER_LOGIN',1,'2015-03-13 11:02:11',1,'(UserLogged,admin)','127.0.0.1','Mozilla/5.0 (X11; Linux x86_64) AppleWebKit/537.22 (KHTML, like Gecko) Chrome/25.0.1364.97 Safari/537.22',NULL,NULL,NULL,NULL),
(505,'2015-03-13 13:20:58','USER_LOGIN',1,'2015-03-13 14:20:58',1,'(UserLogged,admin)','127.0.0.1','Mozilla/5.0 (X11; Linux x86_64) AppleWebKit/537.22 (KHTML, like Gecko) Chrome/25.0.1364.97 Safari/537.22',NULL,NULL,NULL,NULL),
(506,'2015-03-13 16:19:28','USER_LOGIN',1,'2015-03-13 17:19:28',1,'(UserLogged,admin)','127.0.0.1','Mozilla/5.0 (X11; Linux x86_64) AppleWebKit/537.22 (KHTML, like Gecko) Chrome/25.0.1364.97 Safari/537.22',NULL,NULL,NULL,NULL),
(507,'2015-03-13 18:34:30','USER_LOGIN',1,'2015-03-13 19:34:30',1,'(UserLogged,admin)','127.0.0.1','Mozilla/5.0 (X11; Linux x86_64) AppleWebKit/537.22 (KHTML, like Gecko) Chrome/25.0.1364.97 Safari/537.22',NULL,NULL,NULL,NULL),
(508,'2015-03-14 08:25:02','USER_LOGIN',1,'2015-03-14 09:25:02',1,'(UserLogged,admin)','127.0.0.1','Mozilla/5.0 (X11; Linux x86_64) AppleWebKit/537.22 (KHTML, like Gecko) Chrome/25.0.1364.97 Safari/537.22',NULL,NULL,NULL,NULL),
(509,'2015-03-14 19:15:22','USER_LOGIN',1,'2015-03-14 20:15:22',1,'(UserLogged,admin)','127.0.0.1','Mozilla/5.0 (X11; Linux x86_64) AppleWebKit/537.22 (KHTML, like Gecko) Chrome/25.0.1364.97 Safari/537.22',NULL,NULL,NULL,NULL),
(510,'2015-03-14 21:58:53','USER_LOGIN',1,'2015-03-14 22:58:53',1,'(UserLogged,admin)','127.0.0.1','Mozilla/5.0 (X11; Linux x86_64) AppleWebKit/537.22 (KHTML, like Gecko) Chrome/25.0.1364.97 Safari/537.22',NULL,NULL,NULL,NULL),
(511,'2015-03-14 21:58:59','USER_LOGOUT',1,'2015-03-14 22:58:59',1,'(UserLogoff,admin)','127.0.0.1','Mozilla/5.0 (X11; Linux x86_64) AppleWebKit/537.22 (KHTML, like Gecko) Chrome/25.0.1364.97 Safari/537.22',NULL,NULL,NULL,NULL),
(512,'2015-03-14 21:59:07','USER_LOGIN',1,'2015-03-14 22:59:07',1,'(UserLogged,admin)','127.0.0.1','Mozilla/5.0 (X11; Linux x86_64) AppleWebKit/537.22 (KHTML, like Gecko) Chrome/25.0.1364.97 Safari/537.22',NULL,NULL,NULL,NULL),
(513,'2015-03-14 22:58:22','USER_LOGOUT',1,'2015-03-14 23:58:22',1,'(UserLogoff,admin)','127.0.0.1','Mozilla/5.0 (X11; Linux x86_64) AppleWebKit/537.22 (KHTML, like Gecko) Chrome/25.0.1364.97 Safari/537.22',NULL,NULL,NULL,NULL),
(514,'2015-03-14 23:00:25','USER_LOGIN',1,'2015-03-15 00:00:25',1,'(UserLogged,admin)','127.0.0.1','Mozilla/5.0 (X11; Linux x86_64) AppleWebKit/537.22 (KHTML, like Gecko) Chrome/25.0.1364.97 Safari/537.22',NULL,NULL,NULL,NULL),
(515,'2015-03-16 12:14:28','USER_LOGIN',1,'2015-03-16 13:14:28',1,'(UserLogged,admin)','127.0.0.1','Mozilla/5.0 (X11; Linux x86_64) AppleWebKit/537.22 (KHTML, like Gecko) Chrome/25.0.1364.97 Safari/537.22',NULL,NULL,NULL,NULL),
(516,'2015-03-16 16:09:01','USER_LOGIN',1,'2015-03-16 17:09:01',1,'(UserLogged,admin)','127.0.0.1','Mozilla/5.0 (X11; Linux x86_64) AppleWebKit/537.22 (KHTML, like Gecko) Chrome/25.0.1364.97 Safari/537.22',NULL,NULL,NULL,NULL),
(517,'2015-03-16 16:57:11','USER_LOGIN',1,'2015-03-16 17:57:11',1,'(UserLogged,admin)','127.0.0.1','Mozilla/5.0 (X11; Linux x86_64) AppleWebKit/537.22 (KHTML, like Gecko) Chrome/25.0.1364.97 Safari/537.22',NULL,NULL,NULL,NULL),
(518,'2015-03-16 19:31:31','USER_LOGIN',1,'2015-03-16 20:31:31',1,'(UserLogged,admin)','::1','Mozilla/5.0 (X11; Linux x86_64) AppleWebKit/537.22 (KHTML, like Gecko) Chrome/25.0.1364.97 Safari/537.22',NULL,NULL,NULL,NULL),
(519,'2015-03-17 17:44:39','USER_LOGIN',1,'2015-03-17 18:44:39',1,'(UserLogged,admin)','::1','Mozilla/5.0 (X11; Linux x86_64) AppleWebKit/537.22 (KHTML, like Gecko) Chrome/25.0.1364.172 Safari/537.22',NULL,NULL,NULL,NULL),
(520,'2015-03-17 20:40:57','USER_LOGIN',1,'2015-03-17 21:40:57',1,'(UserLogged,admin)','::1','Mozilla/5.0 (X11; Linux x86_64) AppleWebKit/537.22 (KHTML, like Gecko) Chrome/25.0.1364.172 Safari/537.22',NULL,NULL,NULL,NULL),
(521,'2015-03-17 23:14:05','USER_LOGIN',1,'2015-03-18 00:14:05',1,'(UserLogged,admin)','::1','Mozilla/5.0 (X11; Linux x86_64) AppleWebKit/537.22 (KHTML, like Gecko) Chrome/25.0.1364.172 Safari/537.22',NULL,NULL,NULL,NULL),
(522,'2015-03-17 23:28:47','USER_LOGOUT',1,'2015-03-18 00:28:47',1,'(UserLogoff,admin)','::1','Mozilla/5.0 (X11; Linux x86_64) AppleWebKit/537.22 (KHTML, like Gecko) Chrome/25.0.1364.172 Safari/537.22',NULL,NULL,NULL,NULL),
(523,'2015-03-17 23:28:54','USER_LOGIN',1,'2015-03-18 00:28:54',1,'(UserLogged,admin)','::1','Mozilla/5.0 (X11; Linux x86_64) AppleWebKit/537.22 (KHTML, like Gecko) Chrome/25.0.1364.172 Safari/537.22',NULL,NULL,NULL,NULL),
(524,'2015-03-18 17:37:30','USER_LOGIN',1,'2015-03-18 18:37:30',1,'(UserLogged,admin)','::1','Mozilla/5.0 (X11; Linux x86_64) AppleWebKit/537.22 (KHTML, like Gecko) Chrome/25.0.1364.172 Safari/537.22',NULL,NULL,NULL,NULL),
(525,'2015-03-18 18:11:37','USER_LOGIN',1,'2015-03-18 19:11:37',1,'(UserLogged,admin)','::1','Mozilla/5.0 (X11; Linux x86_64) AppleWebKit/537.22 (KHTML, like Gecko) Chrome/25.0.1364.172 Safari/537.22',NULL,NULL,NULL,NULL),
(526,'2015-03-19 08:35:08','USER_LOGIN',1,'2015-03-19 09:35:08',1,'(UserLogged,admin)','::1','Mozilla/5.0 (X11; Linux x86_64) AppleWebKit/537.22 (KHTML, like Gecko) Chrome/25.0.1364.172 Safari/537.22',NULL,NULL,NULL,NULL),
(527,'2015-03-19 09:20:23','USER_LOGIN',1,'2015-03-19 10:20:23',1,'(UserLogged,admin)','::1','Mozilla/5.0 (X11; Linux x86_64) AppleWebKit/537.22 (KHTML, like Gecko) Chrome/25.0.1364.172 Safari/537.22',NULL,NULL,NULL,NULL),
(528,'2015-03-20 13:17:13','USER_LOGIN',1,'2015-03-20 14:17:13',1,'(UserLogged,admin)','::1','Mozilla/5.0 (X11; Linux x86_64) AppleWebKit/537.22 (KHTML, like Gecko) Chrome/25.0.1364.172 Safari/537.22',NULL,NULL,NULL,NULL),
(529,'2015-03-20 14:44:31','USER_LOGIN',1,'2015-03-20 15:44:31',1,'(UserLogged,admin)','::1','Mozilla/5.0 (X11; Linux x86_64) AppleWebKit/537.22 (KHTML, like Gecko) Chrome/25.0.1364.172 Safari/537.22',NULL,NULL,NULL,NULL),
(530,'2015-03-20 18:24:25','USER_LOGIN',1,'2015-03-20 19:24:25',1,'(UserLogged,admin)','::1','Mozilla/5.0 (X11; Linux x86_64) AppleWebKit/537.22 (KHTML, like Gecko) Chrome/25.0.1364.172 Safari/537.22',NULL,NULL,NULL,NULL),
(531,'2015-03-20 19:15:54','USER_LOGIN',1,'2015-03-20 20:15:54',1,'(UserLogged,admin)','::1','Mozilla/5.0 (X11; Linux x86_64) AppleWebKit/537.22 (KHTML, like Gecko) Chrome/25.0.1364.172 Safari/537.22',NULL,NULL,NULL,NULL),
(532,'2015-03-21 18:40:47','USER_LOGIN',1,'2015-03-21 19:40:47',1,'(UserLogged,admin)','::1','Mozilla/5.0 (X11; Linux x86_64) AppleWebKit/537.22 (KHTML, like Gecko) Chrome/25.0.1364.172 Safari/537.22',NULL,NULL,NULL,NULL),
(533,'2015-03-21 21:42:24','USER_LOGIN',1,'2015-03-21 22:42:24',1,'(UserLogged,admin)','::1','Mozilla/5.0 (X11; Linux x86_64) AppleWebKit/537.22 (KHTML, like Gecko) Chrome/25.0.1364.172 Safari/537.22',NULL,NULL,NULL,NULL),
(534,'2015-03-22 08:39:23','USER_LOGIN',1,'2015-03-22 09:39:23',1,'(UserLogged,admin)','::1','Mozilla/5.0 (X11; Linux x86_64) AppleWebKit/537.22 (KHTML, like Gecko) Chrome/25.0.1364.172 Safari/537.22',NULL,NULL,NULL,NULL),
(535,'2015-03-23 13:04:55','USER_LOGIN',1,'2015-03-23 14:04:55',1,'(UserLogged,admin)','::1','Mozilla/5.0 (X11; Linux x86_64) AppleWebKit/537.22 (KHTML, like Gecko) Chrome/25.0.1364.172 Safari/537.22',NULL,NULL,NULL,NULL),
(536,'2015-03-23 15:47:43','USER_LOGIN',1,'2015-03-23 16:47:43',1,'(UserLogged,admin)','::1','Mozilla/5.0 (X11; Linux x86_64) AppleWebKit/537.22 (KHTML, like Gecko) Chrome/25.0.1364.172 Safari/537.22',NULL,NULL,NULL,NULL),
(537,'2015-03-23 22:56:36','USER_LOGIN',1,'2015-03-23 23:56:36',1,'(UserLogged,admin)','::1','Mozilla/5.0 (X11; Linux x86_64) AppleWebKit/537.22 (KHTML, like Gecko) Chrome/25.0.1364.172 Safari/537.22',NULL,NULL,NULL,NULL),
(538,'2015-03-24 01:22:32','USER_LOGIN',1,'2015-03-24 02:22:32',1,'(UserLogged,admin)','::1','Mozilla/5.0 (X11; Linux x86_64) AppleWebKit/537.22 (KHTML, like Gecko) Chrome/25.0.1364.172 Safari/537.22',NULL,NULL,NULL,NULL),
(539,'2015-03-24 14:40:42','USER_LOGIN',1,'2015-03-24 15:40:42',1,'(UserLogged,admin)','::1','Mozilla/5.0 (X11; Linux x86_64) AppleWebKit/537.22 (KHTML, like Gecko) Chrome/25.0.1364.172 Safari/537.22',NULL,NULL,NULL,NULL),
(540,'2015-03-24 15:30:26','USER_LOGOUT',1,'2015-03-24 16:30:26',1,'(UserLogoff,admin)','::1','Mozilla/5.0 (X11; Linux x86_64) AppleWebKit/537.22 (KHTML, like Gecko) Chrome/25.0.1364.172 Safari/537.22',NULL,NULL,NULL,NULL),
(541,'2015-03-24 15:30:29','USER_LOGIN',1,'2015-03-24 16:30:29',2,'(UserLogged,demo)','::1','Mozilla/5.0 (X11; Linux x86_64) AppleWebKit/537.22 (KHTML, like Gecko) Chrome/25.0.1364.172 Safari/537.22',NULL,NULL,NULL,NULL),
(542,'2015-03-24 15:49:40','USER_LOGOUT',1,'2015-03-24 16:49:40',2,'(UserLogoff,demo)','::1','Mozilla/5.0 (X11; Linux x86_64) AppleWebKit/537.22 (KHTML, like Gecko) Chrome/25.0.1364.172 Safari/537.22',NULL,NULL,NULL,NULL),
(543,'2015-03-24 15:49:48','USER_LOGIN',1,'2015-03-24 16:49:48',1,'(UserLogged,admin)','::1','Mozilla/5.0 (X11; Linux x86_64) AppleWebKit/537.22 (KHTML, like Gecko) Chrome/25.0.1364.172 Safari/537.22',NULL,NULL,NULL,NULL),
(544,'2015-03-24 15:52:35','USER_MODIFY',1,'2015-03-24 16:52:35',1,'Modification utilisateur zzzg','::1','Mozilla/5.0 (X11; Linux x86_64) AppleWebKit/537.22 (KHTML, like Gecko) Chrome/25.0.1364.172 Safari/537.22',NULL,NULL,NULL,NULL),
(545,'2015-03-24 15:52:52','USER_MODIFY',1,'2015-03-24 16:52:52',1,'Modification utilisateur zzzg','::1','Mozilla/5.0 (X11; Linux x86_64) AppleWebKit/537.22 (KHTML, like Gecko) Chrome/25.0.1364.172 Safari/537.22',NULL,NULL,NULL,NULL),
(546,'2015-03-24 15:53:09','USER_MODIFY',1,'2015-03-24 16:53:09',1,'Modification utilisateur zzzg','::1','Mozilla/5.0 (X11; Linux x86_64) AppleWebKit/537.22 (KHTML, like Gecko) Chrome/25.0.1364.172 Safari/537.22',NULL,NULL,NULL,NULL),
(547,'2015-03-24 15:53:23','USER_MODIFY',1,'2015-03-24 16:53:23',1,'Modification utilisateur zzzg','::1','Mozilla/5.0 (X11; Linux x86_64) AppleWebKit/537.22 (KHTML, like Gecko) Chrome/25.0.1364.172 Safari/537.22',NULL,NULL,NULL,NULL),
(548,'2015-03-24 16:00:04','USER_MODIFY',1,'2015-03-24 17:00:04',1,'Modification utilisateur zzzg','::1','Mozilla/5.0 (X11; Linux x86_64) AppleWebKit/537.22 (KHTML, like Gecko) Chrome/25.0.1364.172 Safari/537.22',NULL,NULL,NULL,NULL),
(549,'2015-03-24 16:01:50','USER_MODIFY',1,'2015-03-24 17:01:50',1,'Modification utilisateur zzzg','::1','Mozilla/5.0 (X11; Linux x86_64) AppleWebKit/537.22 (KHTML, like Gecko) Chrome/25.0.1364.172 Safari/537.22',NULL,NULL,NULL,NULL),
(550,'2015-03-24 16:10:14','USER_MODIFY',1,'2015-03-24 17:10:14',1,'Modification utilisateur zzzg','::1','Mozilla/5.0 (X11; Linux x86_64) AppleWebKit/537.22 (KHTML, like Gecko) Chrome/25.0.1364.172 Safari/537.22',NULL,NULL,NULL,NULL),
(551,'2015-03-24 16:55:13','USER_LOGIN',1,'2015-03-24 17:55:13',1,'(UserLogged,admin)','::1','Mozilla/5.0 (X11; Linux x86_64) AppleWebKit/537.22 (KHTML, like Gecko) Chrome/25.0.1364.172 Safari/537.22',NULL,NULL,NULL,NULL),
(552,'2015-03-24 17:44:29','USER_LOGIN',1,'2015-03-24 18:44:29',1,'(UserLogged,admin)','::1','Mozilla/5.0 (X11; Linux x86_64) AppleWebKit/537.22 (KHTML, like Gecko) Chrome/25.0.1364.172 Safari/537.22',NULL,NULL,NULL,NULL),
(553,'2015-09-08 23:06:26','USER_LOGIN',1,'2015-09-09 01:06:26',1,'(UserLogged,admin)','127.0.0.1','Mozilla/5.0 (X11; Linux x86_64) AppleWebKit/537.36 (KHTML, like Gecko) Chrome/29.0.1547.57 Safari/537.36',NULL,NULL,NULL,NULL),
(554,'2015-10-21 22:32:28','USER_LOGIN',1,'2015-10-22 00:32:28',1,'(UserLogged,admin)','127.0.0.1','Mozilla/5.0 (X11; Linux x86_64) AppleWebKit/537.36 (KHTML, like Gecko) Chrome/30.0.1599.66 Safari/537.36',NULL,NULL,NULL,NULL),
(555,'2015-10-21 22:32:48','USER_LOGIN',1,'2015-10-22 00:32:48',1,'(UserLogged,admin)','127.0.0.1','Mozilla/5.0 (X11; Linux x86_64) AppleWebKit/537.36 (KHTML, like Gecko) Chrome/30.0.1599.66 Safari/537.36',NULL,NULL,NULL,NULL),
(556,'2015-11-07 00:01:51','USER_LOGIN',1,'2015-11-07 01:01:51',1,'(UserLogged,admin)','127.0.0.1','Mozilla/5.0 (X11; Linux x86_64) AppleWebKit/537.36 (KHTML, like Gecko) Chrome/30.0.1599.114 Safari/537.36',NULL,NULL,NULL,NULL),
(557,'2016-03-02 15:21:07','USER_LOGIN',1,'2016-03-02 16:21:07',1,'(UserLogged,admin)','127.0.0.1','Mozilla/5.0 (X11; Linux x86_64) AppleWebKit/537.36 (KHTML, like Gecko) Chrome/33.0.1750.117 Safari/537.36',NULL,NULL,NULL,NULL),
(558,'2016-03-02 15:36:53','USER_LOGIN',1,'2016-03-02 16:36:53',1,'(UserLogged,admin)','127.0.0.1','Mozilla/5.0 (X11; Linux x86_64) AppleWebKit/537.36 (KHTML, like Gecko) Chrome/33.0.1750.117 Safari/537.36',NULL,NULL,NULL,NULL),
(559,'2016-03-02 18:54:23','USER_LOGIN',1,'2016-03-02 19:54:23',1,'(UserLogged,admin)','127.0.0.1','Mozilla/5.0 (X11; Linux x86_64) AppleWebKit/537.36 (KHTML, like Gecko) Chrome/33.0.1750.117 Safari/537.36',NULL,NULL,NULL,NULL),
(560,'2016-03-02 19:11:17','USER_LOGIN',1,'2016-03-02 20:11:17',1,'(UserLogged,admin)','127.0.0.1','Mozilla/5.0 (X11; Linux x86_64) AppleWebKit/537.36 (KHTML, like Gecko) Chrome/33.0.1750.117 Safari/537.36',NULL,NULL,NULL,NULL),
(561,'2016-03-03 18:19:24','USER_LOGIN',1,'2016-03-03 19:19:24',1,'(UserLogged,admin)','127.0.0.1','Mozilla/5.0 (X11; Linux x86_64) AppleWebKit/537.36 (KHTML, like Gecko) Chrome/33.0.1750.117 Safari/537.36',NULL,NULL,NULL,NULL),
(562,'2016-12-21 12:51:38','USER_LOGIN',1,'2016-12-21 13:51:38',1,'(UserLogged,admin) - TZ=1;TZString=CET;Screen=1920x969','127.0.0.1','Mozilla/5.0 (X11; Linux x86_64) AppleWebKit/537.36 (KHTML, like Gecko) Chrome/38.0.2125.111 Safari/537.36',NULL,NULL,NULL,NULL),
(563,'2016-12-21 19:52:09','USER_LOGIN',1,'2016-12-21 20:52:09',1,'(UserLogged,admin) - TZ=1;TZString=CET;Screen=1920x969','127.0.0.1','Mozilla/5.0 (X11; Linux x86_64) AppleWebKit/537.36 (KHTML, like Gecko) Chrome/38.0.2125.111 Safari/537.36',NULL,NULL,NULL,NULL),
(566,'2017-10-03 08:49:43','USER_NEW_PASSWORD',1,'2017-10-03 10:49:43',1,'Password change for admin','127.0.0.1','Mozilla/5.0 (X11; Linux x86_64) AppleWebKit/537.36 (KHTML, like Gecko) Chrome/45.0.2454.101 Safari/537.36',NULL,NULL,NULL,NULL),
(567,'2017-10-03 08:49:43','USER_MODIFY',1,'2017-10-03 10:49:43',1,'User admin modified','127.0.0.1','Mozilla/5.0 (X11; Linux x86_64) AppleWebKit/537.36 (KHTML, like Gecko) Chrome/45.0.2454.101 Safari/537.36',NULL,NULL,NULL,NULL),
(568,'2017-10-03 09:03:12','USER_MODIFY',1,'2017-10-03 11:03:12',1,'User admin modified','127.0.0.1','Mozilla/5.0 (X11; Linux x86_64) AppleWebKit/537.36 (KHTML, like Gecko) Chrome/45.0.2454.101 Safari/537.36',NULL,NULL,NULL,NULL),
(569,'2017-10-03 09:03:42','USER_MODIFY',1,'2017-10-03 11:03:42',1,'User admin modified','127.0.0.1','Mozilla/5.0 (X11; Linux x86_64) AppleWebKit/537.36 (KHTML, like Gecko) Chrome/45.0.2454.101 Safari/537.36',NULL,NULL,NULL,NULL),
(570,'2017-10-03 09:07:36','USER_MODIFY',1,'2017-10-03 11:07:36',1,'User demo modified','127.0.0.1','Mozilla/5.0 (X11; Linux x86_64) AppleWebKit/537.36 (KHTML, like Gecko) Chrome/45.0.2454.101 Safari/537.36',NULL,NULL,NULL,NULL),
(571,'2017-10-03 09:08:58','USER_NEW_PASSWORD',1,'2017-10-03 11:08:58',1,'Password change for pcurie','127.0.0.1','Mozilla/5.0 (X11; Linux x86_64) AppleWebKit/537.36 (KHTML, like Gecko) Chrome/45.0.2454.101 Safari/537.36',NULL,NULL,NULL,NULL),
(572,'2017-10-03 09:08:58','USER_MODIFY',1,'2017-10-03 11:08:58',1,'User pcurie modified','127.0.0.1','Mozilla/5.0 (X11; Linux x86_64) AppleWebKit/537.36 (KHTML, like Gecko) Chrome/45.0.2454.101 Safari/537.36',NULL,NULL,NULL,NULL),
(573,'2017-10-03 09:09:23','USER_MODIFY',1,'2017-10-03 11:09:23',1,'User pcurie modified','127.0.0.1','Mozilla/5.0 (X11; Linux x86_64) AppleWebKit/537.36 (KHTML, like Gecko) Chrome/45.0.2454.101 Safari/537.36',NULL,NULL,NULL,NULL),
(574,'2017-10-03 09:11:04','USER_NEW_PASSWORD',1,'2017-10-03 11:11:04',1,'Password change for athestudent','127.0.0.1','Mozilla/5.0 (X11; Linux x86_64) AppleWebKit/537.36 (KHTML, like Gecko) Chrome/45.0.2454.101 Safari/537.36',NULL,NULL,NULL,NULL),
(575,'2017-10-03 09:11:04','USER_MODIFY',1,'2017-10-03 11:11:04',1,'User athestudent modified','127.0.0.1','Mozilla/5.0 (X11; Linux x86_64) AppleWebKit/537.36 (KHTML, like Gecko) Chrome/45.0.2454.101 Safari/537.36',NULL,NULL,NULL,NULL),
(576,'2017-10-03 09:11:53','USER_MODIFY',1,'2017-10-03 11:11:53',1,'User abookkeeper modified','127.0.0.1','Mozilla/5.0 (X11; Linux x86_64) AppleWebKit/537.36 (KHTML, like Gecko) Chrome/45.0.2454.101 Safari/537.36',NULL,NULL,NULL,NULL),
(577,'2017-10-03 09:42:12','USER_LOGIN_FAILED',1,'2017-10-03 11:42:11',NULL,'Bad value for login or password - login=admin','127.0.0.1','Mozilla/5.0 (X11; Linux x86_64) AppleWebKit/537.36 (KHTML, like Gecko) Chrome/45.0.2454.101 Safari/537.36',NULL,NULL,NULL,NULL),
(578,'2017-10-03 09:42:19','USER_LOGIN_FAILED',1,'2017-10-03 11:42:19',NULL,'Bad value for login or password - login=admin','127.0.0.1','Mozilla/5.0 (X11; Linux x86_64) AppleWebKit/537.36 (KHTML, like Gecko) Chrome/45.0.2454.101 Safari/537.36',NULL,NULL,NULL,NULL),
(579,'2017-10-03 09:42:42','USER_LOGIN_FAILED',1,'2017-10-03 11:42:42',NULL,'Bad value for login or password - login=aeinstein','127.0.0.1','Mozilla/5.0 (X11; Linux x86_64) AppleWebKit/537.36 (KHTML, like Gecko) Chrome/45.0.2454.101 Safari/537.36',NULL,NULL,NULL,NULL),
(580,'2017-10-03 09:43:50','USER_LOGIN',1,'2017-10-03 11:43:50',1,'(UserLogged,admin) - TZ=1;TZString=Europe/Berlin;Screen=1600x788','127.0.0.1','Mozilla/5.0 (X11; Linux x86_64) AppleWebKit/537.36 (KHTML, like Gecko) Chrome/45.0.2454.101 Safari/537.36',NULL,NULL,NULL,NULL),
(581,'2017-10-03 09:44:44','GROUP_MODIFY',1,'2017-10-03 11:44:44',1,'Group Sale representatives modified','127.0.0.1','Mozilla/5.0 (X11; Linux x86_64) AppleWebKit/537.36 (KHTML, like Gecko) Chrome/45.0.2454.101 Safari/537.36',NULL,NULL,NULL,NULL),
(582,'2017-10-03 09:46:25','GROUP_CREATE',1,'2017-10-03 11:46:25',1,'Group Management created','127.0.0.1','Mozilla/5.0 (X11; Linux x86_64) AppleWebKit/537.36 (KHTML, like Gecko) Chrome/45.0.2454.101 Safari/537.36',NULL,NULL,NULL,NULL),
(583,'2017-10-03 09:46:46','GROUP_CREATE',1,'2017-10-03 11:46:46',1,'Group Scientists created','127.0.0.1','Mozilla/5.0 (X11; Linux x86_64) AppleWebKit/537.36 (KHTML, like Gecko) Chrome/45.0.2454.101 Safari/537.36',NULL,NULL,NULL,NULL),
(584,'2017-10-03 09:47:41','USER_CREATE',1,'2017-10-03 11:47:41',1,'User mcurie created','127.0.0.1','Mozilla/5.0 (X11; Linux x86_64) AppleWebKit/537.36 (KHTML, like Gecko) Chrome/45.0.2454.101 Safari/537.36',NULL,NULL,NULL,NULL),
(585,'2017-10-03 09:47:41','USER_NEW_PASSWORD',1,'2017-10-03 11:47:41',1,'Password change for mcurie','127.0.0.1','Mozilla/5.0 (X11; Linux x86_64) AppleWebKit/537.36 (KHTML, like Gecko) Chrome/45.0.2454.101 Safari/537.36',NULL,NULL,NULL,NULL),
(586,'2017-10-03 09:47:53','USER_MODIFY',1,'2017-10-03 11:47:53',1,'User mcurie modified','127.0.0.1','Mozilla/5.0 (X11; Linux x86_64) AppleWebKit/537.36 (KHTML, like Gecko) Chrome/45.0.2454.101 Safari/537.36',NULL,NULL,NULL,NULL),
(587,'2017-10-03 09:48:32','USER_DELETE',1,'2017-10-03 11:48:32',1,'User bbb removed','127.0.0.1','Mozilla/5.0 (X11; Linux x86_64) AppleWebKit/537.36 (KHTML, like Gecko) Chrome/45.0.2454.101 Safari/537.36',NULL,NULL,NULL,NULL),
(588,'2017-10-03 09:48:52','USER_MODIFY',1,'2017-10-03 11:48:52',1,'User bookkeeper modified','127.0.0.1','Mozilla/5.0 (X11; Linux x86_64) AppleWebKit/537.36 (KHTML, like Gecko) Chrome/45.0.2454.101 Safari/537.36',NULL,NULL,NULL,NULL),
(589,'2017-10-03 10:01:28','USER_MODIFY',1,'2017-10-03 12:01:28',1,'User bookkeeper modified','127.0.0.1','Mozilla/5.0 (X11; Linux x86_64) AppleWebKit/537.36 (KHTML, like Gecko) Chrome/45.0.2454.101 Safari/537.36',NULL,NULL,NULL,NULL),
(590,'2017-10-03 10:01:39','USER_MODIFY',1,'2017-10-03 12:01:39',1,'User bookkeeper modified','127.0.0.1','Mozilla/5.0 (X11; Linux x86_64) AppleWebKit/537.36 (KHTML, like Gecko) Chrome/45.0.2454.101 Safari/537.36',NULL,NULL,NULL,NULL),
(591,'2017-10-05 06:32:38','USER_LOGIN_FAILED',1,'2017-10-05 08:32:38',NULL,'Bad value for login or password - login=admin','127.0.0.1','Mozilla/5.0 (X11; Linux x86_64) AppleWebKit/537.36 (KHTML, like Gecko) Chrome/45.0.2454.101 Safari/537.36',NULL,NULL,NULL,NULL),
(592,'2017-10-05 06:32:44','USER_LOGIN',1,'2017-10-05 08:32:44',1,'(UserLogged,admin) - TZ=1;TZString=Europe/Berlin;Screen=1590x767','127.0.0.1','Mozilla/5.0 (X11; Linux x86_64) AppleWebKit/537.36 (KHTML, like Gecko) Chrome/45.0.2454.101 Safari/537.36',NULL,NULL,NULL,NULL),
(593,'2017-10-05 07:07:52','USER_CREATE',1,'2017-10-05 09:07:52',1,'User atheceo created','127.0.0.1','Mozilla/5.0 (X11; Linux x86_64) AppleWebKit/537.36 (KHTML, like Gecko) Chrome/45.0.2454.101 Safari/537.36',NULL,NULL,NULL,NULL),
(594,'2017-10-05 07:07:52','USER_NEW_PASSWORD',1,'2017-10-05 09:07:52',1,'Password change for atheceo','127.0.0.1','Mozilla/5.0 (X11; Linux x86_64) AppleWebKit/537.36 (KHTML, like Gecko) Chrome/45.0.2454.101 Safari/537.36',NULL,NULL,NULL,NULL),
(595,'2017-10-05 07:09:08','USER_NEW_PASSWORD',1,'2017-10-05 09:09:08',1,'Password change for aeinstein','127.0.0.1','Mozilla/5.0 (X11; Linux x86_64) AppleWebKit/537.36 (KHTML, like Gecko) Chrome/45.0.2454.101 Safari/537.36',NULL,NULL,NULL,NULL),
(596,'2017-10-05 07:09:08','USER_MODIFY',1,'2017-10-05 09:09:08',1,'User aeinstein modified','127.0.0.1','Mozilla/5.0 (X11; Linux x86_64) AppleWebKit/537.36 (KHTML, like Gecko) Chrome/45.0.2454.101 Safari/537.36',NULL,NULL,NULL,NULL),
(597,'2017-10-05 07:09:46','USER_CREATE',1,'2017-10-05 09:09:46',1,'User admin created','127.0.0.1','Mozilla/5.0 (X11; Linux x86_64) AppleWebKit/537.36 (KHTML, like Gecko) Chrome/45.0.2454.101 Safari/537.36',NULL,NULL,NULL,NULL),
(598,'2017-10-05 07:09:46','USER_NEW_PASSWORD',1,'2017-10-05 09:09:46',1,'Password change for admin','127.0.0.1','Mozilla/5.0 (X11; Linux x86_64) AppleWebKit/537.36 (KHTML, like Gecko) Chrome/45.0.2454.101 Safari/537.36',NULL,NULL,NULL,NULL),
(599,'2017-10-05 07:10:20','USER_MODIFY',1,'2017-10-05 09:10:20',1,'User demo modified','127.0.0.1','Mozilla/5.0 (X11; Linux x86_64) AppleWebKit/537.36 (KHTML, like Gecko) Chrome/45.0.2454.101 Safari/537.36',NULL,NULL,NULL,NULL),
(600,'2017-10-05 07:10:48','USER_MODIFY',1,'2017-10-05 09:10:48',1,'User admin modified','127.0.0.1','Mozilla/5.0 (X11; Linux x86_64) AppleWebKit/537.36 (KHTML, like Gecko) Chrome/45.0.2454.101 Safari/537.36',NULL,NULL,NULL,NULL),
(601,'2017-10-05 07:11:22','USER_NEW_PASSWORD',1,'2017-10-05 09:11:22',1,'Password change for bbookkeeper','127.0.0.1','Mozilla/5.0 (X11; Linux x86_64) AppleWebKit/537.36 (KHTML, like Gecko) Chrome/45.0.2454.101 Safari/537.36',NULL,NULL,NULL,NULL),
(602,'2017-10-05 07:11:22','USER_MODIFY',1,'2017-10-05 09:11:22',1,'User bbookkeeper modified','127.0.0.1','Mozilla/5.0 (X11; Linux x86_64) AppleWebKit/537.36 (KHTML, like Gecko) Chrome/45.0.2454.101 Safari/537.36',NULL,NULL,NULL,NULL),
(603,'2017-10-05 07:12:37','USER_MODIFY',1,'2017-10-05 09:12:37',1,'User admin modified','127.0.0.1','Mozilla/5.0 (X11; Linux x86_64) AppleWebKit/537.36 (KHTML, like Gecko) Chrome/45.0.2454.101 Safari/537.36',NULL,NULL,NULL,NULL),
(604,'2017-10-05 07:13:27','USER_MODIFY',1,'2017-10-05 09:13:27',1,'User demo modified','127.0.0.1','Mozilla/5.0 (X11; Linux x86_64) AppleWebKit/537.36 (KHTML, like Gecko) Chrome/45.0.2454.101 Safari/537.36',NULL,NULL,NULL,NULL),
(605,'2017-10-05 07:13:52','USER_MODIFY',1,'2017-10-05 09:13:52',1,'User admin modified','127.0.0.1','Mozilla/5.0 (X11; Linux x86_64) AppleWebKit/537.36 (KHTML, like Gecko) Chrome/45.0.2454.101 Safari/537.36',NULL,NULL,NULL,NULL),
(606,'2017-10-05 07:14:35','USER_LOGOUT',1,'2017-10-05 09:14:35',1,'(UserLogoff,aeinstein)','127.0.0.1','Mozilla/5.0 (X11; Linux x86_64) AppleWebKit/537.36 (KHTML, like Gecko) Chrome/45.0.2454.101 Safari/537.36',NULL,NULL,NULL,NULL),
(607,'2017-10-05 07:14:40','USER_LOGIN_FAILED',1,'2017-10-05 09:14:40',NULL,'Bad value for login or password - login=admin','127.0.0.1','Mozilla/5.0 (X11; Linux x86_64) AppleWebKit/537.36 (KHTML, like Gecko) Chrome/45.0.2454.101 Safari/537.36',NULL,NULL,NULL,NULL),
(608,'2017-10-05 07:14:44','USER_LOGIN_FAILED',1,'2017-10-05 09:14:44',NULL,'Bad value for login or password - login=admin','127.0.0.1','Mozilla/5.0 (X11; Linux x86_64) AppleWebKit/537.36 (KHTML, like Gecko) Chrome/45.0.2454.101 Safari/537.36',NULL,NULL,NULL,NULL),
(609,'2017-10-05 07:14:49','USER_LOGIN',1,'2017-10-05 09:14:49',12,'(UserLogged,admin) - TZ=1;TZString=Europe/Berlin;Screen=1590x767','127.0.0.1','Mozilla/5.0 (X11; Linux x86_64) AppleWebKit/537.36 (KHTML, like Gecko) Chrome/45.0.2454.101 Safari/537.36',NULL,NULL,NULL,NULL),
(610,'2017-10-05 07:57:18','USER_MODIFY',1,'2017-10-05 09:57:18',12,'User aeinstein modified','127.0.0.1','Mozilla/5.0 (X11; Linux x86_64) AppleWebKit/537.36 (KHTML, like Gecko) Chrome/45.0.2454.101 Safari/537.36',NULL,NULL,NULL,NULL),
(611,'2017-10-05 08:06:54','USER_LOGOUT',1,'2017-10-05 10:06:54',12,'(UserLogoff,admin)','127.0.0.1','Mozilla/5.0 (X11; Linux x86_64) AppleWebKit/537.36 (KHTML, like Gecko) Chrome/45.0.2454.101 Safari/537.36',NULL,NULL,NULL,NULL),
(612,'2017-10-05 08:07:03','USER_LOGIN',1,'2017-10-05 10:07:03',11,'(UserLogged,atheceo) - TZ=1;TZString=Europe/Berlin;Screen=1590x767','127.0.0.1','Mozilla/5.0 (X11; Linux x86_64) AppleWebKit/537.36 (KHTML, like Gecko) Chrome/45.0.2454.101 Safari/537.36',NULL,NULL,NULL,NULL),
(613,'2017-10-05 19:18:46','USER_LOGIN',1,'2017-10-05 21:18:46',11,'(UserLogged,atheceo) - TZ=1;TZString=Europe/Berlin;Screen=1590x767','127.0.0.1','Mozilla/5.0 (X11; Linux x86_64) AppleWebKit/537.36 (KHTML, like Gecko) Chrome/45.0.2454.101 Safari/537.36',NULL,NULL,NULL,NULL),
(614,'2017-10-05 19:29:35','USER_CREATE',1,'2017-10-05 21:29:35',11,'User ccommercy created','127.0.0.1','Mozilla/5.0 (X11; Linux x86_64) AppleWebKit/537.36 (KHTML, like Gecko) Chrome/45.0.2454.101 Safari/537.36',NULL,NULL,NULL,NULL),
(615,'2017-10-05 19:29:35','USER_NEW_PASSWORD',1,'2017-10-05 21:29:35',11,'Password change for ccommercy','127.0.0.1','Mozilla/5.0 (X11; Linux x86_64) AppleWebKit/537.36 (KHTML, like Gecko) Chrome/45.0.2454.101 Safari/537.36',NULL,NULL,NULL,NULL),
(616,'2017-10-05 19:30:13','GROUP_CREATE',1,'2017-10-05 21:30:13',11,'Group Commercial created','127.0.0.1','Mozilla/5.0 (X11; Linux x86_64) AppleWebKit/537.36 (KHTML, like Gecko) Chrome/45.0.2454.101 Safari/537.36',NULL,NULL,NULL,NULL),
(617,'2017-10-05 19:31:37','USER_NEW_PASSWORD',1,'2017-10-05 21:31:37',11,'Password change for admin','127.0.0.1','Mozilla/5.0 (X11; Linux x86_64) AppleWebKit/537.36 (KHTML, like Gecko) Chrome/45.0.2454.101 Safari/537.36',NULL,NULL,NULL,NULL),
(618,'2017-10-05 19:31:37','USER_MODIFY',1,'2017-10-05 21:31:37',11,'User admin modified','127.0.0.1','Mozilla/5.0 (X11; Linux x86_64) AppleWebKit/537.36 (KHTML, like Gecko) Chrome/45.0.2454.101 Safari/537.36',NULL,NULL,NULL,NULL),
(619,'2017-10-05 19:32:00','USER_MODIFY',1,'2017-10-05 21:32:00',11,'User admin modified','127.0.0.1','Mozilla/5.0 (X11; Linux x86_64) AppleWebKit/537.36 (KHTML, like Gecko) Chrome/45.0.2454.101 Safari/537.36',NULL,NULL,NULL,NULL),
(620,'2017-10-05 19:33:33','USER_CREATE',1,'2017-10-05 21:33:33',11,'User sscientol created','127.0.0.1','Mozilla/5.0 (X11; Linux x86_64) AppleWebKit/537.36 (KHTML, like Gecko) Chrome/45.0.2454.101 Safari/537.36',NULL,NULL,NULL,NULL),
(621,'2017-10-05 19:33:33','USER_NEW_PASSWORD',1,'2017-10-05 21:33:33',11,'Password change for sscientol','127.0.0.1','Mozilla/5.0 (X11; Linux x86_64) AppleWebKit/537.36 (KHTML, like Gecko) Chrome/45.0.2454.101 Safari/537.36',NULL,NULL,NULL,NULL),
(622,'2017-10-05 19:33:47','USER_NEW_PASSWORD',1,'2017-10-05 21:33:47',11,'Password change for mcurie','127.0.0.1','Mozilla/5.0 (X11; Linux x86_64) AppleWebKit/537.36 (KHTML, like Gecko) Chrome/45.0.2454.101 Safari/537.36',NULL,NULL,NULL,NULL),
(623,'2017-10-05 19:33:47','USER_MODIFY',1,'2017-10-05 21:33:47',11,'User mcurie modified','127.0.0.1','Mozilla/5.0 (X11; Linux x86_64) AppleWebKit/537.36 (KHTML, like Gecko) Chrome/45.0.2454.101 Safari/537.36',NULL,NULL,NULL,NULL),
(624,'2017-10-05 19:34:23','USER_NEW_PASSWORD',1,'2017-10-05 21:34:23',11,'Password change for pcurie','127.0.0.1','Mozilla/5.0 (X11; Linux x86_64) AppleWebKit/537.36 (KHTML, like Gecko) Chrome/45.0.2454.101 Safari/537.36',NULL,NULL,NULL,NULL),
(625,'2017-10-05 19:34:23','USER_MODIFY',1,'2017-10-05 21:34:23',11,'User pcurie modified','127.0.0.1','Mozilla/5.0 (X11; Linux x86_64) AppleWebKit/537.36 (KHTML, like Gecko) Chrome/45.0.2454.101 Safari/537.36',NULL,NULL,NULL,NULL),
(626,'2017-10-05 19:34:42','USER_MODIFY',1,'2017-10-05 21:34:42',11,'User aeinstein modified','127.0.0.1','Mozilla/5.0 (X11; Linux x86_64) AppleWebKit/537.36 (KHTML, like Gecko) Chrome/45.0.2454.101 Safari/537.36',NULL,NULL,NULL,NULL),
(627,'2017-10-05 19:36:06','USER_NEW_PASSWORD',1,'2017-10-05 21:36:06',11,'Password change for ccommercy','127.0.0.1','Mozilla/5.0 (X11; Linux x86_64) AppleWebKit/537.36 (KHTML, like Gecko) Chrome/45.0.2454.101 Safari/537.36',NULL,NULL,NULL,NULL),
(628,'2017-10-05 19:36:06','USER_MODIFY',1,'2017-10-05 21:36:06',11,'User ccommercy modified','127.0.0.1','Mozilla/5.0 (X11; Linux x86_64) AppleWebKit/537.36 (KHTML, like Gecko) Chrome/45.0.2454.101 Safari/537.36',NULL,NULL,NULL,NULL),
(629,'2017-10-05 19:36:57','USER_NEW_PASSWORD',1,'2017-10-05 21:36:57',11,'Password change for atheceo','127.0.0.1','Mozilla/5.0 (X11; Linux x86_64) AppleWebKit/537.36 (KHTML, like Gecko) Chrome/45.0.2454.101 Safari/537.36',NULL,NULL,NULL,NULL),
(630,'2017-10-05 19:36:57','USER_MODIFY',1,'2017-10-05 21:36:57',11,'User atheceo modified','127.0.0.1','Mozilla/5.0 (X11; Linux x86_64) AppleWebKit/537.36 (KHTML, like Gecko) Chrome/45.0.2454.101 Safari/537.36',NULL,NULL,NULL,NULL),
(631,'2017-10-05 19:37:27','USER_LOGOUT',1,'2017-10-05 21:37:27',11,'(UserLogoff,atheceo)','127.0.0.1','Mozilla/5.0 (X11; Linux x86_64) AppleWebKit/537.36 (KHTML, like Gecko) Chrome/45.0.2454.101 Safari/537.36',NULL,NULL,NULL,NULL),
(632,'2017-10-05 19:37:35','USER_LOGIN_FAILED',1,'2017-10-05 21:37:35',NULL,'Bad value for login or password - login=admin','127.0.0.1','Mozilla/5.0 (X11; Linux x86_64) AppleWebKit/537.36 (KHTML, like Gecko) Chrome/45.0.2454.101 Safari/537.36',NULL,NULL,NULL,NULL),
(633,'2017-10-05 19:37:39','USER_LOGIN_FAILED',1,'2017-10-05 21:37:39',NULL,'Bad value for login or password - login=admin','127.0.0.1','Mozilla/5.0 (X11; Linux x86_64) AppleWebKit/537.36 (KHTML, like Gecko) Chrome/45.0.2454.101 Safari/537.36',NULL,NULL,NULL,NULL),
(634,'2017-10-05 19:37:44','USER_LOGIN_FAILED',1,'2017-10-05 21:37:44',NULL,'Bad value for login or password - login=admin','127.0.0.1','Mozilla/5.0 (X11; Linux x86_64) AppleWebKit/537.36 (KHTML, like Gecko) Chrome/45.0.2454.101 Safari/537.36',NULL,NULL,NULL,NULL),
(635,'2017-10-05 19:37:49','USER_LOGIN_FAILED',1,'2017-10-05 21:37:49',NULL,'Bad value for login or password - login=admin','127.0.0.1','Mozilla/5.0 (X11; Linux x86_64) AppleWebKit/537.36 (KHTML, like Gecko) Chrome/45.0.2454.101 Safari/537.36',NULL,NULL,NULL,NULL),
(636,'2017-10-05 19:38:12','USER_LOGIN_FAILED',1,'2017-10-05 21:38:12',NULL,'Bad value for login or password - login=admin','127.0.0.1','Mozilla/5.0 (X11; Linux x86_64) AppleWebKit/537.36 (KHTML, like Gecko) Chrome/45.0.2454.101 Safari/537.36',NULL,NULL,NULL,NULL),
(637,'2017-10-05 19:40:48','USER_LOGIN_FAILED',1,'2017-10-05 21:40:48',NULL,'Bad value for login or password - login=admin','127.0.0.1','Mozilla/5.0 (X11; Linux x86_64) AppleWebKit/537.36 (KHTML, like Gecko) Chrome/45.0.2454.101 Safari/537.36',NULL,NULL,NULL,NULL),
(638,'2017-10-05 19:40:55','USER_LOGIN',1,'2017-10-05 21:40:55',12,'(UserLogged,admin) - TZ=1;TZString=Europe/Berlin;Screen=1590x767','127.0.0.1','Mozilla/5.0 (X11; Linux x86_64) AppleWebKit/537.36 (KHTML, like Gecko) Chrome/45.0.2454.101 Safari/537.36',NULL,NULL,NULL,NULL),
(639,'2017-10-05 19:43:34','USER_MODIFY',1,'2017-10-05 21:43:34',12,'User aeinstein modified','127.0.0.1','Mozilla/5.0 (X11; Linux x86_64) AppleWebKit/537.36 (KHTML, like Gecko) Chrome/45.0.2454.101 Safari/537.36',NULL,NULL,NULL,NULL),
(640,'2017-10-05 19:45:43','USER_CREATE',1,'2017-10-05 21:45:43',12,'User aaa created','127.0.0.1','Mozilla/5.0 (X11; Linux x86_64) AppleWebKit/537.36 (KHTML, like Gecko) Chrome/45.0.2454.101 Safari/537.36',NULL,NULL,NULL,NULL),
(641,'2017-10-05 19:45:43','USER_NEW_PASSWORD',1,'2017-10-05 21:45:43',12,'Password change for aaa','127.0.0.1','Mozilla/5.0 (X11; Linux x86_64) AppleWebKit/537.36 (KHTML, like Gecko) Chrome/45.0.2454.101 Safari/537.36',NULL,NULL,NULL,NULL),
(642,'2017-10-05 19:46:18','USER_DELETE',1,'2017-10-05 21:46:18',12,'User aaa removed','127.0.0.1','Mozilla/5.0 (X11; Linux x86_64) AppleWebKit/537.36 (KHTML, like Gecko) Chrome/45.0.2454.101 Safari/537.36',NULL,NULL,NULL,NULL),
(643,'2017-10-05 19:47:09','USER_MODIFY',1,'2017-10-05 21:47:09',12,'User demo modified','127.0.0.1','Mozilla/5.0 (X11; Linux x86_64) AppleWebKit/537.36 (KHTML, like Gecko) Chrome/45.0.2454.101 Safari/537.36',NULL,NULL,NULL,NULL),
(644,'2017-10-05 19:47:22','USER_MODIFY',1,'2017-10-05 21:47:22',12,'User demo modified','127.0.0.1','Mozilla/5.0 (X11; Linux x86_64) AppleWebKit/537.36 (KHTML, like Gecko) Chrome/45.0.2454.101 Safari/537.36',NULL,NULL,NULL,NULL),
(645,'2017-10-05 19:52:05','USER_MODIFY',1,'2017-10-05 21:52:05',12,'User sscientol modified','127.0.0.1','Mozilla/5.0 (X11; Linux x86_64) AppleWebKit/537.36 (KHTML, like Gecko) Chrome/45.0.2454.101 Safari/537.36',NULL,NULL,NULL,NULL),
(646,'2017-10-05 19:52:23','USER_MODIFY',1,'2017-10-05 21:52:23',12,'User bbookkeeper modified','127.0.0.1','Mozilla/5.0 (X11; Linux x86_64) AppleWebKit/537.36 (KHTML, like Gecko) Chrome/45.0.2454.101 Safari/537.36',NULL,NULL,NULL,NULL),
(647,'2017-10-05 19:54:54','USER_NEW_PASSWORD',1,'2017-10-05 21:54:54',12,'Password change for zzeceo','127.0.0.1','Mozilla/5.0 (X11; Linux x86_64) AppleWebKit/537.36 (KHTML, like Gecko) Chrome/45.0.2454.101 Safari/537.36',NULL,NULL,NULL,NULL),
(648,'2017-10-05 19:54:54','USER_MODIFY',1,'2017-10-05 21:54:54',12,'User zzeceo modified','127.0.0.1','Mozilla/5.0 (X11; Linux x86_64) AppleWebKit/537.36 (KHTML, like Gecko) Chrome/45.0.2454.101 Safari/537.36',NULL,NULL,NULL,NULL),
(649,'2017-10-05 19:57:02','USER_MODIFY',1,'2017-10-05 21:57:02',12,'User zzeceo modified','127.0.0.1','Mozilla/5.0 (X11; Linux x86_64) AppleWebKit/537.36 (KHTML, like Gecko) Chrome/45.0.2454.101 Safari/537.36',NULL,NULL,NULL,NULL),
(650,'2017-10-05 19:57:57','USER_NEW_PASSWORD',1,'2017-10-05 21:57:57',12,'Password change for pcurie','127.0.0.1','Mozilla/5.0 (X11; Linux x86_64) AppleWebKit/537.36 (KHTML, like Gecko) Chrome/45.0.2454.101 Safari/537.36',NULL,NULL,NULL,NULL),
(651,'2017-10-05 19:57:57','USER_MODIFY',1,'2017-10-05 21:57:57',12,'User pcurie modified','127.0.0.1','Mozilla/5.0 (X11; Linux x86_64) AppleWebKit/537.36 (KHTML, like Gecko) Chrome/45.0.2454.101 Safari/537.36',NULL,NULL,NULL,NULL),
(652,'2017-10-05 19:59:42','USER_NEW_PASSWORD',1,'2017-10-05 21:59:42',12,'Password change for admin','127.0.0.1','Mozilla/5.0 (X11; Linux x86_64) AppleWebKit/537.36 (KHTML, like Gecko) Chrome/45.0.2454.101 Safari/537.36',NULL,NULL,NULL,NULL),
(653,'2017-10-05 19:59:42','USER_MODIFY',1,'2017-10-05 21:59:42',12,'User admin modified','127.0.0.1','Mozilla/5.0 (X11; Linux x86_64) AppleWebKit/537.36 (KHTML, like Gecko) Chrome/45.0.2454.101 Safari/537.36',NULL,NULL,NULL,NULL),
(654,'2017-10-05 20:00:21','USER_MODIFY',1,'2017-10-05 22:00:21',12,'User adminx modified','127.0.0.1','Mozilla/5.0 (X11; Linux x86_64) AppleWebKit/537.36 (KHTML, like Gecko) Chrome/45.0.2454.101 Safari/537.36',NULL,NULL,NULL,NULL),
(655,'2017-10-05 20:05:36','USER_MODIFY',1,'2017-10-05 22:05:36',12,'User admin modified','127.0.0.1','Mozilla/5.0 (X11; Linux x86_64) AppleWebKit/537.36 (KHTML, like Gecko) Chrome/45.0.2454.101 Safari/537.36',NULL,NULL,NULL,NULL),
(656,'2017-10-05 20:06:25','USER_MODIFY',1,'2017-10-05 22:06:25',12,'User ccommercy modified','127.0.0.1','Mozilla/5.0 (X11; Linux x86_64) AppleWebKit/537.36 (KHTML, like Gecko) Chrome/45.0.2454.101 Safari/537.36',NULL,NULL,NULL,NULL),
(657,'2017-10-05 20:07:18','USER_MODIFY',1,'2017-10-05 22:07:18',12,'User mcurie modified','127.0.0.1','Mozilla/5.0 (X11; Linux x86_64) AppleWebKit/537.36 (KHTML, like Gecko) Chrome/45.0.2454.101 Safari/537.36',NULL,NULL,NULL,NULL),
(658,'2017-10-05 20:07:36','USER_MODIFY',1,'2017-10-05 22:07:36',12,'User aeinstein modified','127.0.0.1','Mozilla/5.0 (X11; Linux x86_64) AppleWebKit/537.36 (KHTML, like Gecko) Chrome/45.0.2454.101 Safari/537.36',NULL,NULL,NULL,NULL),
(659,'2017-10-05 20:08:34','USER_MODIFY',1,'2017-10-05 22:08:34',12,'User bbookkeeper modified','127.0.0.1','Mozilla/5.0 (X11; Linux x86_64) AppleWebKit/537.36 (KHTML, like Gecko) Chrome/45.0.2454.101 Safari/537.36',NULL,NULL,NULL,NULL),
(660,'2017-10-05 20:47:52','USER_CREATE',1,'2017-10-05 22:47:52',12,'User cc1 created','127.0.0.1','Mozilla/5.0 (X11; Linux x86_64) AppleWebKit/537.36 (KHTML, like Gecko) Chrome/45.0.2454.101 Safari/537.36',NULL,NULL,NULL,NULL),
(661,'2017-10-05 20:47:52','USER_NEW_PASSWORD',1,'2017-10-05 22:47:52',12,'Password change for cc1','127.0.0.1','Mozilla/5.0 (X11; Linux x86_64) AppleWebKit/537.36 (KHTML, like Gecko) Chrome/45.0.2454.101 Safari/537.36',NULL,NULL,NULL,NULL),
(662,'2017-10-05 20:47:55','USER_LOGOUT',1,'2017-10-05 22:47:55',12,'(UserLogoff,admin)','127.0.0.1','Mozilla/5.0 (X11; Linux x86_64) AppleWebKit/537.36 (KHTML, like Gecko) Chrome/45.0.2454.101 Safari/537.36',NULL,NULL,NULL,NULL),
(663,'2017-10-05 20:48:08','USER_LOGIN',1,'2017-10-05 22:48:08',11,'(UserLogged,zzeceo) - TZ=1;TZString=Europe/Berlin;Screen=1590x434','127.0.0.1','Mozilla/5.0 (X11; Linux x86_64) AppleWebKit/537.36 (KHTML, like Gecko) Chrome/45.0.2454.101 Safari/537.36',NULL,NULL,NULL,NULL),
(664,'2017-10-05 20:48:39','USER_CREATE',1,'2017-10-05 22:48:39',11,'User cc2 created','127.0.0.1','Mozilla/5.0 (X11; Linux x86_64) AppleWebKit/537.36 (KHTML, like Gecko) Chrome/45.0.2454.101 Safari/537.36',NULL,NULL,NULL,NULL),
(665,'2017-10-05 20:48:39','USER_NEW_PASSWORD',1,'2017-10-05 22:48:39',11,'Password change for cc2','127.0.0.1','Mozilla/5.0 (X11; Linux x86_64) AppleWebKit/537.36 (KHTML, like Gecko) Chrome/45.0.2454.101 Safari/537.36',NULL,NULL,NULL,NULL),
(666,'2017-10-05 20:48:59','USER_NEW_PASSWORD',1,'2017-10-05 22:48:59',11,'Password change for cc1','127.0.0.1','Mozilla/5.0 (X11; Linux x86_64) AppleWebKit/537.36 (KHTML, like Gecko) Chrome/45.0.2454.101 Safari/537.36',NULL,NULL,NULL,NULL),
(667,'2017-10-05 20:48:59','USER_MODIFY',1,'2017-10-05 22:48:59',11,'User cc1 modified','127.0.0.1','Mozilla/5.0 (X11; Linux x86_64) AppleWebKit/537.36 (KHTML, like Gecko) Chrome/45.0.2454.101 Safari/537.36',NULL,NULL,NULL,NULL),
(668,'2017-10-05 21:06:36','USER_LOGOUT',1,'2017-10-05 23:06:35',11,'(UserLogoff,zzeceo)','127.0.0.1','Mozilla/5.0 (X11; Linux x86_64) AppleWebKit/537.36 (KHTML, like Gecko) Chrome/45.0.2454.101 Safari/537.36',NULL,NULL,NULL,NULL),
(669,'2017-10-05 21:06:44','USER_LOGIN_FAILED',1,'2017-10-05 23:06:44',NULL,'Bad value for login or password - login=cc1','127.0.0.1','Mozilla/5.0 (X11; Linux x86_64) AppleWebKit/537.36 (KHTML, like Gecko) Chrome/45.0.2454.101 Safari/537.36',NULL,NULL,NULL,NULL),
(670,'2017-10-05 21:07:12','USER_LOGIN_FAILED',1,'2017-10-05 23:07:12',NULL,'Bad value for login or password - login=cc1','127.0.0.1','Mozilla/5.0 (X11; Linux x86_64) AppleWebKit/537.36 (KHTML, like Gecko) Chrome/45.0.2454.101 Safari/537.36',NULL,NULL,NULL,NULL),
(671,'2017-10-05 21:07:19','USER_LOGIN_FAILED',1,'2017-10-05 23:07:19',NULL,'Bad value for login or password - login=admin','127.0.0.1','Mozilla/5.0 (X11; Linux x86_64) AppleWebKit/537.36 (KHTML, like Gecko) Chrome/45.0.2454.101 Safari/537.36',NULL,NULL,NULL,NULL),
(672,'2017-10-05 21:07:27','USER_LOGIN_FAILED',1,'2017-10-05 23:07:27',NULL,'Bad value for login or password - login=admin','127.0.0.1','Mozilla/5.0 (X11; Linux x86_64) AppleWebKit/537.36 (KHTML, like Gecko) Chrome/45.0.2454.101 Safari/537.36',NULL,NULL,NULL,NULL),
(673,'2017-10-05 21:07:32','USER_LOGIN',1,'2017-10-05 23:07:32',12,'(UserLogged,admin) - TZ=1;TZString=Europe/Berlin;Screen=1590x767','127.0.0.1','Mozilla/5.0 (X11; Linux x86_64) AppleWebKit/537.36 (KHTML, like Gecko) Chrome/45.0.2454.101 Safari/537.36',NULL,NULL,NULL,NULL),
(674,'2017-10-05 21:12:28','USER_NEW_PASSWORD',1,'2017-10-05 23:12:28',12,'Password change for cc1','127.0.0.1','Mozilla/5.0 (X11; Linux x86_64) AppleWebKit/537.36 (KHTML, like Gecko) Chrome/45.0.2454.101 Safari/537.36',NULL,NULL,NULL,NULL),
(675,'2017-10-05 21:12:28','USER_MODIFY',1,'2017-10-05 23:12:28',12,'User cc1 modified','127.0.0.1','Mozilla/5.0 (X11; Linux x86_64) AppleWebKit/537.36 (KHTML, like Gecko) Chrome/45.0.2454.101 Safari/537.36',NULL,NULL,NULL,NULL),
(676,'2017-10-05 21:13:00','USER_CREATE',1,'2017-10-05 23:13:00',12,'User aaa created','127.0.0.1','Mozilla/5.0 (X11; Linux x86_64) AppleWebKit/537.36 (KHTML, like Gecko) Chrome/45.0.2454.101 Safari/537.36',NULL,NULL,NULL,NULL),
(677,'2017-10-05 21:13:00','USER_NEW_PASSWORD',1,'2017-10-05 23:13:00',12,'Password change for aaa','127.0.0.1','Mozilla/5.0 (X11; Linux x86_64) AppleWebKit/537.36 (KHTML, like Gecko) Chrome/45.0.2454.101 Safari/537.36',NULL,NULL,NULL,NULL),
(678,'2017-10-05 21:13:40','USER_DELETE',1,'2017-10-05 23:13:40',12,'User aaa removed','127.0.0.1','Mozilla/5.0 (X11; Linux x86_64) AppleWebKit/537.36 (KHTML, like Gecko) Chrome/45.0.2454.101 Safari/537.36',NULL,NULL,NULL,NULL),
(679,'2017-10-05 21:14:47','USER_LOGOUT',1,'2017-10-05 23:14:47',12,'(UserLogoff,admin)','127.0.0.1','Mozilla/5.0 (X11; Linux x86_64) AppleWebKit/537.36 (KHTML, like Gecko) Chrome/45.0.2454.101 Safari/537.36',NULL,NULL,NULL,NULL),
(680,'2017-10-05 21:14:56','USER_LOGIN',1,'2017-10-05 23:14:56',16,'(UserLogged,cc1) - TZ=1;TZString=Europe/Berlin;Screen=1590x767','127.0.0.1','Mozilla/5.0 (X11; Linux x86_64) AppleWebKit/537.36 (KHTML, like Gecko) Chrome/45.0.2454.101 Safari/537.36',NULL,NULL,NULL,NULL),
(681,'2017-10-05 21:15:56','USER_LOGOUT',1,'2017-10-05 23:15:56',16,'(UserLogoff,cc1)','127.0.0.1','Mozilla/5.0 (X11; Linux x86_64) AppleWebKit/537.36 (KHTML, like Gecko) Chrome/45.0.2454.101 Safari/537.36',NULL,NULL,NULL,NULL),
(682,'2017-10-05 21:16:06','USER_LOGIN',1,'2017-10-05 23:16:06',17,'(UserLogged,cc2) - TZ=1;TZString=Europe/Berlin;Screen=1590x767','127.0.0.1','Mozilla/5.0 (X11; Linux x86_64) AppleWebKit/537.36 (KHTML, like Gecko) Chrome/45.0.2454.101 Safari/537.36',NULL,NULL,NULL,NULL),
(683,'2017-10-05 21:37:25','USER_LOGOUT',1,'2017-10-05 23:37:25',17,'(UserLogoff,cc2)','127.0.0.1','Mozilla/5.0 (X11; Linux x86_64) AppleWebKit/537.36 (KHTML, like Gecko) Chrome/45.0.2454.101 Safari/537.36',NULL,NULL,NULL,NULL),
(684,'2017-10-05 21:37:31','USER_LOGIN',1,'2017-10-05 23:37:31',16,'(UserLogged,cc1) - TZ=1;TZString=Europe/Berlin;Screen=1590x767','127.0.0.1','Mozilla/5.0 (X11; Linux x86_64) AppleWebKit/537.36 (KHTML, like Gecko) Chrome/45.0.2454.101 Safari/537.36',NULL,NULL,NULL,NULL),
(685,'2017-10-05 21:43:53','USER_LOGOUT',1,'2017-10-05 23:43:53',16,'(UserLogoff,cc1)','127.0.0.1','Mozilla/5.0 (X11; Linux x86_64) AppleWebKit/537.36 (KHTML, like Gecko) Chrome/45.0.2454.101 Safari/537.36',NULL,NULL,NULL,NULL),
(686,'2017-10-05 21:44:00','USER_LOGIN',1,'2017-10-05 23:44:00',12,'(UserLogged,admin) - TZ=1;TZString=Europe/Berlin;Screen=1590x767','127.0.0.1','Mozilla/5.0 (X11; Linux x86_64) AppleWebKit/537.36 (KHTML, like Gecko) Chrome/45.0.2454.101 Safari/537.36',NULL,NULL,NULL,NULL),
(687,'2017-10-05 21:46:17','USER_LOGOUT',1,'2017-10-05 23:46:17',12,'(UserLogoff,admin)','127.0.0.1','Mozilla/5.0 (X11; Linux x86_64) AppleWebKit/537.36 (KHTML, like Gecko) Chrome/45.0.2454.101 Safari/537.36',NULL,NULL,NULL,NULL),
(688,'2017-10-05 21:46:24','USER_LOGIN',1,'2017-10-05 23:46:24',16,'(UserLogged,cc1) - TZ=1;TZString=Europe/Berlin;Screen=1590x767','127.0.0.1','Mozilla/5.0 (X11; Linux x86_64) AppleWebKit/537.36 (KHTML, like Gecko) Chrome/45.0.2454.101 Safari/537.36',NULL,NULL,NULL,NULL),
(689,'2017-11-04 15:17:06','USER_LOGIN',1,'2017-11-04 16:17:06',12,'(UserLogged,admin) - TZ=1;TZString=Europe/Berlin;Screen=1600x790','127.0.0.1','Mozilla/5.0 (X11; Linux x86_64) AppleWebKit/537.36 (KHTML, like Gecko) Chrome/46.0.2490.80 Safari/537.36',NULL,NULL,NULL,NULL),
(690,'2017-11-15 22:04:04','USER_LOGIN',1,'2017-11-15 23:04:04',12,'(UserLogged,admin) - TZ=1;TZString=Europe/Berlin;Screen=1600x790','127.0.0.1','Mozilla/5.0 (X11; Linux x86_64) AppleWebKit/537.36 (KHTML, like Gecko) Chrome/46.0.2490.80 Safari/537.36',NULL,NULL,NULL,NULL),
(691,'2017-11-15 22:23:45','USER_MODIFY',1,'2017-11-15 23:23:45',12,'User ccommercy modified','127.0.0.1','Mozilla/5.0 (X11; Linux x86_64) AppleWebKit/537.36 (KHTML, like Gecko) Chrome/46.0.2490.80 Safari/537.36',NULL,NULL,NULL,NULL),
(692,'2017-11-15 22:24:22','USER_MODIFY',1,'2017-11-15 23:24:22',12,'User cc1 modified','127.0.0.1','Mozilla/5.0 (X11; Linux x86_64) AppleWebKit/537.36 (KHTML, like Gecko) Chrome/46.0.2490.80 Safari/537.36',NULL,NULL,NULL,NULL),
(693,'2017-11-15 22:24:53','USER_MODIFY',1,'2017-11-15 23:24:53',12,'User cc2 modified','127.0.0.1','Mozilla/5.0 (X11; Linux x86_64) AppleWebKit/537.36 (KHTML, like Gecko) Chrome/46.0.2490.80 Safari/537.36',NULL,NULL,NULL,NULL),
(694,'2017-11-15 22:25:17','USER_MODIFY',1,'2017-11-15 23:25:17',12,'User cc1 modified','127.0.0.1','Mozilla/5.0 (X11; Linux x86_64) AppleWebKit/537.36 (KHTML, like Gecko) Chrome/46.0.2490.80 Safari/537.36',NULL,NULL,NULL,NULL),
(695,'2017-11-15 22:45:37','USER_LOGOUT',1,'2017-11-15 23:45:37',12,'(UserLogoff,admin)','127.0.0.1','Mozilla/5.0 (X11; Linux x86_64) AppleWebKit/537.36 (KHTML, like Gecko) Chrome/46.0.2490.80 Safari/537.36',NULL,NULL,NULL,NULL),
(696,'2017-11-18 13:41:02','USER_LOGIN',1,'2017-11-18 14:41:02',2,'(UserLogged,demo) - TZ=1;TZString=Europe/Berlin;Screen=1600x790','127.0.0.1','Mozilla/5.0 (X11; Linux x86_64) AppleWebKit/537.36 (KHTML, like Gecko) Chrome/46.0.2490.80 Safari/537.36',NULL,NULL,NULL,NULL),
(697,'2017-11-18 14:23:35','USER_LOGIN',1,'2017-11-18 15:23:35',2,'(UserLogged,demo) - TZ=1;TZString=Europe/Berlin;Screen=1600x790','127.0.0.1','Mozilla/5.0 (X11; Linux x86_64) AppleWebKit/537.36 (KHTML, like Gecko) Chrome/46.0.2490.80 Safari/537.36',NULL,NULL,NULL,NULL),
(698,'2017-11-18 15:15:46','USER_LOGOUT',1,'2017-11-18 16:15:46',2,'(UserLogoff,demo)','127.0.0.1','Mozilla/5.0 (X11; Linux x86_64) AppleWebKit/537.36 (KHTML, like Gecko) Chrome/46.0.2490.80 Safari/537.36',NULL,NULL,NULL,NULL),
(699,'2017-11-18 15:15:51','USER_LOGIN',1,'2017-11-18 16:15:51',2,'(UserLogged,demo) - TZ=1;TZString=Europe/Berlin;Screen=1600x790','127.0.0.1','Mozilla/5.0 (X11; Linux x86_64) AppleWebKit/537.36 (KHTML, like Gecko) Chrome/46.0.2490.80 Safari/537.36',NULL,NULL,NULL,NULL),
(700,'2017-11-30 17:52:08','USER_LOGIN',1,'2017-11-30 18:52:08',12,'(UserLogged,admin) - TZ=1;TZString=Europe/Berlin;Screen=1600x790','127.0.0.1','Mozilla/5.0 (X11; Linux x86_64) AppleWebKit/537.36 (KHTML, like Gecko) Chrome/46.0.2490.80 Safari/537.36',NULL,NULL,NULL,NULL),
(701,'2018-01-10 16:45:43','USER_LOGIN',1,'2018-01-10 17:45:43',2,'(UserLogged,demo) - TZ=1;TZString=Europe/Berlin;Screen=1600x790','127.0.0.1','Mozilla/5.0 (X11; Linux x86_64) AppleWebKit/537.36 (KHTML, like Gecko) Chrome/46.0.2490.80 Safari/537.36',NULL,NULL,NULL,NULL),
(702,'2018-01-10 16:45:52','USER_LOGOUT',1,'2018-01-10 17:45:52',2,'(UserLogoff,demo)','127.0.0.1','Mozilla/5.0 (X11; Linux x86_64) AppleWebKit/537.36 (KHTML, like Gecko) Chrome/46.0.2490.80 Safari/537.36',NULL,NULL,NULL,NULL),
(703,'2018-01-10 16:46:06','USER_LOGIN',1,'2018-01-10 17:46:06',12,'(UserLogged,admin) - TZ=1;TZString=Europe/Berlin;Screen=1600x790','127.0.0.1','Mozilla/5.0 (X11; Linux x86_64) AppleWebKit/537.36 (KHTML, like Gecko) Chrome/46.0.2490.80 Safari/537.36',NULL,NULL,NULL,NULL),
(704,'2018-01-16 14:53:47','USER_LOGIN',1,'2018-01-16 15:53:47',12,'(UserLogged,admin) - TZ=1;TZString=Europe/Berlin;Screen=1600x790','127.0.0.1','Mozilla/5.0 (X11; Linux x86_64) AppleWebKit/537.36 (KHTML, like Gecko) Chrome/46.0.2490.80 Safari/537.36',NULL,NULL,NULL,NULL),
(705,'2018-01-16 15:04:29','USER_LOGOUT',1,'2018-01-16 16:04:29',12,'(UserLogoff,admin)','127.0.0.1','Mozilla/5.0 (X11; Linux x86_64) AppleWebKit/537.36 (KHTML, like Gecko) Chrome/46.0.2490.80 Safari/537.36',NULL,NULL,NULL,NULL),
(706,'2018-01-16 15:04:40','USER_LOGIN',1,'2018-01-16 16:04:40',12,'(UserLogged,admin) - TZ=1;TZString=Europe/Berlin;Screen=1600x790','127.0.0.1','Mozilla/5.0 (X11; Linux x86_64) AppleWebKit/537.36 (KHTML, like Gecko) Chrome/46.0.2490.80 Safari/537.36',NULL,NULL,NULL,NULL),
(707,'2018-01-22 09:33:26','USER_LOGIN',1,'2018-01-22 10:33:26',2,'(UserLogged,demo) - TZ=1;TZString=Europe/Berlin;Screen=1600x790','127.0.0.1','Mozilla/5.0 (X11; Linux x86_64) AppleWebKit/537.36 (KHTML, like Gecko) Chrome/46.0.2490.80 Safari/537.36',NULL,NULL,NULL,NULL),
(708,'2018-01-22 09:35:19','USER_LOGOUT',1,'2018-01-22 10:35:19',2,'(UserLogoff,demo)','127.0.0.1','Mozilla/5.0 (X11; Linux x86_64) AppleWebKit/537.36 (KHTML, like Gecko) Chrome/46.0.2490.80 Safari/537.36',NULL,NULL,NULL,NULL),
(709,'2018-01-22 09:35:29','USER_LOGIN',1,'2018-01-22 10:35:29',12,'(UserLogged,admin) - TZ=1;TZString=Europe/Berlin;Screen=1600x790','127.0.0.1','Mozilla/5.0 (X11; Linux x86_64) AppleWebKit/537.36 (KHTML, like Gecko) Chrome/46.0.2490.80 Safari/537.36',NULL,NULL,NULL,NULL),
(710,'2018-01-22 10:47:34','USER_CREATE',1,'2018-01-22 11:47:34',12,'User aaa created','127.0.0.1','Mozilla/5.0 (X11; Linux x86_64) AppleWebKit/537.36 (KHTML, like Gecko) Chrome/46.0.2490.80 Safari/537.36',NULL,NULL,NULL,NULL),
(711,'2018-01-22 10:47:34','USER_NEW_PASSWORD',1,'2018-01-22 11:47:34',12,'Password change for aaa','127.0.0.1','Mozilla/5.0 (X11; Linux x86_64) AppleWebKit/537.36 (KHTML, like Gecko) Chrome/46.0.2490.80 Safari/537.36',NULL,NULL,NULL,NULL),
(712,'2018-01-22 12:07:56','USER_LOGIN',1,'2018-01-22 13:07:56',12,'(UserLogged,admin) - TZ=1;TZString=Europe/Berlin;Screen=1600x790','127.0.0.1','Mozilla/5.0 (X11; Linux x86_64) AppleWebKit/537.36 (KHTML, like Gecko) Chrome/46.0.2490.80 Safari/537.36',NULL,NULL,NULL,NULL),
(713,'2018-01-22 12:36:25','USER_NEW_PASSWORD',1,'2018-01-22 13:36:25',12,'Password change for admin','127.0.0.1','Mozilla/5.0 (X11; Linux x86_64) AppleWebKit/537.36 (KHTML, like Gecko) Chrome/46.0.2490.80 Safari/537.36',NULL,NULL,NULL,NULL),
(714,'2018-01-22 12:36:25','USER_MODIFY',1,'2018-01-22 13:36:25',12,'User admin modified','127.0.0.1','Mozilla/5.0 (X11; Linux x86_64) AppleWebKit/537.36 (KHTML, like Gecko) Chrome/46.0.2490.80 Safari/537.36',NULL,NULL,NULL,NULL),
(715,'2018-01-22 12:56:32','USER_MODIFY',1,'2018-01-22 13:56:32',12,'User admin modified','127.0.0.1','Mozilla/5.0 (X11; Linux x86_64) AppleWebKit/537.36 (KHTML, like Gecko) Chrome/46.0.2490.80 Safari/537.36',NULL,NULL,NULL,NULL),
(716,'2018-01-22 12:58:05','USER_MODIFY',1,'2018-01-22 13:58:05',12,'User admin modified','127.0.0.1','Mozilla/5.0 (X11; Linux x86_64) AppleWebKit/537.36 (KHTML, like Gecko) Chrome/46.0.2490.80 Safari/537.36',NULL,NULL,NULL,NULL),
(717,'2018-01-22 13:01:02','USER_MODIFY',1,'2018-01-22 14:01:02',12,'User admin modified','127.0.0.1','Mozilla/5.0 (X11; Linux x86_64) AppleWebKit/537.36 (KHTML, like Gecko) Chrome/46.0.2490.80 Safari/537.36',NULL,NULL,NULL,NULL),
(718,'2018-01-22 13:01:18','USER_MODIFY',1,'2018-01-22 14:01:18',12,'User admin modified','127.0.0.1','Mozilla/5.0 (X11; Linux x86_64) AppleWebKit/537.36 (KHTML, like Gecko) Chrome/46.0.2490.80 Safari/537.36',NULL,NULL,NULL,NULL),
(719,'2018-01-22 13:13:42','USER_MODIFY',1,'2018-01-22 14:13:42',12,'User admin modified','127.0.0.1','Mozilla/5.0 (X11; Linux x86_64) AppleWebKit/537.36 (KHTML, like Gecko) Chrome/46.0.2490.80 Safari/537.36',NULL,NULL,NULL,NULL),
(720,'2018-01-22 13:15:20','USER_DELETE',1,'2018-01-22 14:15:20',12,'User aaa removed','127.0.0.1','Mozilla/5.0 (X11; Linux x86_64) AppleWebKit/537.36 (KHTML, like Gecko) Chrome/46.0.2490.80 Safari/537.36',NULL,NULL,NULL,NULL),
(721,'2018-01-22 13:19:21','USER_LOGOUT',1,'2018-01-22 14:19:21',12,'(UserLogoff,admin)','127.0.0.1','Mozilla/5.0 (X11; Linux x86_64) AppleWebKit/537.36 (KHTML, like Gecko) Chrome/46.0.2490.80 Safari/537.36',NULL,NULL,NULL,NULL),
(722,'2018-01-22 13:19:32','USER_LOGIN',1,'2018-01-22 14:19:32',2,'(UserLogged,demo) - TZ=1;TZString=Europe/Berlin;Screen=1600x790','127.0.0.1','Mozilla/5.0 (X11; Linux x86_64) AppleWebKit/537.36 (KHTML, like Gecko) Chrome/46.0.2490.80 Safari/537.36',NULL,NULL,NULL,NULL),
(723,'2018-01-22 13:19:51','USER_LOGOUT',1,'2018-01-22 14:19:51',2,'(UserLogoff,demo)','127.0.0.1','Mozilla/5.0 (X11; Linux x86_64) AppleWebKit/537.36 (KHTML, like Gecko) Chrome/46.0.2490.80 Safari/537.36',NULL,NULL,NULL,NULL),
(724,'2018-01-22 13:20:01','USER_LOGIN',1,'2018-01-22 14:20:01',12,'(UserLogged,admin) - TZ=1;TZString=Europe/Berlin;Screen=1600x790','127.0.0.1','Mozilla/5.0 (X11; Linux x86_64) AppleWebKit/537.36 (KHTML, like Gecko) Chrome/46.0.2490.80 Safari/537.36',NULL,NULL,NULL,NULL),
(725,'2018-01-22 13:28:22','USER_LOGOUT',1,'2018-01-22 14:28:22',12,'(UserLogoff,admin)','127.0.0.1','Mozilla/5.0 (X11; Linux x86_64) AppleWebKit/537.36 (KHTML, like Gecko) Chrome/46.0.2490.80 Safari/537.36',NULL,NULL,NULL,NULL),
(726,'2018-01-22 13:28:35','USER_LOGIN',1,'2018-01-22 14:28:35',2,'(UserLogged,demo) - TZ=1;TZString=Europe/Berlin;Screen=1600x790','127.0.0.1','Mozilla/5.0 (X11; Linux x86_64) AppleWebKit/537.36 (KHTML, like Gecko) Chrome/46.0.2490.80 Safari/537.36',NULL,NULL,NULL,NULL),
(727,'2018-01-22 13:33:54','USER_LOGOUT',1,'2018-01-22 14:33:54',2,'(UserLogoff,demo)','127.0.0.1','Mozilla/5.0 (X11; Linux x86_64) AppleWebKit/537.36 (KHTML, like Gecko) Chrome/46.0.2490.80 Safari/537.36',NULL,NULL,NULL,NULL),
(728,'2018-01-22 13:34:05','USER_LOGIN',1,'2018-01-22 14:34:05',12,'(UserLogged,admin) - TZ=1;TZString=Europe/Berlin;Screen=1600x790','127.0.0.1','Mozilla/5.0 (X11; Linux x86_64) AppleWebKit/537.36 (KHTML, like Gecko) Chrome/46.0.2490.80 Safari/537.36',NULL,NULL,NULL,NULL),
(729,'2018-01-22 13:51:46','USER_MODIFY',1,'2018-01-22 14:51:46',12,'User ccommercy modified','127.0.0.1','Mozilla/5.0 (X11; Linux x86_64) AppleWebKit/537.36 (KHTML, like Gecko) Chrome/46.0.2490.80 Safari/537.36',NULL,NULL,NULL,NULL),
(730,'2018-01-22 16:20:12','USER_LOGIN',1,'2018-01-22 17:20:12',2,'(UserLogged,demo) - TZ=1;TZString=Europe/Berlin;Screen=1600x790','127.0.0.1','Mozilla/5.0 (X11; Linux x86_64) AppleWebKit/537.36 (KHTML, like Gecko) Chrome/48.0.2564.82 Safari/537.36',NULL,NULL,NULL,NULL),
(731,'2018-01-22 16:20:22','USER_LOGOUT',1,'2018-01-22 17:20:22',2,'(UserLogoff,demo)','127.0.0.1','Mozilla/5.0 (X11; Linux x86_64) AppleWebKit/537.36 (KHTML, like Gecko) Chrome/48.0.2564.82 Safari/537.36',NULL,NULL,NULL,NULL),
(732,'2018-01-22 16:20:36','USER_LOGIN',1,'2018-01-22 17:20:36',12,'(UserLogged,admin) - TZ=1;TZString=Europe/Berlin;Screen=1600x790','127.0.0.1','Mozilla/5.0 (X11; Linux x86_64) AppleWebKit/537.36 (KHTML, like Gecko) Chrome/48.0.2564.82 Safari/537.36',NULL,NULL,NULL,NULL),
(733,'2018-01-22 16:27:02','USER_CREATE',1,'2018-01-22 17:27:02',12,'User ldestailleur created','127.0.0.1','Mozilla/5.0 (X11; Linux x86_64) AppleWebKit/537.36 (KHTML, like Gecko) Chrome/48.0.2564.82 Safari/537.36',NULL,NULL,NULL,NULL),
(734,'2018-01-22 16:27:02','USER_NEW_PASSWORD',1,'2018-01-22 17:27:02',12,'Password change for ldestailleur','127.0.0.1','Mozilla/5.0 (X11; Linux x86_64) AppleWebKit/537.36 (KHTML, like Gecko) Chrome/48.0.2564.82 Safari/537.36',NULL,NULL,NULL,NULL),
(735,'2018-01-22 16:28:34','USER_MODIFY',1,'2018-01-22 17:28:34',12,'User ldestailleur modified','127.0.0.1','Mozilla/5.0 (X11; Linux x86_64) AppleWebKit/537.36 (KHTML, like Gecko) Chrome/48.0.2564.82 Safari/537.36',NULL,NULL,NULL,NULL),
(736,'2018-01-22 16:30:01','USER_ENABLEDISABLE',1,'2018-01-22 17:30:01',12,'User cc2 activated','127.0.0.1','Mozilla/5.0 (X11; Linux x86_64) AppleWebKit/537.36 (KHTML, like Gecko) Chrome/48.0.2564.82 Safari/537.36',NULL,NULL,NULL,NULL),
(737,'2018-01-22 17:11:06','USER_LOGIN',1,'2018-01-22 18:11:06',12,'(UserLogged,admin) - TZ=1;TZString=Europe/Berlin;Screen=1600x790','127.0.0.1','Mozilla/5.0 (X11; Linux x86_64) AppleWebKit/537.36 (KHTML, like Gecko) Chrome/48.0.2564.82 Safari/537.36',NULL,NULL,NULL,NULL),
(738,'2018-01-22 18:00:02','USER_DELETE',1,'2018-01-22 19:00:02',12,'User zzz removed','127.0.0.1','Mozilla/5.0 (X11; Linux x86_64) AppleWebKit/537.36 (KHTML, like Gecko) Chrome/48.0.2564.82 Safari/537.36',NULL,NULL,NULL,NULL),
(739,'2018-01-22 18:01:40','USER_DELETE',1,'2018-01-22 19:01:40',12,'User aaab removed','127.0.0.1','Mozilla/5.0 (X11; Linux x86_64) AppleWebKit/537.36 (KHTML, like Gecko) Chrome/48.0.2564.82 Safari/537.36',NULL,NULL,NULL,NULL),
(740,'2018-01-22 18:01:52','USER_DELETE',1,'2018-01-22 19:01:52',12,'User zzzg removed','127.0.0.1','Mozilla/5.0 (X11; Linux x86_64) AppleWebKit/537.36 (KHTML, like Gecko) Chrome/48.0.2564.82 Safari/537.36',NULL,NULL,NULL,NULL),
(741,'2018-03-13 10:54:59','USER_LOGIN',1,'2018-03-13 14:54:59',12,'(UserLogged,admin) - TZ=1;TZString=Europe/Paris;Screen=1920x971','127.0.0.1','Mozilla/5.0 (X11; Linux x86_64) AppleWebKit/537.36 (KHTML, like Gecko) Chrome/49.0.2623.87 Safari/537.36',NULL,NULL,NULL,NULL),
(742,'2018-07-30 11:13:10','USER_LOGIN',1,'2018-07-30 15:13:10',12,'(UserLogged,admin) - TZ=1;TZString=Europe/Paris;Screen=1920x937','127.0.0.1','Mozilla/5.0 (X11; Linux x86_64) AppleWebKit/537.36 (KHTML, like Gecko) Chrome/52.0.2743.82 Safari/537.36',NULL,NULL,NULL,NULL),
(743,'2018-07-30 12:50:23','USER_CREATE',1,'2018-07-30 16:50:23',12,'User eldy created','127.0.0.1','Mozilla/5.0 (X11; Linux x86_64) AppleWebKit/537.36 (KHTML, like Gecko) Chrome/52.0.2743.82 Safari/537.36',NULL,NULL,NULL,NULL),
(744,'2018-07-30 12:50:23','USER_CREATE',1,'2018-07-30 16:50:23',12,'User eldy created','127.0.0.1','Mozilla/5.0 (X11; Linux x86_64) AppleWebKit/537.36 (KHTML, like Gecko) Chrome/52.0.2743.82 Safari/537.36',NULL,NULL,NULL,NULL),
(745,'2018-07-30 12:50:23','USER_NEW_PASSWORD',1,'2018-07-30 16:50:23',12,'Password change for eldy','127.0.0.1','Mozilla/5.0 (X11; Linux x86_64) AppleWebKit/537.36 (KHTML, like Gecko) Chrome/52.0.2743.82 Safari/537.36',NULL,NULL,NULL,NULL),
(746,'2018-07-30 12:50:38','USER_MODIFY',1,'2018-07-30 16:50:38',12,'User eldy modified','127.0.0.1','Mozilla/5.0 (X11; Linux x86_64) AppleWebKit/537.36 (KHTML, like Gecko) Chrome/52.0.2743.82 Safari/537.36',NULL,NULL,NULL,NULL),
(747,'2018-07-30 12:50:54','USER_DELETE',1,'2018-07-30 16:50:54',12,'User eldy removed','127.0.0.1','Mozilla/5.0 (X11; Linux x86_64) AppleWebKit/537.36 (KHTML, like Gecko) Chrome/52.0.2743.82 Safari/537.36',NULL,NULL,NULL,NULL),
(748,'2018-07-30 12:51:23','USER_NEW_PASSWORD',1,'2018-07-30 16:51:23',12,'Password change for ldestailleur','127.0.0.1','Mozilla/5.0 (X11; Linux x86_64) AppleWebKit/537.36 (KHTML, like Gecko) Chrome/52.0.2743.82 Safari/537.36',NULL,NULL,NULL,NULL),
(749,'2018-07-30 12:51:23','USER_MODIFY',1,'2018-07-30 16:51:23',12,'User ldestailleur modified','127.0.0.1','Mozilla/5.0 (X11; Linux x86_64) AppleWebKit/537.36 (KHTML, like Gecko) Chrome/52.0.2743.82 Safari/537.36',NULL,NULL,NULL,NULL),
(750,'2018-07-30 18:26:58','USER_LOGIN',1,'2018-07-30 22:26:58',18,'(UserLogged,ldestailleur) - TZ=1;TZString=Europe/Paris;Screen=1920x937','127.0.0.1','Mozilla/5.0 (X11; Linux x86_64) AppleWebKit/537.36 (KHTML, like Gecko) Chrome/52.0.2743.82 Safari/537.36',NULL,NULL,NULL,NULL),
(751,'2018-07-30 18:27:40','USER_LOGOUT',1,'2018-07-30 22:27:40',18,'(UserLogoff,ldestailleur)','127.0.0.1','Mozilla/5.0 (X11; Linux x86_64) AppleWebKit/537.36 (KHTML, like Gecko) Chrome/52.0.2743.82 Safari/537.36',NULL,NULL,NULL,NULL),
(752,'2018-07-30 18:27:47','USER_LOGIN',1,'2018-07-30 22:27:47',12,'(UserLogged,admin) - TZ=1;TZString=Europe/Paris;Screen=1920x937','127.0.0.1','Mozilla/5.0 (X11; Linux x86_64) AppleWebKit/537.36 (KHTML, like Gecko) Chrome/52.0.2743.82 Safari/537.36',NULL,NULL,NULL,NULL),
(753,'2018-07-30 19:00:00','USER_LOGOUT',1,'2018-07-30 23:00:00',12,'(UserLogoff,admin)','127.0.0.1','Mozilla/5.0 (X11; Linux x86_64) AppleWebKit/537.36 (KHTML, like Gecko) Chrome/52.0.2743.82 Safari/537.36',NULL,NULL,NULL,NULL),
(754,'2018-07-30 19:00:04','USER_LOGIN',1,'2018-07-30 23:00:04',2,'(UserLogged,demo) - TZ=1;TZString=Europe/Paris;Screen=1920x937','127.0.0.1','Mozilla/5.0 (X11; Linux x86_64) AppleWebKit/537.36 (KHTML, like Gecko) Chrome/52.0.2743.82 Safari/537.36',NULL,NULL,NULL,NULL),
(755,'2018-07-30 19:00:14','USER_LOGOUT',1,'2018-07-30 23:00:14',2,'(UserLogoff,demo)','127.0.0.1','Mozilla/5.0 (X11; Linux x86_64) AppleWebKit/537.36 (KHTML, like Gecko) Chrome/52.0.2743.82 Safari/537.36',NULL,NULL,NULL,NULL),
(756,'2018-07-30 19:00:19','USER_LOGIN',1,'2018-07-30 23:00:19',12,'(UserLogged,admin) - TZ=1;TZString=Europe/Paris;Screen=1920x937','127.0.0.1','Mozilla/5.0 (X11; Linux x86_64) AppleWebKit/537.36 (KHTML, like Gecko) Chrome/52.0.2743.82 Safari/537.36',NULL,NULL,NULL,NULL),
(757,'2018-07-30 19:00:43','USER_LOGOUT',1,'2018-07-30 23:00:43',12,'(UserLogoff,admin)','127.0.0.1','Mozilla/5.0 (X11; Linux x86_64) AppleWebKit/537.36 (KHTML, like Gecko) Chrome/52.0.2743.82 Safari/537.36',NULL,NULL,NULL,NULL),
(758,'2018-07-30 19:00:48','USER_LOGIN',1,'2018-07-30 23:00:48',2,'(UserLogged,demo) - TZ=1;TZString=Europe/Paris;Screen=1920x937','127.0.0.1','Mozilla/5.0 (X11; Linux x86_64) AppleWebKit/537.36 (KHTML, like Gecko) Chrome/52.0.2743.82 Safari/537.36',NULL,NULL,NULL,NULL),
(759,'2018-07-30 19:03:52','USER_LOGOUT',1,'2018-07-30 23:03:52',2,'(UserLogoff,demo)','127.0.0.1','Mozilla/5.0 (X11; Linux x86_64) AppleWebKit/537.36 (KHTML, like Gecko) Chrome/52.0.2743.82 Safari/537.36',NULL,NULL,NULL,NULL),
(760,'2018-07-30 19:03:57','USER_LOGIN_FAILED',1,'2018-07-30 23:03:57',NULL,'Bad value for login or password - login=admin','127.0.0.1','Mozilla/5.0 (X11; Linux x86_64) AppleWebKit/537.36 (KHTML, like Gecko) Chrome/52.0.2743.82 Safari/537.36',NULL,NULL,NULL,NULL),
(761,'2018-07-30 19:03:59','USER_LOGIN',1,'2018-07-30 23:03:59',12,'(UserLogged,admin) - TZ=1;TZString=Europe/Paris;Screen=1920x937','127.0.0.1','Mozilla/5.0 (X11; Linux x86_64) AppleWebKit/537.36 (KHTML, like Gecko) Chrome/52.0.2743.82 Safari/537.36',NULL,NULL,NULL,NULL),
(762,'2018-07-30 19:04:13','USER_LOGOUT',1,'2018-07-30 23:04:13',12,'(UserLogoff,admin)','127.0.0.1','Mozilla/5.0 (X11; Linux x86_64) AppleWebKit/537.36 (KHTML, like Gecko) Chrome/52.0.2743.82 Safari/537.36',NULL,NULL,NULL,NULL),
(763,'2018-07-30 19:04:17','USER_LOGIN',1,'2018-07-30 23:04:17',2,'(UserLogged,demo) - TZ=1;TZString=Europe/Paris;Screen=1920x937','127.0.0.1','Mozilla/5.0 (X11; Linux x86_64) AppleWebKit/537.36 (KHTML, like Gecko) Chrome/52.0.2743.82 Safari/537.36',NULL,NULL,NULL,NULL),
(764,'2018-07-30 19:04:26','USER_LOGOUT',1,'2018-07-30 23:04:26',2,'(UserLogoff,demo)','127.0.0.1','Mozilla/5.0 (X11; Linux x86_64) AppleWebKit/537.36 (KHTML, like Gecko) Chrome/52.0.2743.82 Safari/537.36',NULL,NULL,NULL,NULL),
(765,'2018-07-30 19:04:31','USER_LOGIN',1,'2018-07-30 23:04:31',12,'(UserLogged,admin) - TZ=1;TZString=Europe/Paris;Screen=1920x937','127.0.0.1','Mozilla/5.0 (X11; Linux x86_64) AppleWebKit/537.36 (KHTML, like Gecko) Chrome/52.0.2743.82 Safari/537.36',NULL,NULL,NULL,NULL),
(766,'2018-07-30 19:10:50','USER_LOGOUT',1,'2018-07-30 23:10:50',12,'(UserLogoff,admin)','127.0.0.1','Mozilla/5.0 (X11; Linux x86_64) AppleWebKit/537.36 (KHTML, like Gecko) Chrome/52.0.2743.82 Safari/537.36',NULL,NULL,NULL,NULL),
(767,'2018-07-30 19:10:54','USER_LOGIN',1,'2018-07-30 23:10:54',2,'(UserLogged,demo) - TZ=1;TZString=Europe/Paris;Screen=1920x937','127.0.0.1','Mozilla/5.0 (X11; Linux x86_64) AppleWebKit/537.36 (KHTML, like Gecko) Chrome/52.0.2743.82 Safari/537.36',NULL,NULL,NULL,NULL),
(768,'2018-07-31 10:15:52','USER_LOGIN',1,'2018-07-31 14:15:52',12,'(UserLogged,admin) - TZ=;TZString=;Screen=x','127.0.0.1','Lynx/2.8.8pre.4 libwww-FM/2.14 SSL-MM/1.4.1 GNUTLS/2.12.23',NULL,NULL,NULL,NULL),
(769,'2018-07-31 10:16:27','USER_LOGIN',1,'2018-07-31 14:16:27',12,'(UserLogged,admin) - TZ=1;TZString=Europe/Paris;Screen=1920x937','127.0.0.1','Mozilla/5.0 (X11; Linux x86_64) AppleWebKit/537.36 (KHTML, like Gecko) Chrome/52.0.2743.82 Safari/537.36',NULL,NULL,NULL,NULL),
(770,'2018-07-31 10:32:14','USER_LOGIN',1,'2018-07-31 14:32:14',12,'(UserLogged,admin) - TZ=;TZString=;Screen=x','127.0.0.1','Lynx/2.8.8pre.4 libwww-FM/2.14 SSL-MM/1.4.1 GNUTLS/2.12.23',NULL,NULL,NULL,NULL),
(771,'2018-07-31 10:36:28','USER_LOGIN',1,'2018-07-31 14:36:28',12,'(UserLogged,admin) - TZ=;TZString=;Screen=x','127.0.0.1','Links (2.8; Linux 3.19.0-46-generic x86_64; GNU C 4.8.2; text)',NULL,NULL,NULL,NULL),
(772,'2018-07-31 10:40:10','USER_LOGIN',1,'2018-07-31 14:40:10',12,'(UserLogged,admin) - TZ=;TZString=;Screen=x','127.0.0.1','Links (2.8; Linux 3.19.0-46-generic x86_64; GNU C 4.8.2; text)',NULL,NULL,NULL,NULL),
(773,'2018-07-31 10:54:16','USER_LOGIN',1,'2018-07-31 14:54:16',12,'(UserLogged,admin) - TZ=;TZString=;Screen=x','127.0.0.1','Lynx/2.8.8pre.4 libwww-FM/2.14 SSL-MM/1.4.1 GNUTLS/2.12.23',NULL,NULL,NULL,NULL),
(774,'2018-07-31 12:52:52','USER_LOGIN',1,'2018-07-31 16:52:52',12,'(UserLogged,admin) - TZ=1;TZString=Europe/Paris;Screen=1920x592','127.0.0.1','Mozilla/5.0 (X11; Linux x86_64) AppleWebKit/537.36 (KHTML, like Gecko) Chrome/52.0.2743.82 Safari/537.36',NULL,NULL,NULL,NULL),
(775,'2018-07-31 13:25:33','USER_LOGOUT',1,'2018-07-31 17:25:33',12,'(UserLogoff,admin)','127.0.0.1','Mozilla/5.0 (X11; Linux x86_64) AppleWebKit/537.36 (KHTML, like Gecko) Chrome/52.0.2743.82 Safari/537.36',NULL,NULL,NULL,NULL),
(776,'2018-07-31 13:26:32','USER_LOGIN',1,'2018-07-31 17:26:32',12,'(UserLogged,admin) - TZ=1;TZString=Europe/Paris;Screen=1280x751','127.0.0.1','Mozilla/5.0 (X11; Linux x86_64) AppleWebKit/537.36 (KHTML, like Gecko) Chrome/52.0.2743.82 Safari/537.36',NULL,NULL,NULL,NULL),
(777,'2018-07-31 14:13:57','USER_LOGOUT',1,'2018-07-31 18:13:57',12,'(UserLogoff,admin)','127.0.0.1','Mozilla/5.0 (X11; Linux x86_64) AppleWebKit/537.36 (KHTML, like Gecko) Chrome/52.0.2743.82 Safari/537.36',NULL,NULL,NULL,NULL),
(778,'2018-07-31 14:14:04','USER_LOGIN',1,'2018-07-31 18:14:04',12,'(UserLogged,admin) - TZ=1;TZString=Europe/Paris;Screen=1920x937','127.0.0.1','Mozilla/5.0 (X11; Linux x86_64) AppleWebKit/537.36 (KHTML, like Gecko) Chrome/52.0.2743.82 Safari/537.36',NULL,NULL,NULL,NULL),
(779,'2018-07-31 16:04:35','USER_LOGIN',1,'2018-07-31 20:04:34',12,'(UserLogged,admin) - TZ=1;TZString=Europe/Paris;Screen=1920x937','127.0.0.1','Mozilla/5.0 (X11; Linux x86_64) AppleWebKit/537.36 (KHTML, like Gecko) Chrome/52.0.2743.82 Safari/537.36',NULL,NULL,NULL,NULL),
(780,'2018-07-31 21:14:14','USER_LOGIN',1,'2018-08-01 01:14:14',12,'(UserLogged,admin) - TZ=1;TZString=Europe/Paris;Screen=1920x937','127.0.0.1','Mozilla/5.0 (X11; Linux x86_64) AppleWebKit/537.36 (KHTML, like Gecko) Chrome/52.0.2743.82 Safari/537.36',NULL,NULL,NULL,NULL),
(781,'2017-01-29 15:14:05','USER_LOGOUT',1,'2017-01-29 19:14:05',12,'(UserLogoff,admin)','127.0.0.1','Mozilla/5.0 (X11; Linux x86_64) AppleWebKit/537.36 (KHTML, like Gecko) Chrome/55.0.2883.87 Safari/537.36',NULL,NULL,NULL,NULL),
(782,'2017-01-29 15:34:43','USER_LOGIN',1,'2017-01-29 19:34:43',12,'(UserLogged,admin) - TZ=1;TZString=Europe/Paris;Screen=1920x571','192.168.0.254','Mozilla/5.0 (X11; Linux x86_64) AppleWebKit/537.36 (KHTML, like Gecko) Chrome/55.0.2883.87 Safari/537.36',NULL,NULL,NULL,NULL),
(783,'2017-01-29 15:35:04','USER_LOGOUT',1,'2017-01-29 19:35:04',12,'(UserLogoff,admin)','192.168.0.254','Mozilla/5.0 (X11; Linux x86_64) AppleWebKit/537.36 (KHTML, like Gecko) Chrome/55.0.2883.87 Safari/537.36',NULL,NULL,NULL,NULL),
(784,'2017-01-29 15:35:12','USER_LOGIN',1,'2017-01-29 19:35:12',12,'(UserLogged,admin) - TZ=1;TZString=Europe/Paris;Screen=1920x937','192.168.0.254','Mozilla/5.0 (X11; Linux x86_64) AppleWebKit/537.36 (KHTML, like Gecko) Chrome/55.0.2883.87 Safari/537.36',NULL,NULL,NULL,NULL),
(785,'2017-01-29 15:36:43','USER_LOGOUT',1,'2017-01-29 19:36:43',12,'(UserLogoff,admin)','192.168.0.254','Mozilla/5.0 (X11; Linux x86_64) AppleWebKit/537.36 (KHTML, like Gecko) Chrome/55.0.2883.87 Safari/537.36',NULL,NULL,NULL,NULL),
(786,'2017-01-29 15:41:21','USER_LOGIN',1,'2017-01-29 19:41:21',12,'(UserLogged,admin) - TZ=1;TZString=Europe/Paris;Screen=1920x571','192.168.0.254','Mozilla/5.0 (X11; Linux x86_64) AppleWebKit/537.36 (KHTML, like Gecko) Chrome/55.0.2883.87 Safari/537.36',NULL,NULL,NULL,NULL),
(787,'2017-01-29 15:41:41','USER_LOGOUT',1,'2017-01-29 19:41:41',12,'(UserLogoff,admin)','192.168.0.254','Mozilla/5.0 (X11; Linux x86_64) AppleWebKit/537.36 (KHTML, like Gecko) Chrome/55.0.2883.87 Safari/537.36',NULL,NULL,NULL,NULL),
(788,'2017-01-29 15:42:43','USER_LOGIN',1,'2017-01-29 19:42:43',12,'(UserLogged,admin) - TZ=1;TZString=Europe/Paris;Screen=1920x571','192.168.0.254','Mozilla/5.0 (X11; Linux x86_64) AppleWebKit/537.36 (KHTML, like Gecko) Chrome/55.0.2883.87 Safari/537.36',NULL,NULL,NULL,NULL),
(789,'2017-01-29 15:43:18','USER_LOGOUT',1,'2017-01-29 19:43:18',12,'(UserLogoff,admin)','192.168.0.254','Mozilla/5.0 (X11; Linux x86_64) AppleWebKit/537.36 (KHTML, like Gecko) Chrome/55.0.2883.87 Safari/537.36',NULL,NULL,NULL,NULL),
(790,'2017-01-29 15:46:31','USER_LOGIN',1,'2017-01-29 19:46:31',12,'(UserLogged,admin) - TZ=1;TZString=Europe/Paris;Screen=1920x571','192.168.0.254','Mozilla/5.0 (X11; Linux x86_64) AppleWebKit/537.36 (KHTML, like Gecko) Chrome/55.0.2883.87 Safari/537.36',NULL,NULL,NULL,NULL),
(791,'2017-01-29 16:18:56','USER_LOGIN',1,'2017-01-29 20:18:56',12,'(UserLogged,admin) - TZ=1;TZString=Europe/Berlin;Screen=360x526','192.168.0.254','Mozilla/5.0 (Linux; Android 6.0; LG-H818 Build/MRA58K; wv) AppleWebKit/537.36 (KHTML, like Gecko) Version/4.0 Chrome/55.0.2883.91 Mobile Safari/537.36 - DoliDroid - Android client pour Dolibarr ERP-CRM',NULL,NULL,NULL,NULL),
(792,'2017-01-29 17:20:59','USER_LOGIN',1,'2017-01-29 21:20:59',12,'(UserLogged,admin) - TZ=1;TZString=Europe/Paris;Screen=1920x937','127.0.0.1','Mozilla/5.0 (X11; Linux x86_64) AppleWebKit/537.36 (KHTML, like Gecko) Chrome/55.0.2883.87 Safari/537.36',NULL,NULL,NULL,NULL),
(793,'2017-01-30 11:19:40','USER_LOGIN',1,'2017-01-30 15:19:40',12,'(UserLogged,admin) - TZ=1;TZString=Europe/Paris;Screen=1920x937','127.0.0.1','Mozilla/5.0 (X11; Linux x86_64) AppleWebKit/537.36 (KHTML, like Gecko) Chrome/55.0.2883.87 Safari/537.36',NULL,NULL,NULL,NULL),
(794,'2017-01-31 16:49:39','USER_LOGIN',1,'2017-01-31 20:49:39',12,'(UserLogged,admin) - TZ=1;TZString=Europe/Paris;Screen=1920x520','127.0.0.1','Mozilla/5.0 (X11; Linux x86_64) AppleWebKit/537.36 (KHTML, like Gecko) Chrome/55.0.2883.87 Safari/537.36',NULL,NULL,NULL,NULL),
(795,'2017-02-01 10:55:23','USER_LOGIN',1,'2017-02-01 14:55:23',12,'(UserLogged,admin) - TZ=1;TZString=Europe/Paris;Screen=1920x937','127.0.0.1','Mozilla/5.0 (X11; Linux x86_64) AppleWebKit/537.36 (KHTML, like Gecko) Chrome/55.0.2883.87 Safari/537.36',NULL,NULL,NULL,NULL),
(796,'2017-02-01 13:34:31','USER_LOGIN',1,'2017-02-01 17:34:31',12,'(UserLogged,admin) - TZ=1;TZString=Europe/Paris;Screen=1920x937','127.0.0.1','Mozilla/5.0 (X11; Linux x86_64) AppleWebKit/537.36 (KHTML, like Gecko) Chrome/55.0.2883.87 Safari/537.36',NULL,NULL,NULL,NULL),
(797,'2017-02-01 14:41:26','USER_LOGIN',1,'2017-02-01 18:41:26',12,'(UserLogged,admin) - TZ=1;TZString=Europe/Paris;Screen=1920x937','127.0.0.1','Mozilla/5.0 (X11; Linux x86_64) AppleWebKit/537.36 (KHTML, like Gecko) Chrome/55.0.2883.87 Safari/537.36',NULL,NULL,NULL,NULL),
(798,'2017-02-01 23:51:48','USER_LOGIN_FAILED',1,'2017-02-02 03:51:48',NULL,'Bad value for login or password - login=autologin','127.0.0.1','Mozilla/5.0 (X11; Linux x86_64) AppleWebKit/537.36 (KHTML, like Gecko) Chrome/55.0.2883.87 Safari/537.36',NULL,NULL,NULL,NULL),
(799,'2017-02-01 23:52:55','USER_LOGIN',1,'2017-02-02 03:52:55',12,'(UserLogged,admin) - TZ=1;TZString=Europe/Paris;Screen=1920x937','127.0.0.1','Mozilla/5.0 (X11; Linux x86_64) AppleWebKit/537.36 (KHTML, like Gecko) Chrome/55.0.2883.87 Safari/537.36',NULL,NULL,NULL,NULL),
(800,'2017-02-01 23:55:45','USER_CREATE',1,'2017-02-02 03:55:45',12,'User aboston created','127.0.0.1','Mozilla/5.0 (X11; Linux x86_64) AppleWebKit/537.36 (KHTML, like Gecko) Chrome/55.0.2883.87 Safari/537.36',NULL,NULL,NULL,NULL),
(801,'2017-02-01 23:55:45','USER_NEW_PASSWORD',1,'2017-02-02 03:55:45',12,'Password change for aboston','127.0.0.1','Mozilla/5.0 (X11; Linux x86_64) AppleWebKit/537.36 (KHTML, like Gecko) Chrome/55.0.2883.87 Safari/537.36',NULL,NULL,NULL,NULL),
(802,'2017-02-01 23:56:38','USER_MODIFY',1,'2017-02-02 03:56:38',12,'User aboston modified','127.0.0.1','Mozilla/5.0 (X11; Linux x86_64) AppleWebKit/537.36 (KHTML, like Gecko) Chrome/55.0.2883.87 Safari/537.36',NULL,NULL,NULL,NULL),
(803,'2017-02-01 23:56:50','USER_MODIFY',1,'2017-02-02 03:56:50',12,'User aboston modified','127.0.0.1','Mozilla/5.0 (X11; Linux x86_64) AppleWebKit/537.36 (KHTML, like Gecko) Chrome/55.0.2883.87 Safari/537.36',NULL,NULL,NULL,NULL),
(804,'2017-02-02 01:14:44','USER_LOGIN',1,'2017-02-02 05:14:44',12,'(UserLogged,admin) - TZ=1;TZString=Europe/Paris;Screen=1920x937','127.0.0.1','Mozilla/5.0 (X11; Linux x86_64) AppleWebKit/537.36 (KHTML, like Gecko) Chrome/55.0.2883.87 Safari/537.36',NULL,NULL,NULL,NULL),
(805,'2017-02-03 10:27:18','USER_LOGIN',1,'2017-02-03 14:27:18',12,'(UserLogged,admin) - TZ=1;TZString=Europe/Paris;Screen=1920x937','127.0.0.1','Mozilla/5.0 (X11; Linux x86_64) AppleWebKit/537.36 (KHTML, like Gecko) Chrome/56.0.2924.87 Safari/537.36',NULL,NULL,NULL,NULL),
(806,'2017-02-04 10:22:34','USER_LOGIN',1,'2017-02-04 14:22:34',12,'(UserLogged,admin) - TZ=1;TZString=Europe/Paris;Screen=1920x489','127.0.0.1','Mozilla/5.0 (X11; Linux x86_64) AppleWebKit/537.36 (KHTML, like Gecko) Chrome/56.0.2924.87 Safari/537.36',NULL,NULL,NULL,NULL),
(807,'2017-02-06 04:01:31','USER_LOGIN',1,'2017-02-06 08:01:31',12,'(UserLogged,admin) - TZ=1;TZString=Europe/Paris;Screen=1920x937','127.0.0.1','Mozilla/5.0 (X11; Linux x86_64) AppleWebKit/537.36 (KHTML, like Gecko) Chrome/56.0.2924.87 Safari/537.36',NULL,NULL,NULL,NULL),
(808,'2017-02-06 10:21:32','USER_LOGIN',1,'2017-02-06 14:21:32',12,'(UserLogged,admin) - TZ=1;TZString=Europe/Paris;Screen=1920x937','127.0.0.1','Mozilla/5.0 (X11; Linux x86_64) AppleWebKit/537.36 (KHTML, like Gecko) Chrome/56.0.2924.87 Safari/537.36',NULL,NULL,NULL,NULL),
(809,'2017-02-06 19:09:27','USER_LOGIN',1,'2017-02-06 23:09:27',12,'(UserLogged,admin) - TZ=1;TZString=Europe/Paris;Screen=1920x937','127.0.0.1','Mozilla/5.0 (X11; Linux x86_64) AppleWebKit/537.36 (KHTML, like Gecko) Chrome/56.0.2924.87 Safari/537.36',NULL,NULL,NULL,NULL),
(810,'2017-02-06 23:39:17','USER_LOGIN',1,'2017-02-07 03:39:17',12,'(UserLogged,admin) - TZ=1;TZString=Europe/Paris;Screen=1920x937','127.0.0.1','Mozilla/5.0 (X11; Linux x86_64) AppleWebKit/537.36 (KHTML, like Gecko) Chrome/56.0.2924.87 Safari/537.36',NULL,NULL,NULL,NULL),
(811,'2017-02-07 11:36:34','USER_LOGIN',1,'2017-02-07 15:36:34',12,'(UserLogged,admin) - TZ=1;TZString=Europe/Paris;Screen=1920x676','127.0.0.1','Mozilla/5.0 (X11; Linux x86_64) AppleWebKit/537.36 (KHTML, like Gecko) Chrome/56.0.2924.87 Safari/537.36',NULL,NULL,NULL,NULL),
(812,'2017-02-07 18:51:53','USER_LOGIN',1,'2017-02-07 22:51:53',12,'(UserLogged,admin) - TZ=1;TZString=Europe/Paris;Screen=1920x937','127.0.0.1','Mozilla/5.0 (X11; Linux x86_64) AppleWebKit/537.36 (KHTML, like Gecko) Chrome/56.0.2924.87 Safari/537.36',NULL,NULL,NULL,NULL),
(813,'2017-02-07 23:13:40','USER_LOGIN',1,'2017-02-08 03:13:40',12,'(UserLogged,admin) - TZ=1;TZString=Europe/Paris;Screen=1920x937','127.0.0.1','Mozilla/5.0 (X11; Linux x86_64) AppleWebKit/537.36 (KHTML, like Gecko) Chrome/56.0.2924.87 Safari/537.36',NULL,NULL,NULL,NULL),
(814,'2017-02-08 09:29:12','USER_LOGIN',1,'2017-02-08 13:29:12',12,'(UserLogged,admin) - TZ=1;TZString=Europe/Paris;Screen=1920x937','127.0.0.1','Mozilla/5.0 (X11; Linux x86_64) AppleWebKit/537.36 (KHTML, like Gecko) Chrome/56.0.2924.87 Safari/537.36',NULL,NULL,NULL,NULL),
(815,'2017-02-08 17:33:12','USER_LOGIN',1,'2017-02-08 21:33:12',12,'(UserLogged,admin) - TZ=1;TZString=Europe/Paris;Screen=1920x937','127.0.0.1','Mozilla/5.0 (X11; Linux x86_64) AppleWebKit/537.36 (KHTML, like Gecko) Chrome/56.0.2924.87 Safari/537.36',NULL,NULL,NULL,NULL),
(816,'2017-02-09 17:30:34','USER_LOGIN',1,'2017-02-09 21:30:34',12,'(UserLogged,admin) - TZ=1;TZString=Europe/Paris;Screen=1920x937','127.0.0.1','Mozilla/5.0 (X11; Linux x86_64) AppleWebKit/537.36 (KHTML, like Gecko) Chrome/56.0.2924.87 Safari/537.36',NULL,NULL,NULL,NULL),
(817,'2017-02-10 09:30:02','USER_LOGIN',1,'2017-02-10 13:30:02',12,'(UserLogged,admin) - TZ=1;TZString=Europe/Paris;Screen=1920x937','127.0.0.1','Mozilla/5.0 (X11; Linux x86_64) AppleWebKit/537.36 (KHTML, like Gecko) Chrome/56.0.2924.87 Safari/537.36',NULL,NULL,NULL,NULL),
(818,'2017-02-10 16:16:14','USER_LOGIN',1,'2017-02-10 20:16:14',12,'(UserLogged,admin) - TZ=1;TZString=Europe/Paris;Screen=1920x937','127.0.0.1','Mozilla/5.0 (X11; Linux x86_64) AppleWebKit/537.36 (KHTML, like Gecko) Chrome/56.0.2924.87 Safari/537.36',NULL,NULL,NULL,NULL),
(819,'2017-02-10 17:28:15','USER_LOGIN',1,'2017-02-10 21:28:15',12,'(UserLogged,admin) - TZ=1;TZString=Europe/Paris;Screen=1920x937','127.0.0.1','Mozilla/5.0 (X11; Linux x86_64) AppleWebKit/537.36 (KHTML, like Gecko) Chrome/56.0.2924.87 Safari/537.36',NULL,NULL,NULL,NULL),
(820,'2017-02-11 12:54:03','USER_LOGIN',1,'2017-02-11 16:54:03',12,'(UserLogged,admin) - TZ=1;TZString=Europe/Paris;Screen=1920x937','127.0.0.1','Mozilla/5.0 (X11; Linux x86_64) AppleWebKit/537.36 (KHTML, like Gecko) Chrome/56.0.2924.87 Safari/537.36',NULL,NULL,NULL,NULL),
(821,'2017-02-11 17:23:52','USER_LOGIN',1,'2017-02-11 21:23:52',12,'(UserLogged,admin) - TZ=1;TZString=Europe/Paris;Screen=1920x937','127.0.0.1','Mozilla/5.0 (X11; Linux x86_64) AppleWebKit/537.36 (KHTML, like Gecko) Chrome/56.0.2924.87 Safari/537.36',NULL,NULL,NULL,NULL),
(822,'2017-02-12 12:44:03','USER_LOGIN',1,'2017-02-12 16:44:03',12,'(UserLogged,admin) - TZ=1;TZString=Europe/Paris;Screen=1920x937','127.0.0.1','Mozilla/5.0 (X11; Linux x86_64) AppleWebKit/537.36 (KHTML, like Gecko) Chrome/56.0.2924.87 Safari/537.36',NULL,NULL,NULL,NULL),
(823,'2017-02-12 16:42:13','USER_LOGIN',1,'2017-02-12 20:42:13',12,'(UserLogged,admin) - TZ=1;TZString=Europe/Paris;Screen=1920x937','127.0.0.1','Mozilla/5.0 (X11; Linux x86_64) AppleWebKit/537.36 (KHTML, like Gecko) Chrome/56.0.2924.87 Safari/537.36',NULL,NULL,NULL,NULL),
(824,'2017-02-12 19:14:18','USER_LOGIN',1,'2017-02-12 23:14:18',12,'(UserLogged,admin) - TZ=1;TZString=Europe/Paris;Screen=1920x937','127.0.0.1','Mozilla/5.0 (X11; Linux x86_64) AppleWebKit/537.36 (KHTML, like Gecko) Chrome/56.0.2924.87 Safari/537.36',NULL,NULL,NULL,NULL),
(825,'2017-02-15 17:17:00','USER_LOGIN',1,'2017-02-15 21:17:00',12,'(UserLogged,admin) - TZ=1;TZString=Europe/Paris;Screen=1920x937','127.0.0.1','Mozilla/5.0 (X11; Linux x86_64) AppleWebKit/537.36 (KHTML, like Gecko) Chrome/56.0.2924.87 Safari/537.36',NULL,NULL,NULL,NULL),
(826,'2017-02-15 22:02:40','USER_LOGIN',1,'2017-02-16 02:02:40',12,'(UserLogged,admin) - TZ=1;TZString=Europe/Paris;Screen=1920x937','127.0.0.1','Mozilla/5.0 (X11; Linux x86_64) AppleWebKit/537.36 (KHTML, like Gecko) Chrome/56.0.2924.87 Safari/537.36',NULL,NULL,NULL,NULL),
(827,'2017-02-16 22:13:27','USER_LOGIN',1,'2017-02-17 02:13:27',12,'(UserLogged,admin) - TZ=1;TZString=Europe/Paris;Screen=1920x619','127.0.0.1','Mozilla/5.0 (X11; Linux x86_64) AppleWebKit/537.36 (KHTML, like Gecko) Chrome/56.0.2924.87 Safari/537.36',NULL,NULL,NULL,NULL),
(828,'2017-02-16 23:54:04','USER_LOGIN',1,'2017-02-17 03:54:04',12,'(UserLogged,admin) - TZ=1;TZString=Europe/Paris;Screen=1920x937','127.0.0.1','Mozilla/5.0 (X11; Linux x86_64) AppleWebKit/537.36 (KHTML, like Gecko) Chrome/56.0.2924.87 Safari/537.36',NULL,NULL,NULL,NULL),
(829,'2017-02-17 09:14:27','USER_LOGIN',1,'2017-02-17 13:14:27',12,'(UserLogged,admin) - TZ=1;TZString=Europe/Paris;Screen=1920x937','127.0.0.1','Mozilla/5.0 (X11; Linux x86_64) AppleWebKit/537.36 (KHTML, like Gecko) Chrome/56.0.2924.87 Safari/537.36',NULL,NULL,NULL,NULL),
(830,'2017-02-17 12:07:05','USER_LOGIN',1,'2017-02-17 16:07:05',12,'(UserLogged,admin) - TZ=1;TZString=Europe/Paris;Screen=1920x937','127.0.0.1','Mozilla/5.0 (X11; Linux x86_64) AppleWebKit/537.36 (KHTML, like Gecko) Chrome/56.0.2924.87 Safari/537.36',NULL,NULL,NULL,NULL),
(831,'2017-02-19 21:22:20','USER_LOGIN',1,'2017-02-20 01:22:20',12,'(UserLogged,admin) - TZ=1;TZString=Europe/Paris;Screen=1920x937','127.0.0.1','Mozilla/5.0 (X11; Linux x86_64) AppleWebKit/537.36 (KHTML, like Gecko) Chrome/56.0.2924.87 Safari/537.36',NULL,NULL,NULL,NULL),
(832,'2017-02-20 09:26:47','USER_LOGIN',1,'2017-02-20 13:26:47',12,'(UserLogged,admin) - TZ=1;TZString=Europe/Paris;Screen=1920x937','127.0.0.1','Mozilla/5.0 (X11; Linux x86_64) AppleWebKit/537.36 (KHTML, like Gecko) Chrome/56.0.2924.87 Safari/537.36',NULL,NULL,NULL,NULL),
(833,'2017-02-20 16:39:55','USER_LOGIN',1,'2017-02-20 20:39:55',12,'(UserLogged,admin) - TZ=1;TZString=Europe/Paris;Screen=1920x937','127.0.0.1','Mozilla/5.0 (X11; Linux x86_64) AppleWebKit/537.36 (KHTML, like Gecko) Chrome/56.0.2924.87 Safari/537.36',NULL,NULL,NULL,NULL),
(834,'2017-02-20 16:49:00','USER_MODIFY',1,'2017-02-20 20:49:00',12,'Modification utilisateur ccommerson','127.0.0.1','Mozilla/5.0 (X11; Linux x86_64) AppleWebKit/537.36 (KHTML, like Gecko) Chrome/56.0.2924.87 Safari/537.36',NULL,NULL,NULL,NULL),
(835,'2017-02-20 17:57:15','USER_LOGIN',1,'2017-02-20 21:57:14',12,'(UserLogged,admin) - TZ=1;TZString=Europe/Paris;Screen=1920x937','127.0.0.1','Mozilla/5.0 (X11; Linux x86_64) AppleWebKit/537.36 (KHTML, like Gecko) Chrome/56.0.2924.87 Safari/537.36',NULL,NULL,NULL,NULL),
(836,'2017-02-20 19:43:48','USER_LOGIN',1,'2017-02-20 23:43:48',12,'(UserLogged,admin) - TZ=1;TZString=Europe/Paris;Screen=1920x937','127.0.0.1','Mozilla/5.0 (X11; Linux x86_64) AppleWebKit/537.36 (KHTML, like Gecko) Chrome/56.0.2924.87 Safari/537.36',NULL,NULL,NULL,NULL),
(837,'2017-02-21 00:04:05','USER_LOGIN',1,'2017-02-21 04:04:05',12,'(UserLogged,admin) - TZ=1;TZString=Europe/Paris;Screen=1920x937','127.0.0.1','Mozilla/5.0 (X11; Linux x86_64) AppleWebKit/537.36 (KHTML, like Gecko) Chrome/56.0.2924.87 Safari/537.36',NULL,NULL,NULL,NULL),
(838,'2017-02-21 10:23:13','USER_LOGIN',1,'2017-02-21 14:23:13',12,'(UserLogged,admin) - TZ=1;TZString=Europe/Paris;Screen=1920x937','127.0.0.1','Mozilla/5.0 (X11; Linux x86_64) AppleWebKit/537.36 (KHTML, like Gecko) Chrome/56.0.2924.87 Safari/537.36',NULL,NULL,NULL,NULL),
(839,'2017-02-21 10:30:17','USER_LOGOUT',1,'2017-02-21 14:30:17',12,'(UserLogoff,admin)','127.0.0.1','Mozilla/5.0 (X11; Linux x86_64) AppleWebKit/537.36 (KHTML, like Gecko) Chrome/56.0.2924.87 Safari/537.36',NULL,NULL,NULL,NULL),
(840,'2017-02-21 10:30:22','USER_LOGIN',1,'2017-02-21 14:30:22',12,'(UserLogged,admin) - TZ=1;TZString=Europe/Paris;Screen=1920x937','127.0.0.1','Mozilla/5.0 (X11; Linux x86_64) AppleWebKit/537.36 (KHTML, like Gecko) Chrome/56.0.2924.87 Safari/537.36',NULL,NULL,NULL,NULL),
(841,'2017-02-21 11:44:05','USER_LOGIN',1,'2017-02-21 15:44:05',12,'(UserLogged,admin) - TZ=1;TZString=Europe/Paris;Screen=1920x937','127.0.0.1','Mozilla/5.0 (X11; Linux x86_64) AppleWebKit/537.36 (KHTML, like Gecko) Chrome/56.0.2924.87 Safari/537.36',NULL,NULL,NULL,NULL),
(842,'2017-05-12 09:02:48','USER_LOGIN',1,'2017-05-12 13:02:48',12,'(UserLogged,admin) - TZ=1;TZString=Europe/Paris;Screen=1920x937','127.0.0.1','Mozilla/5.0 (X11; Linux x86_64) AppleWebKit/537.36 (KHTML, like Gecko) Chrome/58.0.3029.96 Safari/537.36',NULL,NULL,NULL,NULL),
(843,'2017-08-27 13:29:16','USER_LOGIN',1,'2017-08-27 17:29:16',12,'(UserLogged,admin) - TZ=;TZString=;Screen=x','127.0.0.1','Mozilla/5.0 (X11; Linux x86_64) AppleWebKit/537.36 (KHTML, like Gecko) Chrome/60.0.3112.101 Safari/537.36',NULL,NULL,NULL,NULL),
(844,'2017-08-28 09:11:07','USER_LOGIN',1,'2017-08-28 13:11:07',12,'(UserLogged,admin) - TZ=;TZString=;Screen=x','127.0.0.1','Mozilla/5.0 (X11; Linux x86_64) AppleWebKit/537.36 (KHTML, like Gecko) Chrome/60.0.3112.101 Safari/537.36',NULL,NULL,NULL,NULL),
(845,'2017-08-28 10:08:58','USER_LOGIN',1,'2017-08-28 14:08:58',12,'(UserLogged,admin) - TZ=;TZString=;Screen=x','127.0.0.1','Mozilla/5.0 (X11; Linux x86_64) AppleWebKit/537.36 (KHTML, like Gecko) Chrome/60.0.3112.101 Safari/537.36',NULL,NULL,NULL,NULL),
(846,'2017-08-28 10:12:46','USER_MODIFY',1,'2017-08-28 14:12:46',12,'User admin modified','127.0.0.1','Mozilla/5.0 (X11; Linux x86_64) AppleWebKit/537.36 (KHTML, like Gecko) Chrome/60.0.3112.101 Safari/537.36',NULL,NULL,NULL,NULL),
(847,'2017-08-28 10:28:25','USER_LOGIN',1,'2017-08-28 14:28:25',12,'(UserLogged,admin) - TZ=1;TZString=Europe/Paris;Screen=1920x937','127.0.0.1','Mozilla/5.0 (X11; Linux x86_64) AppleWebKit/537.36 (KHTML, like Gecko) Chrome/60.0.3112.101 Safari/537.36',NULL,NULL,NULL,NULL),
(848,'2017-08-28 10:28:36','USER_LOGOUT',1,'2017-08-28 14:28:36',12,'(UserLogoff,admin)','127.0.0.1','Mozilla/5.0 (X11; Linux x86_64) AppleWebKit/537.36 (KHTML, like Gecko) Chrome/60.0.3112.101 Safari/537.36',NULL,NULL,NULL,NULL),
(849,'2017-08-28 10:34:50','USER_LOGIN',1,'2017-08-28 14:34:50',12,'(UserLogged,admin) - TZ=1;TZString=Europe/Paris;Screen=1920x937','127.0.0.1','Mozilla/5.0 (X11; Linux x86_64) AppleWebKit/537.36 (KHTML, like Gecko) Chrome/60.0.3112.101 Safari/537.36',NULL,NULL,NULL,NULL),
(850,'2017-08-28 11:59:02','USER_LOGIN',1,'2017-08-28 15:59:02',12,'(UserLogged,admin) - TZ=1;TZString=Europe/Paris;Screen=1920x937','127.0.0.1','Mozilla/5.0 (X11; Linux x86_64) AppleWebKit/537.36 (KHTML, like Gecko) Chrome/60.0.3112.101 Safari/537.36',NULL,NULL,NULL,NULL),
(851,'2017-08-29 09:57:34','USER_LOGIN',1,'2017-08-29 13:57:34',12,'(UserLogged,admin) - TZ=1;TZString=Europe/Paris;Screen=1920x937','127.0.0.1','Mozilla/5.0 (X11; Linux x86_64) AppleWebKit/537.36 (KHTML, like Gecko) Chrome/60.0.3112.113 Safari/537.36',NULL,NULL,NULL,NULL),
(852,'2017-08-29 11:05:51','USER_LOGIN',1,'2017-08-29 15:05:51',12,'(UserLogged,admin) - TZ=1;TZString=Europe/Paris;Screen=1920x937','127.0.0.1','Mozilla/5.0 (X11; Linux x86_64) AppleWebKit/537.36 (KHTML, like Gecko) Chrome/60.0.3112.113 Safari/537.36',NULL,NULL,NULL,NULL),
(853,'2017-08-29 14:15:58','USER_LOGIN',1,'2017-08-29 18:15:58',12,'(UserLogged,admin) - TZ=1;TZString=Europe/Paris;Screen=1920x937','127.0.0.1','Mozilla/5.0 (X11; Linux x86_64) AppleWebKit/537.36 (KHTML, like Gecko) Chrome/60.0.3112.113 Safari/537.36',NULL,NULL,NULL,NULL),
(854,'2017-08-29 17:49:28','USER_LOGIN',1,'2017-08-29 21:49:28',12,'(UserLogged,admin) - TZ=1;TZString=Europe/Paris;Screen=1920x937','127.0.0.1','Mozilla/5.0 (X11; Linux x86_64) AppleWebKit/537.36 (KHTML, like Gecko) Chrome/60.0.3112.113 Safari/537.36',NULL,NULL,NULL,NULL),
(855,'2017-08-30 11:53:25','USER_LOGIN',1,'2017-08-30 15:53:25',18,'(UserLogged,ldestailleur) - TZ=1;TZString=Europe/Paris;Screen=1920x937','127.0.0.1','Mozilla/5.0 (X11; Linux x86_64) AppleWebKit/537.36 (KHTML, like Gecko) Chrome/60.0.3112.113 Safari/537.36',NULL,NULL,NULL,NULL),
(856,'2017-08-30 12:19:31','USER_MODIFY',1,'2017-08-30 16:19:31',18,'Modification utilisateur ldestailleur - UserRemovedFromGroup','127.0.0.1','Mozilla/5.0 (X11; Linux x86_64) AppleWebKit/537.36 (KHTML, like Gecko) Chrome/60.0.3112.113 Safari/537.36',NULL,NULL,NULL,NULL),
(857,'2017-08-30 12:19:32','USER_MODIFY',1,'2017-08-30 16:19:32',18,'Modification utilisateur ldestailleur - UserRemovedFromGroup','127.0.0.1','Mozilla/5.0 (X11; Linux x86_64) AppleWebKit/537.36 (KHTML, like Gecko) Chrome/60.0.3112.113 Safari/537.36',NULL,NULL,NULL,NULL),
(858,'2017-08-30 12:19:33','USER_MODIFY',1,'2017-08-30 16:19:33',18,'Modification utilisateur ldestailleur - UserRemovedFromGroup','127.0.0.1','Mozilla/5.0 (X11; Linux x86_64) AppleWebKit/537.36 (KHTML, like Gecko) Chrome/60.0.3112.113 Safari/537.36',NULL,NULL,NULL,NULL),
(859,'2017-08-30 12:21:42','USER_LOGOUT',1,'2017-08-30 16:21:42',18,'(UserLogoff,ldestailleur)','127.0.0.1','Mozilla/5.0 (X11; Linux x86_64) AppleWebKit/537.36 (KHTML, like Gecko) Chrome/60.0.3112.113 Safari/537.36',NULL,NULL,NULL,NULL),
(860,'2017-08-30 12:21:48','USER_LOGIN',1,'2017-08-30 16:21:48',12,'(UserLogged,admin) - TZ=1;TZString=Europe/Paris;Screen=1920x937','127.0.0.1','Mozilla/5.0 (X11; Linux x86_64) AppleWebKit/537.36 (KHTML, like Gecko) Chrome/60.0.3112.113 Safari/537.36',NULL,NULL,NULL,NULL),
(861,'2017-08-30 15:02:06','USER_LOGIN',1,'2017-08-30 19:02:06',12,'(UserLogged,admin) - TZ=1;TZString=Europe/Paris;Screen=1920x937','127.0.0.1','Mozilla/5.0 (X11; Linux x86_64) AppleWebKit/537.36 (KHTML, like Gecko) Chrome/60.0.3112.113 Safari/537.36',NULL,NULL,NULL,NULL),
(862,'2017-08-31 09:25:42','USER_LOGIN',1,'2017-08-31 13:25:42',12,'(UserLogged,admin) - TZ=1;TZString=Europe/Paris;Screen=1920x937','127.0.0.1','Mozilla/5.0 (X11; Linux x86_64) AppleWebKit/537.36 (KHTML, like Gecko) Chrome/60.0.3112.113 Safari/537.36',NULL,NULL,NULL,NULL),
(863,'2017-09-04 07:51:21','USER_LOGIN',1,'2017-09-04 11:51:21',12,'(UserLogged,admin) - TZ=1;TZString=Europe/Paris;Screen=1920x577','127.0.0.1','Mozilla/5.0 (X11; Linux x86_64) AppleWebKit/537.36 (KHTML, like Gecko) Chrome/60.0.3112.113 Safari/537.36',NULL,NULL,NULL,NULL),
(864,'2017-09-04 09:17:09','USER_LOGIN',1,'2017-09-04 13:17:09',12,'(UserLogged,admin) - TZ=1;TZString=Europe/Paris;Screen=1920x937','127.0.0.1','Mozilla/5.0 (X11; Linux x86_64) AppleWebKit/537.36 (KHTML, like Gecko) Chrome/60.0.3112.113 Safari/537.36',NULL,NULL,NULL,NULL),
(865,'2017-09-04 13:40:28','USER_LOGIN',1,'2017-09-04 17:40:28',12,'(UserLogged,admin) - TZ=1;TZString=Europe/Paris;Screen=1920x937','127.0.0.1','Mozilla/5.0 (X11; Linux x86_64) AppleWebKit/537.36 (KHTML, like Gecko) Chrome/60.0.3112.113 Safari/537.36',NULL,NULL,NULL,NULL),
(866,'2017-09-06 07:55:30','USER_LOGIN',1,'2017-09-06 11:55:30',18,'(UserLogged,ldestailleur) - TZ=1;TZString=Europe/Paris;Screen=1920x937','127.0.0.1','Mozilla/5.0 (X11; Linux x86_64) AppleWebKit/537.36 (KHTML, like Gecko) Chrome/60.0.3112.113 Safari/537.36',NULL,NULL,NULL,NULL),
(867,'2017-09-06 07:55:33','USER_LOGOUT',1,'2017-09-06 11:55:33',18,'(UserLogoff,ldestailleur)','127.0.0.1','Mozilla/5.0 (X11; Linux x86_64) AppleWebKit/537.36 (KHTML, like Gecko) Chrome/60.0.3112.113 Safari/537.36',NULL,NULL,NULL,NULL),
(868,'2017-09-06 07:55:38','USER_LOGIN',1,'2017-09-06 11:55:38',12,'(UserLogged,admin) - TZ=1;TZString=Europe/Paris;Screen=1920x937','127.0.0.1','Mozilla/5.0 (X11; Linux x86_64) AppleWebKit/537.36 (KHTML, like Gecko) Chrome/60.0.3112.113 Safari/537.36',NULL,NULL,NULL,NULL),
(869,'2017-09-06 16:03:38','USER_LOGIN',1,'2017-09-06 20:03:38',12,'(UserLogged,admin) - TZ=1;TZString=Europe/Paris;Screen=1920x937','127.0.0.1','Mozilla/5.0 (X11; Linux x86_64) AppleWebKit/537.36 (KHTML, like Gecko) Chrome/60.0.3112.113 Safari/537.36',NULL,NULL,NULL,NULL),
(870,'2017-09-06 19:43:07','USER_LOGIN',1,'2017-09-06 23:43:07',12,'(UserLogged,admin) - TZ=1;TZString=Europe/Paris;Screen=1920x937','127.0.0.1','Mozilla/5.0 (X11; Linux x86_64) AppleWebKit/537.36 (KHTML, like Gecko) Chrome/60.0.3112.113 Safari/537.36',NULL,NULL,NULL,NULL),
(871,'2018-01-19 11:18:08','USER_LOGOUT',1,'2018-01-19 11:18:08',12,'(UserLogoff,admin)','82.240.38.230','Mozilla/5.0 (X11; Linux x86_64) AppleWebKit/537.36 (KHTML, like Gecko) Chrome/63.0.3239.132 Safari/537.36',NULL,NULL,NULL,NULL),
(872,'2018-01-19 11:18:47','USER_LOGIN',1,'2018-01-19 11:18:47',12,'(UserLogged,admin) - TZ=1;TZString=Europe/Paris;Screen=1920x965','82.240.38.230','Mozilla/5.0 (X11; Linux x86_64) AppleWebKit/537.36 (KHTML, like Gecko) Chrome/63.0.3239.132 Safari/537.36',NULL,NULL,NULL,NULL),
(873,'2018-01-19 11:21:41','USER_LOGIN',1,'2018-01-19 11:21:41',12,'(UserLogged,admin) - TZ=1;TZString=Europe/Paris;Screen=1920x926','82.240.38.230','Mozilla/5.0 (X11; Linux x86_64; rv:57.0) Gecko/20100101 Firefox/57.0',NULL,NULL,NULL,NULL),
(874,'2018-01-19 11:24:18','USER_NEW_PASSWORD',1,'2018-01-19 11:24:18',12,'Password change for admin','82.240.38.230','Mozilla/5.0 (X11; Linux x86_64; rv:57.0) Gecko/20100101 Firefox/57.0',NULL,NULL,NULL,NULL),
(875,'2018-01-19 11:24:18','USER_MODIFY',1,'2018-01-19 11:24:18',12,'User admin modified','82.240.38.230','Mozilla/5.0 (X11; Linux x86_64; rv:57.0) Gecko/20100101 Firefox/57.0',NULL,NULL,NULL,NULL),
(876,'2018-01-19 11:28:45','USER_LOGOUT',1,'2018-01-19 11:28:45',12,'(UserLogoff,admin)','82.240.38.230','Mozilla/5.0 (X11; Linux x86_64; rv:57.0) Gecko/20100101 Firefox/57.0',NULL,NULL,NULL,NULL),
(877,'2018-03-16 09:54:15','USER_LOGIN_FAILED',1,'2018-03-16 13:54:15',NULL,'Identifiant ou mot de passe incorrect - login=admin','127.0.0.1','Mozilla/5.0 (X11; Linux x86_64) AppleWebKit/537.36 (KHTML, like Gecko) Chrome/65.0.3325.146 Safari/537.36',NULL,NULL,NULL,NULL),
(878,'2018-03-16 09:54:23','USER_LOGIN',1,'2018-03-16 13:54:23',12,'(UserLogged,admin) - TZ=1;TZString=Europe/Paris;Screen=1920x936','127.0.0.1','Mozilla/5.0 (X11; Linux x86_64) AppleWebKit/537.36 (KHTML, like Gecko) Chrome/65.0.3325.146 Safari/537.36',NULL,NULL,NULL,NULL),
(879,'2019-09-26 11:35:07','USER_MODIFY',1,'2019-09-26 13:35:07',12,'User aboston modified','127.0.0.1','Mozilla/5.0 (X11; Linux x86_64) AppleWebKit/537.36 (KHTML, like Gecko) Chrome/77.0.3865.75 Safari/537.36',NULL,NULL,NULL,NULL),
(880,'2019-09-26 11:35:33','USER_MODIFY',1,'2019-09-26 13:35:33',12,'User admin modified','127.0.0.1','Mozilla/5.0 (X11; Linux x86_64) AppleWebKit/537.36 (KHTML, like Gecko) Chrome/77.0.3865.75 Safari/537.36',NULL,NULL,NULL,NULL),
(881,'2019-09-26 11:36:33','USER_MODIFY',1,'2019-09-26 13:36:33',12,'User aeinstein modified','127.0.0.1','Mozilla/5.0 (X11; Linux x86_64) AppleWebKit/537.36 (KHTML, like Gecko) Chrome/77.0.3865.75 Safari/537.36',NULL,NULL,NULL,NULL),
(882,'2019-09-26 11:36:56','USER_MODIFY',1,'2019-09-26 13:36:56',12,'User ccommerson modified','127.0.0.1','Mozilla/5.0 (X11; Linux x86_64) AppleWebKit/537.36 (KHTML, like Gecko) Chrome/77.0.3865.75 Safari/537.36',NULL,NULL,NULL,NULL),
(883,'2019-09-26 11:37:30','USER_MODIFY',1,'2019-09-26 13:37:30',12,'User ldestailleur modified','127.0.0.1','Mozilla/5.0 (X11; Linux x86_64) AppleWebKit/537.36 (KHTML, like Gecko) Chrome/77.0.3865.75 Safari/537.36',NULL,NULL,NULL,NULL),
(884,'2019-09-26 11:37:56','USER_MODIFY',1,'2019-09-26 13:37:56',12,'User mcurie modified','127.0.0.1','Mozilla/5.0 (X11; Linux x86_64) AppleWebKit/537.36 (KHTML, like Gecko) Chrome/77.0.3865.75 Safari/537.36',NULL,NULL,NULL,NULL),
(885,'2019-09-26 11:38:11','USER_MODIFY',1,'2019-09-26 13:38:11',12,'User pcurie modified','127.0.0.1','Mozilla/5.0 (X11; Linux x86_64) AppleWebKit/537.36 (KHTML, like Gecko) Chrome/77.0.3865.75 Safari/537.36',NULL,NULL,NULL,NULL),
(886,'2019-09-26 11:38:27','USER_MODIFY',1,'2019-09-26 13:38:27',12,'User sscientol modified','127.0.0.1','Mozilla/5.0 (X11; Linux x86_64) AppleWebKit/537.36 (KHTML, like Gecko) Chrome/77.0.3865.75 Safari/537.36',NULL,NULL,NULL,NULL),
(887,'2019-09-26 11:38:48','USER_MODIFY',1,'2019-09-26 13:38:48',12,'User zzeceo modified','127.0.0.1','Mozilla/5.0 (X11; Linux x86_64) AppleWebKit/537.36 (KHTML, like Gecko) Chrome/77.0.3865.75 Safari/537.36',NULL,NULL,NULL,NULL),
(888,'2019-09-26 11:39:35','USER_MODIFY',1,'2019-09-26 13:39:35',12,'User ccommercy modified','127.0.0.1','Mozilla/5.0 (X11; Linux x86_64) AppleWebKit/537.36 (KHTML, like Gecko) Chrome/77.0.3865.75 Safari/537.36',NULL,NULL,NULL,NULL),
(889,'2019-09-26 11:41:28','USER_MODIFY',1,'2019-09-26 13:41:28',12,'User bbookkeeper modified','127.0.0.1','Mozilla/5.0 (X11; Linux x86_64) AppleWebKit/537.36 (KHTML, like Gecko) Chrome/77.0.3865.75 Safari/537.36',NULL,NULL,NULL,NULL),
(890,'2019-09-26 11:43:27','USER_MODIFY',1,'2019-09-26 13:43:27',12,'User demo modified','127.0.0.1','Mozilla/5.0 (X11; Linux x86_64) AppleWebKit/537.36 (KHTML, like Gecko) Chrome/77.0.3865.75 Safari/537.36',NULL,NULL,NULL,NULL),
(891,'2019-09-26 11:46:44','USER_MODIFY',1,'2019-09-26 13:46:44',12,'User aleerfok modified','127.0.0.1','Mozilla/5.0 (X11; Linux x86_64) AppleWebKit/537.36 (KHTML, like Gecko) Chrome/77.0.3865.75 Safari/537.36',NULL,NULL,NULL,NULL),
(892,'2019-09-26 11:46:54','USER_MODIFY',1,'2019-09-26 13:46:54',12,'User ccommerson modified','127.0.0.1','Mozilla/5.0 (X11; Linux x86_64) AppleWebKit/537.36 (KHTML, like Gecko) Chrome/77.0.3865.75 Safari/537.36',NULL,NULL,NULL,NULL),
(893,'2019-09-26 11:47:08','USER_MODIFY',1,'2019-09-26 13:47:08',12,'User sscientol modified','127.0.0.1','Mozilla/5.0 (X11; Linux x86_64) AppleWebKit/537.36 (KHTML, like Gecko) Chrome/77.0.3865.75 Safari/537.36',NULL,NULL,NULL,NULL),
(894,'2019-09-26 11:48:04','USER_MODIFY',1,'2019-09-26 13:48:04',12,'User ccommerson modified','127.0.0.1','Mozilla/5.0 (X11; Linux x86_64) AppleWebKit/537.36 (KHTML, like Gecko) Chrome/77.0.3865.75 Safari/537.36',NULL,NULL,NULL,NULL),
(895,'2019-09-26 11:48:32','USER_MODIFY',1,'2019-09-26 13:48:32',12,'User ccommercy modified','127.0.0.1','Mozilla/5.0 (X11; Linux x86_64) AppleWebKit/537.36 (KHTML, like Gecko) Chrome/77.0.3865.75 Safari/537.36',NULL,NULL,NULL,NULL),
(896,'2019-09-26 11:48:49','USER_MODIFY',1,'2019-09-26 13:48:49',12,'User admin modified','127.0.0.1','Mozilla/5.0 (X11; Linux x86_64) AppleWebKit/537.36 (KHTML, like Gecko) Chrome/77.0.3865.75 Safari/537.36',NULL,NULL,NULL,NULL),
(897,'2019-09-26 11:49:12','USER_MODIFY',1,'2019-09-26 13:49:12',12,'User bbookkeeper modified','127.0.0.1','Mozilla/5.0 (X11; Linux x86_64) AppleWebKit/537.36 (KHTML, like Gecko) Chrome/77.0.3865.75 Safari/537.36',NULL,NULL,NULL,NULL),
(898,'2019-09-26 11:49:21','USER_MODIFY',1,'2019-09-26 13:49:21',12,'User pcurie modified','127.0.0.1','Mozilla/5.0 (X11; Linux x86_64) AppleWebKit/537.36 (KHTML, like Gecko) Chrome/77.0.3865.75 Safari/537.36',NULL,NULL,NULL,NULL),
(899,'2019-09-26 11:49:28','USER_MODIFY',1,'2019-09-26 13:49:28',12,'User demo modified','127.0.0.1','Mozilla/5.0 (X11; Linux x86_64) AppleWebKit/537.36 (KHTML, like Gecko) Chrome/77.0.3865.75 Safari/537.36',NULL,NULL,NULL,NULL),
(900,'2019-09-26 11:49:37','USER_MODIFY',1,'2019-09-26 13:49:37',12,'User demo modified','127.0.0.1','Mozilla/5.0 (X11; Linux x86_64) AppleWebKit/537.36 (KHTML, like Gecko) Chrome/77.0.3865.75 Safari/537.36',NULL,NULL,NULL,NULL),
(901,'2019-09-26 11:49:46','USER_MODIFY',1,'2019-09-26 13:49:46',12,'User aeinstein modified','127.0.0.1','Mozilla/5.0 (X11; Linux x86_64) AppleWebKit/537.36 (KHTML, like Gecko) Chrome/77.0.3865.75 Safari/537.36',NULL,NULL,NULL,NULL),
(902,'2019-09-26 11:49:57','USER_MODIFY',1,'2019-09-26 13:49:57',12,'User mcurie modified','127.0.0.1','Mozilla/5.0 (X11; Linux x86_64) AppleWebKit/537.36 (KHTML, like Gecko) Chrome/77.0.3865.75 Safari/537.36',NULL,NULL,NULL,NULL),
(903,'2019-09-26 11:50:17','USER_MODIFY',1,'2019-09-26 13:50:17',12,'User zzeceo modified','127.0.0.1','Mozilla/5.0 (X11; Linux x86_64) AppleWebKit/537.36 (KHTML, like Gecko) Chrome/77.0.3865.75 Safari/537.36',NULL,NULL,NULL,NULL),
(904,'2019-09-26 11:50:43','USER_MODIFY',1,'2019-09-26 13:50:43',12,'User ccommercy modified','127.0.0.1','Mozilla/5.0 (X11; Linux x86_64) AppleWebKit/537.36 (KHTML, like Gecko) Chrome/77.0.3865.75 Safari/537.36',NULL,NULL,NULL,NULL),
(905,'2019-09-26 11:51:10','USER_MODIFY',1,'2019-09-26 13:51:10',12,'User sscientol modified','127.0.0.1','Mozilla/5.0 (X11; Linux x86_64) AppleWebKit/537.36 (KHTML, like Gecko) Chrome/77.0.3865.75 Safari/537.36',NULL,NULL,NULL,NULL),
(906,'2019-09-26 11:51:36','USER_MODIFY',1,'2019-09-26 13:51:36',12,'User aboston modified','127.0.0.1','Mozilla/5.0 (X11; Linux x86_64) AppleWebKit/537.36 (KHTML, like Gecko) Chrome/77.0.3865.75 Safari/537.36',NULL,NULL,NULL,NULL),
(907,'2019-09-26 11:52:16','USER_MODIFY',1,'2019-09-26 13:52:16',12,'User demo modified','127.0.0.1','Mozilla/5.0 (X11; Linux x86_64) AppleWebKit/537.36 (KHTML, like Gecko) Chrome/77.0.3865.75 Safari/537.36',NULL,NULL,NULL,NULL),
(908,'2019-09-26 11:52:35','USER_MODIFY',1,'2019-09-26 13:52:35',12,'User bbookkeeper modified','127.0.0.1','Mozilla/5.0 (X11; Linux x86_64) AppleWebKit/537.36 (KHTML, like Gecko) Chrome/77.0.3865.75 Safari/537.36',NULL,NULL,NULL,NULL),
(909,'2019-09-26 11:52:59','USER_MODIFY',1,'2019-09-26 13:52:59',12,'User bbookkeeper modified','127.0.0.1','Mozilla/5.0 (X11; Linux x86_64) AppleWebKit/537.36 (KHTML, like Gecko) Chrome/77.0.3865.75 Safari/537.36',NULL,NULL,NULL,NULL),
(910,'2019-09-26 11:53:28','USER_MODIFY',1,'2019-09-26 13:53:28',12,'User mcurie modified','127.0.0.1','Mozilla/5.0 (X11; Linux x86_64) AppleWebKit/537.36 (KHTML, like Gecko) Chrome/77.0.3865.75 Safari/537.36',NULL,NULL,NULL,NULL),
(911,'2019-09-26 11:53:50','USER_MODIFY',1,'2019-09-26 13:53:50',12,'User zzeceo modified','127.0.0.1','Mozilla/5.0 (X11; Linux x86_64) AppleWebKit/537.36 (KHTML, like Gecko) Chrome/77.0.3865.75 Safari/537.36',NULL,NULL,NULL,NULL),
(912,'2019-09-26 11:54:18','USER_MODIFY',1,'2019-09-26 13:54:18',12,'User admin modified','127.0.0.1','Mozilla/5.0 (X11; Linux x86_64) AppleWebKit/537.36 (KHTML, like Gecko) Chrome/77.0.3865.75 Safari/537.36',NULL,NULL,NULL,NULL),
(913,'2019-09-26 11:54:43','USER_MODIFY',1,'2019-09-26 13:54:43',12,'User ccommercy modified','127.0.0.1','Mozilla/5.0 (X11; Linux x86_64) AppleWebKit/537.36 (KHTML, like Gecko) Chrome/77.0.3865.75 Safari/537.36',NULL,NULL,NULL,NULL),
(914,'2019-09-26 11:55:09','USER_MODIFY',1,'2019-09-26 13:55:09',12,'User sscientol modified','127.0.0.1','Mozilla/5.0 (X11; Linux x86_64) AppleWebKit/537.36 (KHTML, like Gecko) Chrome/77.0.3865.75 Safari/537.36',NULL,NULL,NULL,NULL),
(915,'2019-09-26 11:55:23','USER_MODIFY',1,'2019-09-26 13:55:23',12,'User ccommerson modified','127.0.0.1','Mozilla/5.0 (X11; Linux x86_64) AppleWebKit/537.36 (KHTML, like Gecko) Chrome/77.0.3865.75 Safari/537.36',NULL,NULL,NULL,NULL),
(916,'2019-09-26 11:55:35','USER_MODIFY',1,'2019-09-26 13:55:35',12,'User aleerfok modified','127.0.0.1','Mozilla/5.0 (X11; Linux x86_64) AppleWebKit/537.36 (KHTML, like Gecko) Chrome/77.0.3865.75 Safari/537.36',NULL,NULL,NULL,NULL),
(917,'2019-09-26 11:55:58','USER_MODIFY',1,'2019-09-26 13:55:58',12,'User ccommercy modified','127.0.0.1','Mozilla/5.0 (X11; Linux x86_64) AppleWebKit/537.36 (KHTML, like Gecko) Chrome/77.0.3865.75 Safari/537.36',NULL,NULL,NULL,NULL),
(918,'2019-09-26 15:28:46','USER_LOGIN_FAILED',1,'2019-09-26 17:28:46',NULL,'Identifiant ou mot de passe incorrect - login=admin','127.0.0.1','Mozilla/5.0 (X11; Linux x86_64) AppleWebKit/537.36 (KHTML, like Gecko) Chrome/77.0.3865.75 Safari/537.36',NULL,NULL,NULL,NULL),
(919,'2019-09-26 15:28:51','USER_LOGIN_FAILED',1,'2019-09-26 17:28:51',NULL,'Identifiant ou mot de passe incorrect - login=admin','127.0.0.1','Mozilla/5.0 (X11; Linux x86_64) AppleWebKit/537.36 (KHTML, like Gecko) Chrome/77.0.3865.75 Safari/537.36',NULL,NULL,NULL,NULL),
(920,'2019-09-26 15:28:55','USER_LOGIN',1,'2019-09-26 17:28:55',12,'(UserLogged,admin) - TZ=1;TZString=Europe/Paris;Screen=1920x948','127.0.0.1','Mozilla/5.0 (X11; Linux x86_64) AppleWebKit/537.36 (KHTML, like Gecko) Chrome/77.0.3865.75 Safari/537.36',NULL,NULL,NULL,NULL),
(921,'2019-09-27 14:51:19','USER_LOGIN_FAILED',1,'2019-09-27 16:51:19',NULL,'Identifiant ou mot de passe incorrect - login=admin','127.0.0.1','Mozilla/5.0 (X11; Linux x86_64) AppleWebKit/537.36 (KHTML, like Gecko) Chrome/77.0.3865.75 Safari/537.36',NULL,NULL,NULL,NULL),
(922,'2019-09-27 14:51:49','USER_LOGIN_FAILED',1,'2019-09-27 16:51:49',NULL,'Identifiant ou mot de passe incorrect - login=admin','127.0.0.1','Mozilla/5.0 (X11; Linux x86_64) AppleWebKit/537.36 (KHTML, like Gecko) Chrome/77.0.3865.75 Safari/537.36',NULL,NULL,NULL,NULL),
(923,'2019-09-27 14:51:55','USER_LOGIN_FAILED',1,'2019-09-27 16:51:55',NULL,'Identifiant ou mot de passe incorrect - login=admin','127.0.0.1','Mozilla/5.0 (X11; Linux x86_64) AppleWebKit/537.36 (KHTML, like Gecko) Chrome/77.0.3865.75 Safari/537.36',NULL,NULL,NULL,NULL),
(924,'2019-09-27 14:52:22','USER_LOGIN_FAILED',1,'2019-09-27 16:52:22',NULL,'Identifiant ou mot de passe incorrect - login=admin','127.0.0.1','Mozilla/5.0 (X11; Linux x86_64) AppleWebKit/537.36 (KHTML, like Gecko) Chrome/77.0.3865.75 Safari/537.36',NULL,NULL,NULL,NULL),
(925,'2019-09-27 14:52:41','USER_LOGIN',1,'2019-09-27 16:52:41',12,'(UserLogged,admin) - TZ=1;TZString=Europe/Paris;Screen=1920x919','127.0.0.1','Mozilla/5.0 (X11; Linux x86_64) AppleWebKit/537.36 (KHTML, like Gecko) Chrome/77.0.3865.75 Safari/537.36',NULL,NULL,NULL,NULL),
(926,'2019-09-27 15:47:07','USER_LOGIN_FAILED',1,'2019-09-27 17:47:07',NULL,'Identifiant ou mot de passe incorrect - login=admin','127.0.0.1','Mozilla/5.0 (X11; Linux x86_64) AppleWebKit/537.36 (KHTML, like Gecko) Chrome/77.0.3865.75 Safari/537.36',NULL,NULL,NULL,NULL),
(927,'2019-09-27 15:47:09','USER_LOGIN_FAILED',1,'2019-09-27 17:47:09',NULL,'Identifiant ou mot de passe incorrect - login=admin','127.0.0.1','Mozilla/5.0 (X11; Linux x86_64) AppleWebKit/537.36 (KHTML, like Gecko) Chrome/77.0.3865.75 Safari/537.36',NULL,NULL,NULL,NULL),
(928,'2019-09-27 15:47:12','USER_LOGIN',1,'2019-09-27 17:47:12',12,'(UserLogged,admin) - TZ=1;TZString=Europe/Paris;Screen=1920x919','127.0.0.1','Mozilla/5.0 (X11; Linux x86_64) AppleWebKit/537.36 (KHTML, like Gecko) Chrome/77.0.3865.75 Safari/537.36',NULL,NULL,NULL,NULL),
(929,'2019-09-27 16:39:57','USER_LOGIN',1,'2019-09-27 18:39:57',12,'(UserLogged,admin) - TZ=1;TZString=Europe/Paris;Screen=1920x919','127.0.0.1','Mozilla/5.0 (X11; Linux x86_64) AppleWebKit/537.36 (KHTML, like Gecko) Chrome/77.0.3865.75 Safari/537.36',NULL,NULL,NULL,NULL),
(930,'2019-09-30 13:49:22','USER_LOGIN_FAILED',1,'2019-09-30 15:49:22',NULL,'Identifiant ou mot de passe incorrect - login=admin','127.0.0.1','Mozilla/5.0 (X11; Linux x86_64) AppleWebKit/537.36 (KHTML, like Gecko) Chrome/77.0.3865.75 Safari/537.36',NULL,NULL,NULL,NULL),
(931,'2019-09-30 13:49:27','USER_LOGIN_FAILED',1,'2019-09-30 15:49:27',NULL,'Identifiant ou mot de passe incorrect - login=admin','127.0.0.1','Mozilla/5.0 (X11; Linux x86_64) AppleWebKit/537.36 (KHTML, like Gecko) Chrome/77.0.3865.75 Safari/537.36',NULL,NULL,NULL,NULL),
(932,'2019-09-30 13:49:30','USER_LOGIN',1,'2019-09-30 15:49:30',12,'(UserLogged,admin) - TZ=1;TZString=Europe/Paris;Screen=1920x948','127.0.0.1','Mozilla/5.0 (X11; Linux x86_64) AppleWebKit/537.36 (KHTML, like Gecko) Chrome/77.0.3865.75 Safari/537.36',NULL,NULL,NULL,NULL),
(933,'2019-09-30 15:49:05','USER_LOGIN_FAILED',1,'2019-09-30 17:49:05',NULL,'Identifiant ou mot de passe incorrect - login=admin','127.0.0.1','Mozilla/5.0 (X11; Linux x86_64) AppleWebKit/537.36 (KHTML, like Gecko) Chrome/77.0.3865.75 Safari/537.36',NULL,NULL,NULL,NULL),
(934,'2019-09-30 15:49:08','USER_LOGIN',1,'2019-09-30 17:49:08',12,'(UserLogged,admin) - TZ=1;TZString=Europe/Paris;Screen=1920x948','127.0.0.1','Mozilla/5.0 (X11; Linux x86_64) AppleWebKit/537.36 (KHTML, like Gecko) Chrome/77.0.3865.75 Safari/537.36',NULL,NULL,NULL,NULL),
(935,'2019-10-01 11:47:44','USER_LOGIN',1,'2019-10-01 13:47:44',12,'(UserLogged,admin) - TZ=1;TZString=Europe/Paris;Screen=1920x948','127.0.0.1','Mozilla/5.0 (X11; Linux x86_64) AppleWebKit/537.36 (KHTML, like Gecko) Chrome/77.0.3865.75 Safari/537.36',NULL,NULL,NULL,NULL),
(936,'2019-10-01 13:24:03','USER_LOGIN',1,'2019-10-01 15:24:03',12,'(UserLogged,admin) - TZ=1;TZString=Europe/Paris;Screen=1920x948','127.0.0.1','Mozilla/5.0 (X11; Linux x86_64) AppleWebKit/537.36 (KHTML, like Gecko) Chrome/77.0.3865.75 Safari/537.36',NULL,NULL,NULL,NULL),
(937,'2019-10-02 11:41:30','USER_LOGIN_FAILED',1,'2019-10-02 13:41:30',NULL,'Identifiant ou mot de passe incorrect - login=admin','127.0.0.1','Mozilla/5.0 (X11; Linux x86_64) AppleWebKit/537.36 (KHTML, like Gecko) Chrome/77.0.3865.75 Safari/537.36',NULL,NULL,NULL,NULL),
(938,'2019-10-02 11:41:35','USER_LOGIN',1,'2019-10-02 13:41:35',12,'(UserLogged,admin) - TZ=1;TZString=Europe/Paris;Screen=1920x899','127.0.0.1','Mozilla/5.0 (X11; Linux x86_64) AppleWebKit/537.36 (KHTML, like Gecko) Chrome/77.0.3865.75 Safari/537.36',NULL,NULL,NULL,NULL),
(939,'2019-10-02 17:01:42','USER_LOGIN_FAILED',1,'2019-10-02 19:01:42',NULL,'Identifiant ou mot de passe incorrect - login=admin','127.0.0.1','Mozilla/5.0 (X11; Linux x86_64) AppleWebKit/537.36 (KHTML, like Gecko) Chrome/77.0.3865.75 Safari/537.36',NULL,NULL,NULL,NULL),
(940,'2019-10-02 17:01:44','USER_LOGIN',1,'2019-10-02 19:01:44',12,'(UserLogged,admin) - TZ=1;TZString=Europe/Paris;Screen=1920x948','127.0.0.1','Mozilla/5.0 (X11; Linux x86_64) AppleWebKit/537.36 (KHTML, like Gecko) Chrome/77.0.3865.75 Safari/537.36',NULL,NULL,NULL,NULL),
(941,'2019-10-04 08:06:36','USER_LOGIN_FAILED',1,'2019-10-04 10:06:36',NULL,'Identifiant ou mot de passe incorrect - login=admin','127.0.0.1','Mozilla/5.0 (X11; Linux x86_64) AppleWebKit/537.36 (KHTML, like Gecko) Chrome/77.0.3865.75 Safari/537.36',NULL,NULL,NULL,NULL),
(942,'2019-10-04 08:06:40','USER_LOGIN',1,'2019-10-04 10:06:40',18,'(UserLogged,ldestailleur) - TZ=1;TZString=Europe/Paris;Screen=1920x948','127.0.0.1','Mozilla/5.0 (X11; Linux x86_64) AppleWebKit/537.36 (KHTML, like Gecko) Chrome/77.0.3865.75 Safari/537.36',NULL,NULL,NULL,NULL),
(943,'2019-10-04 08:06:46','USER_LOGOUT',1,'2019-10-04 10:06:46',18,'(UserLogoff,ldestailleur)','127.0.0.1','Mozilla/5.0 (X11; Linux x86_64) AppleWebKit/537.36 (KHTML, like Gecko) Chrome/77.0.3865.75 Safari/537.36',NULL,NULL,NULL,NULL),
(944,'2019-10-04 08:06:50','USER_LOGIN',1,'2019-10-04 10:06:50',12,'(UserLogged,admin) - TZ=1;TZString=Europe/Paris;Screen=1920x948','127.0.0.1','Mozilla/5.0 (X11; Linux x86_64) AppleWebKit/537.36 (KHTML, like Gecko) Chrome/77.0.3865.75 Safari/537.36',NULL,NULL,NULL,NULL),
(945,'2019-10-04 10:28:53','USER_LOGIN_FAILED',1,'2019-10-04 12:28:53',NULL,'Identifiant ou mot de passe incorrect - login=admin','127.0.0.1','Mozilla/5.0 (X11; Linux x86_64) AppleWebKit/537.36 (KHTML, like Gecko) Chrome/77.0.3865.75 Safari/537.36',NULL,NULL,NULL,NULL),
(946,'2019-10-04 10:31:06','USER_LOGIN',1,'2019-10-04 12:31:06',12,'(UserLogged,admin) - TZ=1;TZString=Europe/Paris;Screen=1905x520','127.0.0.1','Mozilla/5.0 (X11; Linux x86_64) AppleWebKit/537.36 (KHTML, like Gecko) Chrome/77.0.3865.75 Safari/537.36',NULL,NULL,NULL,NULL),
(947,'2019-10-04 14:55:58','USER_LOGIN',1,'2019-10-04 16:55:58',12,'(UserLogged,admin) - TZ=1;TZString=Europe/Paris;Screen=1920x948','127.0.0.1','Mozilla/5.0 (X11; Linux x86_64) AppleWebKit/537.36 (KHTML, like Gecko) Chrome/77.0.3865.75 Safari/537.36',NULL,NULL,NULL,NULL),
(948,'2019-10-04 16:45:36','USER_LOGIN_FAILED',1,'2019-10-04 18:45:36',NULL,'Identifiant ou mot de passe incorrect - login=admin','127.0.0.1','Mozilla/5.0 (X11; Linux x86_64) AppleWebKit/537.36 (KHTML, like Gecko) Chrome/77.0.3865.75 Safari/537.36',NULL,NULL,NULL,NULL),
(949,'2019-10-04 16:45:40','USER_LOGIN',1,'2019-10-04 18:45:40',12,'(UserLogged,admin) - TZ=1;TZString=Europe/Paris;Screen=1920x899','127.0.0.1','Mozilla/5.0 (X11; Linux x86_64) AppleWebKit/537.36 (KHTML, like Gecko) Chrome/77.0.3865.75 Safari/537.36',NULL,NULL,NULL,NULL),
(950,'2019-10-05 09:10:32','USER_LOGIN',1,'2019-10-05 11:10:32',12,'(UserLogged,admin) - TZ=1;TZString=Europe/Paris;Screen=1920x948','127.0.0.1','Mozilla/5.0 (X11; Linux x86_64) AppleWebKit/537.36 (KHTML, like Gecko) Chrome/77.0.3865.75 Safari/537.36',NULL,NULL,NULL,NULL),
(951,'2019-10-06 09:02:10','USER_LOGIN_FAILED',1,'2019-10-06 11:02:10',NULL,'Identifiant ou mot de passe incorrect - login=admin','127.0.0.1','Mozilla/5.0 (X11; Linux x86_64) AppleWebKit/537.36 (KHTML, like Gecko) Chrome/77.0.3865.75 Safari/537.36',NULL,NULL,NULL,NULL),
(952,'2019-10-06 09:02:12','USER_LOGIN',1,'2019-10-06 11:02:12',12,'(UserLogged,admin) - TZ=1;TZString=Europe/Paris;Screen=1905x513','127.0.0.1','Mozilla/5.0 (X11; Linux x86_64) AppleWebKit/537.36 (KHTML, like Gecko) Chrome/77.0.3865.75 Safari/537.36',NULL,NULL,NULL,NULL),
(953,'2019-10-07 09:00:29','USER_LOGIN_FAILED',1,'2019-10-07 11:00:29',NULL,'Identifiant ou mot de passe incorrect - login=admin','127.0.0.1','Mozilla/5.0 (X11; Linux x86_64) AppleWebKit/537.36 (KHTML, like Gecko) Chrome/77.0.3865.75 Safari/537.36',NULL,NULL,NULL,NULL),
(954,'2019-10-07 09:00:33','USER_LOGIN',1,'2019-10-07 11:00:33',12,'(UserLogged,admin) - TZ=1;TZString=Europe/Paris;Screen=1920x948','127.0.0.1','Mozilla/5.0 (X11; Linux x86_64) AppleWebKit/537.36 (KHTML, like Gecko) Chrome/77.0.3865.75 Safari/537.36',NULL,NULL,NULL,NULL),
(955,'2019-10-07 15:05:26','USER_LOGIN_FAILED',1,'2019-10-07 17:05:26',NULL,'Identifiant ou mot de passe incorrect - login=admin','127.0.0.1','Mozilla/5.0 (X11; Linux x86_64) AppleWebKit/537.36 (KHTML, like Gecko) Chrome/77.0.3865.75 Safari/537.36',NULL,NULL,NULL,NULL),
(956,'2019-10-07 15:05:29','USER_LOGIN_FAILED',1,'2019-10-07 17:05:29',NULL,'Identifiant ou mot de passe incorrect - login=admin','127.0.0.1','Mozilla/5.0 (X11; Linux x86_64) AppleWebKit/537.36 (KHTML, like Gecko) Chrome/77.0.3865.75 Safari/537.36',NULL,NULL,NULL,NULL),
(957,'2019-10-08 09:57:04','USER_LOGIN_FAILED',1,'2019-10-08 11:57:04',NULL,'Identifiant ou mot de passe incorrect - login=admin','127.0.0.1','Mozilla/5.0 (X11; Linux x86_64) AppleWebKit/537.36 (KHTML, like Gecko) Chrome/77.0.3865.75 Safari/537.36',NULL,NULL,NULL,NULL),
(958,'2019-10-08 09:57:07','USER_LOGIN',1,'2019-10-08 11:57:07',12,'(UserLogged,admin) - TZ=1;TZString=Europe/Paris;Screen=1920x637','127.0.0.1','Mozilla/5.0 (X11; Linux x86_64) AppleWebKit/537.36 (KHTML, like Gecko) Chrome/77.0.3865.75 Safari/537.36',NULL,NULL,NULL,NULL),
(959,'2019-10-08 11:18:14','USER_LOGIN_FAILED',1,'2019-10-08 13:18:14',NULL,'Identifiant ou mot de passe incorrect - login=admin','127.0.0.1','Mozilla/5.0 (X11; Linux x86_64) AppleWebKit/537.36 (KHTML, like Gecko) Chrome/77.0.3865.75 Safari/537.36',NULL,NULL,NULL,NULL),
(960,'2019-10-08 11:18:18','USER_LOGIN',1,'2019-10-08 13:18:18',12,'(UserLogged,admin) - TZ=1;TZString=Europe/Paris;Screen=1920x919','127.0.0.1','Mozilla/5.0 (X11; Linux x86_64) AppleWebKit/537.36 (KHTML, like Gecko) Chrome/77.0.3865.75 Safari/537.36',NULL,NULL,NULL,NULL),
(961,'2019-10-08 13:29:24','USER_LOGIN',1,'2019-10-08 15:29:24',12,'(UserLogged,admin) - TZ=1;TZString=Europe/Paris;Screen=1920x919','127.0.0.1','Mozilla/5.0 (X11; Linux x86_64) AppleWebKit/537.36 (KHTML, like Gecko) Chrome/77.0.3865.75 Safari/537.36',NULL,NULL,NULL,NULL),
(962,'2019-10-08 17:04:42','USER_LOGIN_FAILED',1,'2019-10-08 19:04:42',NULL,'Identifiant ou mot de passe incorrect - login=admin','127.0.0.1','Mozilla/5.0 (X11; Linux x86_64) AppleWebKit/537.36 (KHTML, like Gecko) Chrome/77.0.3865.75 Safari/537.36',NULL,NULL,NULL,NULL),
(963,'2019-10-08 17:04:46','USER_LOGIN',1,'2019-10-08 19:04:46',12,'(UserLogged,admin) - TZ=1;TZString=Europe/Paris;Screen=1920x919','127.0.0.1','Mozilla/5.0 (X11; Linux x86_64) AppleWebKit/537.36 (KHTML, like Gecko) Chrome/77.0.3865.75 Safari/537.36',NULL,NULL,NULL,NULL),
(964,'2019-10-08 18:37:06','USER_LOGIN_FAILED',1,'2019-10-08 20:37:06',NULL,'Identifiant ou mot de passe incorrect - login=admin','127.0.0.1','Mozilla/5.0 (X11; Linux x86_64) AppleWebKit/537.36 (KHTML, like Gecko) Chrome/77.0.3865.75 Safari/537.36',NULL,NULL,NULL,NULL),
(965,'2019-10-08 18:38:29','USER_LOGIN_FAILED',1,'2019-10-08 20:38:29',NULL,'Identifiant ou mot de passe incorrect - login=admin','127.0.0.1','Mozilla/5.0 (X11; Linux x86_64) AppleWebKit/537.36 (KHTML, like Gecko) Chrome/77.0.3865.75 Safari/537.36',NULL,NULL,NULL,NULL),
(966,'2019-10-08 18:38:32','USER_LOGIN',1,'2019-10-08 20:38:32',12,'(UserLogged,admin) - TZ=1;TZString=Europe/Paris;Screen=1920x919','127.0.0.1','Mozilla/5.0 (X11; Linux x86_64) AppleWebKit/537.36 (KHTML, like Gecko) Chrome/77.0.3865.75 Safari/537.36',NULL,NULL,NULL,NULL),
(967,'2019-10-08 19:01:07','USER_MODIFY',1,'2019-10-08 21:01:07',12,'User pcurie modified','127.0.0.1','Mozilla/5.0 (X11; Linux x86_64) AppleWebKit/537.36 (KHTML, like Gecko) Chrome/77.0.3865.75 Safari/537.36',NULL,NULL,NULL,NULL),
(968,'2019-11-28 15:09:03','USER_LOGOUT',1,'2019-11-28 19:09:03',12,'(UserLogoff,admin)','127.0.0.1','Mozilla/5.0 (X11; Linux x86_64) AppleWebKit/537.36 (KHTML, like Gecko) Chrome/77.0.3865.75 Safari/537.36',NULL,'8ac86e29343929e21171a305760f9a3b',NULL,NULL),
(969,'2019-11-28 15:09:18','USER_LOGIN_FAILED',1,'2019-11-28 19:09:18',NULL,'Identifiant ou mot de passe incorrect - login=admin','127.0.0.1','Mozilla/5.0 (X11; Linux x86_64) AppleWebKit/537.36 (KHTML, like Gecko) Chrome/77.0.3865.75 Safari/537.36',NULL,'8ac86e29343929e21171a305760f9a3b',NULL,NULL),
(970,'2019-11-28 15:09:22','USER_LOGIN',1,'2019-11-28 19:09:22',12,'(UserLogged,admin) - TZ=1;TZString=Europe/Paris;Screen=1920x919','127.0.0.1','Mozilla/5.0 (X11; Linux x86_64) AppleWebKit/537.36 (KHTML, like Gecko) Chrome/77.0.3865.75 Safari/537.36',NULL,'8ac86e29343929e21171a305760f9a3b',NULL,NULL),
(971,'2019-11-28 16:25:52','USER_LOGIN_FAILED',1,'2019-11-28 20:25:52',NULL,'Identifiant ou mot de passe incorrect - login=admin','127.0.0.1','Mozilla/5.0 (X11; Linux x86_64) AppleWebKit/537.36 (KHTML, like Gecko) Chrome/77.0.3865.75 Safari/537.36',NULL,'8ac86e29343929e21171a305760f9a3b',NULL,NULL),
(972,'2019-11-28 16:25:56','USER_LOGIN',1,'2019-11-28 20:25:56',12,'(UserLogged,admin) - TZ=1;TZString=Europe/Paris;Screen=1920x919','127.0.0.1','Mozilla/5.0 (X11; Linux x86_64) AppleWebKit/537.36 (KHTML, like Gecko) Chrome/77.0.3865.75 Safari/537.36',NULL,'8ac86e29343929e21171a305760f9a3b',NULL,NULL),
(973,'2019-11-29 08:43:22','USER_LOGIN_FAILED',1,'2019-11-29 12:43:22',NULL,'Identifiant ou mot de passe incorrect - login=admin','127.0.0.1','Mozilla/5.0 (X11; Linux x86_64) AppleWebKit/537.36 (KHTML, like Gecko) Chrome/77.0.3865.75 Safari/537.36',NULL,'8ac86e29343929e21171a305760f9a3b',NULL,NULL),
(974,'2019-11-29 08:43:24','USER_LOGIN',1,'2019-11-29 12:43:24',12,'(UserLogged,admin) - TZ=1;TZString=Europe/Paris;Screen=1920x919','127.0.0.1','Mozilla/5.0 (X11; Linux x86_64) AppleWebKit/537.36 (KHTML, like Gecko) Chrome/77.0.3865.75 Safari/537.36',NULL,'8ac86e29343929e21171a305760f9a3b',NULL,NULL),
(975,'2019-12-19 11:12:30','USER_LOGIN_FAILED',1,'2019-12-19 15:12:30',NULL,'Identifiant ou mot de passe incorrect - login=admin','127.0.0.1','Mozilla/5.0 (X11; Linux x86_64) AppleWebKit/537.36 (KHTML, like Gecko) Chrome/78.0.3904.108 Safari/537.36',NULL,'8ac86e29343929e21171a305760f9a3b',NULL,NULL),
(976,'2019-12-19 11:12:33','USER_LOGIN',1,'2019-12-19 15:12:33',12,'(UserLogged,admin) - TZ=1;TZString=Europe/Paris;Screen=1920x948','127.0.0.1','Mozilla/5.0 (X11; Linux x86_64) AppleWebKit/537.36 (KHTML, like Gecko) Chrome/78.0.3904.108 Safari/537.36',NULL,'8ac86e29343929e21171a305760f9a3b',NULL,NULL),
(977,'2019-12-20 09:38:10','USER_LOGIN_FAILED',1,'2019-12-20 13:38:10',NULL,'Identifiant ou mot de passe incorrect - login=admin','127.0.0.1','Mozilla/5.0 (X11; Linux x86_64) AppleWebKit/537.36 (KHTML, like Gecko) Chrome/78.0.3904.108 Safari/537.36',NULL,'8ac86e29343929e21171a305760f9a3b',NULL,NULL),
(978,'2019-12-20 09:38:13','USER_LOGIN',1,'2019-12-20 13:38:13',12,'(UserLogged,admin) - TZ=1;TZString=Europe/Paris;Screen=1920x948','127.0.0.1','Mozilla/5.0 (X11; Linux x86_64) AppleWebKit/537.36 (KHTML, like Gecko) Chrome/78.0.3904.108 Safari/537.36',NULL,'8ac86e29343929e21171a305760f9a3b',NULL,NULL),
(979,'2019-12-20 15:59:50','USER_LOGIN',1,'2019-12-20 19:59:50',12,'(UserLogged,admin) - TZ=1;TZString=Europe/Paris;Screen=1920x948','127.0.0.1','Mozilla/5.0 (X11; Linux x86_64) AppleWebKit/537.36 (KHTML, like Gecko) Chrome/78.0.3904.108 Safari/537.36',NULL,'8ac86e29343929e21171a305760f9a3b',NULL,NULL),
(980,'2019-12-21 13:05:49','USER_LOGIN_FAILED',1,'2019-12-21 17:05:49',NULL,'Identifiant ou mot de passe incorrect - login=admin','127.0.0.1','Mozilla/5.0 (X11; Linux x86_64) AppleWebKit/537.36 (KHTML, like Gecko) Chrome/78.0.3904.108 Safari/537.36',NULL,'8ac86e29343929e21171a305760f9a3b',NULL,NULL),
(981,'2019-12-21 13:05:52','USER_LOGIN',1,'2019-12-21 17:05:52',12,'(UserLogged,admin) - TZ=1;TZString=Europe/Paris;Screen=1905x552','127.0.0.1','Mozilla/5.0 (X11; Linux x86_64) AppleWebKit/537.36 (KHTML, like Gecko) Chrome/78.0.3904.108 Safari/537.36',NULL,'8ac86e29343929e21171a305760f9a3b',NULL,NULL),
(982,'2019-12-21 15:26:25','USER_LOGIN_FAILED',1,'2019-12-21 19:26:25',NULL,'Identifiant ou mot de passe incorrect - login=admin','127.0.0.1','Mozilla/5.0 (X11; Linux x86_64) AppleWebKit/537.36 (KHTML, like Gecko) Chrome/78.0.3904.108 Safari/537.36',NULL,'8ac86e29343929e21171a305760f9a3b',NULL,NULL),
(983,'2019-12-21 15:26:28','USER_LOGIN',1,'2019-12-21 19:26:28',12,'(UserLogged,admin) - TZ=1;TZString=Europe/Paris;Screen=1920x980','127.0.0.1','Mozilla/5.0 (X11; Linux x86_64) AppleWebKit/537.36 (KHTML, like Gecko) Chrome/78.0.3904.108 Safari/537.36',NULL,'8ac86e29343929e21171a305760f9a3b',NULL,NULL),
(984,'2019-12-21 15:27:00','USER_LOGOUT',1,'2019-12-21 19:27:00',12,'(UserLogoff,admin)','127.0.0.1','Mozilla/5.0 (X11; Linux x86_64) AppleWebKit/537.36 (KHTML, like Gecko) Chrome/78.0.3904.108 Safari/537.36',NULL,'8ac86e29343929e21171a305760f9a3b',NULL,NULL),
(985,'2019-12-21 15:27:05','USER_LOGIN',1,'2019-12-21 19:27:05',12,'(UserLogged,admin) - TZ=1;TZString=Europe/Paris;Screen=1920x980','127.0.0.1','Mozilla/5.0 (X11; Linux x86_64) AppleWebKit/537.36 (KHTML, like Gecko) Chrome/78.0.3904.108 Safari/537.36',NULL,'8ac86e29343929e21171a305760f9a3b',NULL,NULL),
(986,'2019-12-21 15:27:44','USER_LOGOUT',1,'2019-12-21 19:27:44',12,'(UserLogoff,admin)','127.0.0.1','Mozilla/5.0 (X11; Linux x86_64) AppleWebKit/537.36 (KHTML, like Gecko) Chrome/78.0.3904.108 Safari/537.36',NULL,'8ac86e29343929e21171a305760f9a3b',NULL,NULL),
(987,'2019-12-21 15:28:04','USER_LOGIN',1,'2019-12-21 19:28:04',12,'(UserLogged,admin) - TZ=1;TZString=Europe/Paris;Screen=1920x980','127.0.0.1','Mozilla/5.0 (X11; Linux x86_64) AppleWebKit/537.36 (KHTML, like Gecko) Chrome/78.0.3904.108 Safari/537.36',NULL,'8ac86e29343929e21171a305760f9a3b',NULL,NULL),
(988,'2019-12-22 11:59:41','USER_LOGIN',1,'2019-12-22 15:59:41',12,'(UserLogged,admin) - TZ=1;TZString=Europe/Paris;Screen=1920x980','127.0.0.1','Mozilla/5.0 (X11; Linux x86_64) AppleWebKit/537.36 (KHTML, like Gecko) Chrome/78.0.3904.108 Safari/537.36',NULL,'8ac86e29343929e21171a305760f9a3b',NULL,NULL),
(989,'2019-12-22 15:06:01','USER_LOGIN_FAILED',1,'2019-12-22 19:06:01',NULL,'Identifiant ou mot de passe incorrect - login=admin','127.0.0.1','Mozilla/5.0 (X11; Linux x86_64) AppleWebKit/537.36 (KHTML, like Gecko) Chrome/78.0.3904.108 Safari/537.36',NULL,'8ac86e29343929e21171a305760f9a3b',NULL,NULL),
(990,'2019-12-22 15:06:06','USER_LOGIN_FAILED',1,'2019-12-22 19:06:06',NULL,'Identifiant ou mot de passe incorrect - login=admin','127.0.0.1','Mozilla/5.0 (X11; Linux x86_64) AppleWebKit/537.36 (KHTML, like Gecko) Chrome/78.0.3904.108 Safari/537.36',NULL,'8ac86e29343929e21171a305760f9a3b',NULL,NULL),
(991,'2019-12-22 15:06:15','USER_LOGIN',1,'2019-12-22 19:06:15',12,'(UserLogged,admin) - TZ=1;TZString=Europe/Paris;Screen=1920x980','127.0.0.1','Mozilla/5.0 (X11; Linux x86_64) AppleWebKit/537.36 (KHTML, like Gecko) Chrome/78.0.3904.108 Safari/537.36',NULL,'8ac86e29343929e21171a305760f9a3b',NULL,NULL),
(992,'2019-12-22 18:43:21','USER_LOGIN',1,'2019-12-22 22:43:21',12,'(UserLogged,admin) - TZ=1;TZString=Europe/Paris;Screen=1920x980','127.0.0.1','Mozilla/5.0 (X11; Linux x86_64) AppleWebKit/537.36 (KHTML, like Gecko) Chrome/78.0.3904.108 Safari/537.36',NULL,'8ac86e29343929e21171a305760f9a3b',NULL,NULL),
(993,'2019-12-22 20:16:19','USER_LOGIN',1,'2019-12-23 00:16:19',12,'(UserLogged,admin) - TZ=1;TZString=Europe/Paris;Screen=1905x584','127.0.0.1','Mozilla/5.0 (X11; Linux x86_64) AppleWebKit/537.36 (KHTML, like Gecko) Chrome/78.0.3904.108 Safari/537.36',NULL,'8ac86e29343929e21171a305760f9a3b',NULL,NULL),
(994,'2019-12-23 10:05:11','USER_LOGIN_FAILED',1,'2019-12-23 14:05:11',NULL,'Identifiant ou mot de passe incorrect - login=admin','127.0.0.1','Mozilla/5.0 (X11; Linux x86_64) AppleWebKit/537.36 (KHTML, like Gecko) Chrome/78.0.3904.108 Safari/537.36',NULL,'8ac86e29343929e21171a305760f9a3b',NULL,NULL),
(995,'2019-12-23 10:05:14','USER_LOGIN',1,'2019-12-23 14:05:14',12,'(UserLogged,admin) - TZ=1;TZString=Europe/Paris;Screen=1920x948','127.0.0.1','Mozilla/5.0 (X11; Linux x86_64) AppleWebKit/537.36 (KHTML, like Gecko) Chrome/78.0.3904.108 Safari/537.36',NULL,'8ac86e29343929e21171a305760f9a3b',NULL,NULL),
(996,'2019-12-23 13:24:50','USER_LOGIN_FAILED',1,'2019-12-23 17:24:50',NULL,'Identifiant ou mot de passe incorrect - login=admin','127.0.0.1','Mozilla/5.0 (X11; Linux x86_64) AppleWebKit/537.36 (KHTML, like Gecko) Chrome/78.0.3904.108 Safari/537.36',NULL,'8ac86e29343929e21171a305760f9a3b',NULL,NULL),
(997,'2019-12-23 13:24:54','USER_LOGIN',1,'2019-12-23 17:24:54',12,'(UserLogged,admin) - TZ=1;TZString=Europe/Paris;Screen=1920x948','127.0.0.1','Mozilla/5.0 (X11; Linux x86_64) AppleWebKit/537.36 (KHTML, like Gecko) Chrome/78.0.3904.108 Safari/537.36',NULL,'8ac86e29343929e21171a305760f9a3b',NULL,NULL),
(998,'2019-12-25 21:37:28','USER_LOGIN_FAILED',1,'2019-12-26 01:37:28',NULL,'Identifiant ou mot de passe incorrect - login=admin','127.0.0.1','Mozilla/5.0 (X11; Linux x86_64) AppleWebKit/537.36 (KHTML, like Gecko) Chrome/78.0.3904.108 Safari/537.36',NULL,'8ac86e29343929e21171a305760f9a3b',NULL,NULL),
(999,'2019-12-25 21:37:30','USER_LOGIN',1,'2019-12-26 01:37:30',12,'(UserLogged,admin) - TZ=1;TZString=Europe/Paris;Screen=1920x948','127.0.0.1','Mozilla/5.0 (X11; Linux x86_64) AppleWebKit/537.36 (KHTML, like Gecko) Chrome/78.0.3904.108 Safari/537.36',NULL,'8ac86e29343929e21171a305760f9a3b',NULL,NULL),
(1000,'2020-01-01 10:23:41','USER_LOGIN_FAILED',1,'2020-01-01 14:23:41',NULL,'Identifiant ou mot de passe incorrect - login=admin','127.0.0.1','Mozilla/5.0 (X11; Linux x86_64) AppleWebKit/537.36 (KHTML, like Gecko) Chrome/78.0.3904.108 Safari/537.36',NULL,'8ac86e29343929e21171a305760f9a3b',NULL,NULL),
(1001,'2020-01-01 10:23:43','USER_LOGIN',1,'2020-01-01 14:23:43',12,'(UserLogged,admin) - TZ=1;TZString=Europe/Paris;Screen=1920x948','127.0.0.1','Mozilla/5.0 (X11; Linux x86_64) AppleWebKit/537.36 (KHTML, like Gecko) Chrome/78.0.3904.108 Safari/537.36',NULL,'8ac86e29343929e21171a305760f9a3b',NULL,NULL),
(1002,'2020-01-01 19:52:00','USER_LOGIN_FAILED',1,'2020-01-01 23:52:00',NULL,'Identifiant ou mot de passe incorrect - login=admin','127.0.0.1','Mozilla/5.0 (X11; Linux x86_64) AppleWebKit/537.36 (KHTML, like Gecko) Chrome/78.0.3904.108 Safari/537.36',NULL,'8ac86e29343929e21171a305760f9a3b',NULL,NULL),
(1003,'2020-01-01 19:52:07','USER_LOGIN',1,'2020-01-01 23:52:07',12,'(UserLogged,admin) - TZ=1;TZString=Europe/Paris;Screen=1920x948','127.0.0.1','Mozilla/5.0 (X11; Linux x86_64) AppleWebKit/537.36 (KHTML, like Gecko) Chrome/78.0.3904.108 Safari/537.36',NULL,'8ac86e29343929e21171a305760f9a3b',NULL,NULL),
(1004,'2020-01-02 13:46:18','USER_LOGIN',1,'2020-01-02 17:46:18',12,'(UserLogged,admin) - TZ=1;TZString=Europe/Paris;Screen=1920x948','127.0.0.1','Mozilla/5.0 (X11; Linux x86_64) AppleWebKit/537.36 (KHTML, like Gecko) Chrome/78.0.3904.108 Safari/537.36',NULL,'8ac86e29343929e21171a305760f9a3b',NULL,NULL),
(1005,'2020-01-02 14:49:05','USER_LOGIN',1,'2020-01-02 18:49:05',12,'(UserLogged,admin) - TZ=1;TZString=Europe/Paris;Screen=1920x710','127.0.0.1','Mozilla/5.0 (X11; Linux x86_64) AppleWebKit/537.36 (KHTML, like Gecko) Chrome/78.0.3904.108 Safari/537.36',NULL,'8ac86e29343929e21171a305760f9a3b',NULL,NULL),
(1006,'2020-01-02 16:44:11','USER_LOGIN_FAILED',1,'2020-01-02 20:44:11',NULL,'Identifiant ou mot de passe incorrect - login=admin','127.0.0.1','Mozilla/5.0 (X11; Linux x86_64) AppleWebKit/537.36 (KHTML, like Gecko) Chrome/78.0.3904.108 Safari/537.36',NULL,'8ac86e29343929e21171a305760f9a3b',NULL,NULL),
(1007,'2020-01-02 16:44:14','USER_LOGIN',1,'2020-01-02 20:44:14',12,'(UserLogged,admin) - TZ=1;TZString=Europe/Paris;Screen=1920x948','127.0.0.1','Mozilla/5.0 (X11; Linux x86_64) AppleWebKit/537.36 (KHTML, like Gecko) Chrome/78.0.3904.108 Safari/537.36',NULL,'8ac86e29343929e21171a305760f9a3b',NULL,NULL),
(1008,'2020-01-02 18:54:45','USER_LOGIN_FAILED',1,'2020-01-02 22:54:45',NULL,'Identifiant ou mot de passe incorrect - login=admin','127.0.0.1','Mozilla/5.0 (X11; Linux x86_64) AppleWebKit/537.36 (KHTML, like Gecko) Chrome/78.0.3904.108 Safari/537.36',NULL,'8ac86e29343929e21171a305760f9a3b',NULL,NULL),
(1009,'2020-01-02 18:54:48','USER_LOGIN',1,'2020-01-02 22:54:48',12,'(UserLogged,admin) - TZ=1;TZString=Europe/Paris;Screen=1920x948','127.0.0.1','Mozilla/5.0 (X11; Linux x86_64) AppleWebKit/537.36 (KHTML, like Gecko) Chrome/78.0.3904.108 Safari/537.36',NULL,'8ac86e29343929e21171a305760f9a3b',NULL,NULL),
(1010,'2020-01-03 09:22:02','USER_LOGIN_FAILED',1,'2020-01-03 13:22:02',NULL,'Identifiant ou mot de passe incorrect - login=admin','127.0.0.1','Mozilla/5.0 (X11; Linux x86_64) AppleWebKit/537.36 (KHTML, like Gecko) Chrome/78.0.3904.108 Safari/537.36',NULL,'8ac86e29343929e21171a305760f9a3b',NULL,NULL),
(1011,'2020-01-03 09:22:06','USER_LOGIN',1,'2020-01-03 13:22:06',12,'(UserLogged,admin) - TZ=1;TZString=Europe/Paris;Screen=1920x948','127.0.0.1','Mozilla/5.0 (X11; Linux x86_64) AppleWebKit/537.36 (KHTML, like Gecko) Chrome/78.0.3904.108 Safari/537.36',NULL,'8ac86e29343929e21171a305760f9a3b',NULL,NULL),
(1012,'2020-01-03 11:56:30','USER_LOGIN',1,'2020-01-03 15:56:30',12,'(UserLogged,admin) - TZ=1;TZString=Europe/Paris;Screen=1920x948','127.0.0.1','Mozilla/5.0 (X11; Linux x86_64) AppleWebKit/537.36 (KHTML, like Gecko) Chrome/78.0.3904.108 Safari/537.36',NULL,'8ac86e29343929e21171a305760f9a3b',NULL,NULL),
(1013,'2020-01-04 13:44:25','USER_LOGIN_FAILED',1,'2020-01-04 17:44:25',NULL,'Identifiant ou mot de passe incorrect - login=admin','127.0.0.1','Mozilla/5.0 (X11; Linux x86_64) AppleWebKit/537.36 (KHTML, like Gecko) Chrome/78.0.3904.108 Safari/537.36',NULL,'8ac86e29343929e21171a305760f9a3b',NULL,NULL),
(1014,'2020-01-04 13:44:28','USER_LOGIN',1,'2020-01-04 17:44:28',12,'(UserLogged,admin) - TZ=1;TZString=Europe/Paris;Screen=1920x948','127.0.0.1','Mozilla/5.0 (X11; Linux x86_64) AppleWebKit/537.36 (KHTML, like Gecko) Chrome/78.0.3904.108 Safari/537.36',NULL,'8ac86e29343929e21171a305760f9a3b',NULL,NULL),
(1015,'2020-01-05 19:36:34','USER_LOGIN_FAILED',1,'2020-01-05 23:36:34',NULL,'Identifiant ou mot de passe incorrect - login=admin','127.0.0.1','Mozilla/5.0 (X11; Linux x86_64) AppleWebKit/537.36 (KHTML, like Gecko) Chrome/78.0.3904.108 Safari/537.36',NULL,'8ac86e29343929e21171a305760f9a3b',NULL,NULL),
(1016,'2020-01-05 19:36:39','USER_LOGIN',1,'2020-01-05 23:36:39',12,'(UserLogged,admin) - TZ=1;TZString=Europe/Paris;Screen=1920x948','127.0.0.1','Mozilla/5.0 (X11; Linux x86_64) AppleWebKit/537.36 (KHTML, like Gecko) Chrome/78.0.3904.108 Safari/537.36',NULL,'8ac86e29343929e21171a305760f9a3b',NULL,NULL),
(1017,'2020-01-06 01:12:23','USER_LOGIN_FAILED',1,'2020-01-06 05:12:23',NULL,'Identifiant ou mot de passe incorrect - login=admin','127.0.0.1','Mozilla/5.0 (X11; Linux x86_64) AppleWebKit/537.36 (KHTML, like Gecko) Chrome/78.0.3904.108 Safari/537.36',NULL,'8ac86e29343929e21171a305760f9a3b',NULL,NULL),
(1018,'2020-01-06 01:12:25','USER_LOGIN',1,'2020-01-06 05:12:25',12,'(UserLogged,admin) - TZ=1;TZString=Europe/Paris;Screen=1920x948','127.0.0.1','Mozilla/5.0 (X11; Linux x86_64) AppleWebKit/537.36 (KHTML, like Gecko) Chrome/78.0.3904.108 Safari/537.36',NULL,'8ac86e29343929e21171a305760f9a3b',NULL,NULL),
(1019,'2020-01-06 10:33:33','USER_LOGIN',1,'2020-01-06 14:33:33',12,'(UserLogged,admin) - TZ=1;TZString=Europe/Paris;Screen=1920x948','127.0.0.1','Mozilla/5.0 (X11; Linux x86_64) AppleWebKit/537.36 (KHTML, like Gecko) Chrome/78.0.3904.108 Safari/537.36',NULL,'8ac86e29343929e21171a305760f9a3b',NULL,NULL),
(1020,'2020-01-06 13:59:58','USER_LOGIN',1,'2020-01-06 17:59:58',12,'(UserLogged,admin) - TZ=1;TZString=Europe/Paris;Screen=1920x948','127.0.0.1','Mozilla/5.0 (X11; Linux x86_64) AppleWebKit/537.36 (KHTML, like Gecko) Chrome/78.0.3904.108 Safari/537.36',NULL,'8ac86e29343929e21171a305760f9a3b',NULL,NULL),
(1021,'2020-01-06 16:08:41','USER_LOGIN',1,'2020-01-06 20:08:41',12,'(UserLogged,admin) - TZ=1;TZString=Europe/Paris;Screen=1920x948','127.0.0.1','Mozilla/5.0 (X11; Linux x86_64) AppleWebKit/537.36 (KHTML, like Gecko) Chrome/78.0.3904.108 Safari/537.36',NULL,'8ac86e29343929e21171a305760f9a3b',NULL,NULL),
(1022,'2020-01-07 13:19:13','USER_LOGIN',1,'2020-01-07 17:19:13',12,'(UserLogged,admin) - TZ=1;TZString=Europe/Paris;Screen=1920x948','127.0.0.1','Mozilla/5.0 (X11; Linux x86_64) AppleWebKit/537.36 (KHTML, like Gecko) Chrome/78.0.3904.108 Safari/537.36',NULL,'8ac86e29343929e21171a305760f9a3b',NULL,NULL),
(1023,'2020-01-07 15:06:53','USER_LOGIN_FAILED',1,'2020-01-07 19:06:53',NULL,'Identifiant ou mot de passe incorrect - login=admin','127.0.0.1','Mozilla/5.0 (X11; Linux x86_64) AppleWebKit/537.36 (KHTML, like Gecko) Chrome/78.0.3904.108 Safari/537.36',NULL,'8ac86e29343929e21171a305760f9a3b',NULL,NULL),
(1024,'2020-01-07 15:06:59','USER_LOGIN',1,'2020-01-07 19:06:59',12,'(UserLogged,admin) - TZ=1;TZString=Europe/Paris;Screen=1920x948','127.0.0.1','Mozilla/5.0 (X11; Linux x86_64) AppleWebKit/537.36 (KHTML, like Gecko) Chrome/78.0.3904.108 Safari/537.36',NULL,'8ac86e29343929e21171a305760f9a3b',NULL,NULL),
(1025,'2020-01-07 16:21:53','USER_LOGIN_FAILED',1,'2020-01-07 20:21:53',NULL,'Identifiant ou mot de passe incorrect - login=admin','127.0.0.1','Mozilla/5.0 (X11; Linux x86_64) AppleWebKit/537.36 (KHTML, like Gecko) Chrome/78.0.3904.108 Safari/537.36',NULL,'8ac86e29343929e21171a305760f9a3b',NULL,NULL),
(1026,'2020-01-07 16:21:56','USER_LOGIN',1,'2020-01-07 20:21:56',12,'(UserLogged,admin) - TZ=1;TZString=Europe/Paris;Screen=1920x948','127.0.0.1','Mozilla/5.0 (X11; Linux x86_64) AppleWebKit/537.36 (KHTML, like Gecko) Chrome/78.0.3904.108 Safari/537.36',NULL,'8ac86e29343929e21171a305760f9a3b',NULL,NULL),
(1027,'2020-01-07 17:46:46','USER_LOGIN',1,'2020-01-07 21:46:46',12,'(UserLogged,admin) - TZ=1;TZString=Europe/Paris;Screen=1920x948','127.0.0.1','Mozilla/5.0 (X11; Linux x86_64) AppleWebKit/537.36 (KHTML, like Gecko) Chrome/78.0.3904.108 Safari/537.36',NULL,'8ac86e29343929e21171a305760f9a3b',NULL,NULL),
(1028,'2020-01-08 01:31:40','USER_LOGIN',1,'2020-01-08 05:31:40',12,'(UserLogged,admin) - TZ=1;TZString=Europe/Paris;Screen=1920x948','127.0.0.1','Mozilla/5.0 (X11; Linux x86_64) AppleWebKit/537.36 (KHTML, like Gecko) Chrome/78.0.3904.108 Safari/537.36',NULL,'8ac86e29343929e21171a305760f9a3b',NULL,NULL),
(1029,'2020-01-08 15:32:34','USER_LOGIN_FAILED',1,'2020-01-08 19:32:34',NULL,'Identifiant ou mot de passe incorrect - login=admin','127.0.0.1','Mozilla/5.0 (X11; Linux x86_64) AppleWebKit/537.36 (KHTML, like Gecko) Chrome/78.0.3904.108 Safari/537.36',NULL,'8ac86e29343929e21171a305760f9a3b',NULL,NULL),
(1030,'2020-01-08 15:32:38','USER_LOGIN',1,'2020-01-08 19:32:38',12,'(UserLogged,admin) - TZ=1;TZString=Europe/Paris;Screen=1920x948','127.0.0.1','Mozilla/5.0 (X11; Linux x86_64) AppleWebKit/537.36 (KHTML, like Gecko) Chrome/78.0.3904.108 Safari/537.36',NULL,'8ac86e29343929e21171a305760f9a3b',NULL,NULL),
(1031,'2020-01-09 15:59:02','USER_LOGIN',1,'2020-01-09 19:59:02',12,'(UserLogged,admin) - TZ=1;TZString=Europe/Paris;Screen=1920x948','127.0.0.1','Mozilla/5.0 (X11; Linux x86_64) AppleWebKit/537.36 (KHTML, like Gecko) Chrome/78.0.3904.108 Safari/537.36',NULL,'8ac86e29343929e21171a305760f9a3b',NULL,NULL),
(1032,'2020-01-09 21:33:47','USER_LOGIN',1,'2020-01-10 01:33:47',12,'(UserLogged,admin) - TZ=1;TZString=Europe/Paris;Screen=1920x948','127.0.0.1','Mozilla/5.0 (X11; Linux x86_64) AppleWebKit/537.36 (KHTML, like Gecko) Chrome/78.0.3904.108 Safari/537.36',NULL,'8ac86e29343929e21171a305760f9a3b',NULL,NULL),
(1033,'2020-01-10 00:42:07','USER_LOGIN',1,'2020-01-10 04:42:07',12,'(UserLogged,admin) - TZ=1;TZString=Europe/Paris;Screen=1920x948','127.0.0.1','Mozilla/5.0 (X11; Linux x86_64) AppleWebKit/537.36 (KHTML, like Gecko) Chrome/78.0.3904.108 Safari/537.36',NULL,'8ac86e29343929e21171a305760f9a3b',NULL,NULL),
(1034,'2020-01-10 22:18:15','USER_LOGIN',1,'2020-01-11 02:18:15',12,'(UserLogged,admin) - TZ=1;TZString=Europe/Paris;Screen=1920x919','127.0.0.1','Mozilla/5.0 (X11; Linux x86_64) AppleWebKit/537.36 (KHTML, like Gecko) Chrome/78.0.3904.108 Safari/537.36',NULL,'8ac86e29343929e21171a305760f9a3b',NULL,NULL),
(1035,'2020-01-11 13:11:59','USER_LOGIN',1,'2020-01-11 17:11:59',12,'(UserLogged,admin) - TZ=1;TZString=Europe/Paris;Screen=1920x919','127.0.0.1','Mozilla/5.0 (X11; Linux x86_64) AppleWebKit/537.36 (KHTML, like Gecko) Chrome/78.0.3904.108 Safari/537.36',NULL,'8ac86e29343929e21171a305760f9a3b',NULL,NULL),
(1036,'2020-01-12 20:13:37','USER_LOGIN',1,'2020-01-13 00:13:37',12,'(UserLogged,admin) - TZ=1;TZString=Europe/Paris;Screen=1920x919','127.0.0.1','Mozilla/5.0 (X11; Linux x86_64) AppleWebKit/537.36 (KHTML, like Gecko) Chrome/78.0.3904.108 Safari/537.36',NULL,'8ac86e29343929e21171a305760f9a3b',NULL,NULL),
(1037,'2020-01-12 20:58:27','USER_LOGIN',1,'2020-01-13 00:58:27',12,'(UserLogged,admin) - TZ=1;TZString=Europe/Paris;Screen=1920x919','127.0.0.1','Mozilla/5.0 (X11; Linux x86_64) AppleWebKit/537.36 (KHTML, like Gecko) Chrome/78.0.3904.108 Safari/537.36',NULL,'8ac86e29343929e21171a305760f9a3b',NULL,NULL),
(1038,'2020-01-13 03:35:56','USER_LOGIN',1,'2020-01-13 07:35:56',12,'(UserLogged,admin) - TZ=1;TZString=Europe/Paris;Screen=1920x948','127.0.0.1','Mozilla/5.0 (X11; Linux x86_64) AppleWebKit/537.36 (KHTML, like Gecko) Chrome/79.0.3945.117 Safari/537.36',NULL,'8ac86e29343929e21171a305760f9a3b',NULL,NULL),
(1039,'2020-01-13 10:37:51','USER_LOGIN_FAILED',1,'2020-01-13 14:37:51',NULL,'Identifiant ou mot de passe incorrect - login=admin','127.0.0.1','Mozilla/5.0 (X11; Linux x86_64) AppleWebKit/537.36 (KHTML, like Gecko) Chrome/79.0.3945.117 Safari/537.36',NULL,'8ac86e29343929e21171a305760f9a3b',NULL,NULL),
(1040,'2020-01-13 10:37:55','USER_LOGIN',1,'2020-01-13 14:37:55',12,'(UserLogged,admin) - TZ=1;TZString=Europe/Paris;Screen=1920x948','127.0.0.1','Mozilla/5.0 (X11; Linux x86_64) AppleWebKit/537.36 (KHTML, like Gecko) Chrome/79.0.3945.117 Safari/537.36',NULL,'8ac86e29343929e21171a305760f9a3b',NULL,NULL),
(1041,'2020-01-13 14:34:55','USER_LOGIN_FAILED',1,'2020-01-13 18:34:55',NULL,'Identifiant ou mot de passe incorrect - login=admin','127.0.0.1','Mozilla/5.0 (X11; Linux x86_64) AppleWebKit/537.36 (KHTML, like Gecko) Chrome/79.0.3945.117 Safari/537.36',NULL,'8ac86e29343929e21171a305760f9a3b',NULL,NULL),
(1042,'2020-01-13 14:34:58','USER_LOGIN',1,'2020-01-13 18:34:58',12,'(UserLogged,admin) - TZ=1;TZString=Europe/Paris;Screen=1920x948','127.0.0.1','Mozilla/5.0 (X11; Linux x86_64) AppleWebKit/537.36 (KHTML, like Gecko) Chrome/79.0.3945.117 Safari/537.36',NULL,'8ac86e29343929e21171a305760f9a3b',NULL,NULL),
(1043,'2020-01-15 10:28:04','USER_LOGIN_FAILED',1,'2020-01-15 14:28:04',NULL,'Identifiant ou mot de passe incorrect - login=admin','127.0.0.1','Mozilla/5.0 (X11; Linux x86_64) AppleWebKit/537.36 (KHTML, like Gecko) Chrome/79.0.3945.117 Safari/537.36',NULL,'8ac86e29343929e21171a305760f9a3b',NULL,NULL),
(1044,'2020-01-15 10:28:07','USER_LOGIN',1,'2020-01-15 14:28:07',12,'(UserLogged,admin) - TZ=1;TZString=Europe/Paris;Screen=1920x948','127.0.0.1','Mozilla/5.0 (X11; Linux x86_64) AppleWebKit/537.36 (KHTML, like Gecko) Chrome/79.0.3945.117 Safari/537.36',NULL,'8ac86e29343929e21171a305760f9a3b',NULL,NULL),
(1045,'2020-01-15 11:49:56','USER_LOGIN_FAILED',1,'2020-01-15 15:49:56',NULL,'Identifiant ou mot de passe incorrect - login=admin','127.0.0.1','Mozilla/5.0 (X11; Linux x86_64) AppleWebKit/537.36 (KHTML, like Gecko) Chrome/79.0.3945.117 Safari/537.36',NULL,'8ac86e29343929e21171a305760f9a3b',NULL,NULL),
(1046,'2020-01-15 11:49:58','USER_LOGIN',1,'2020-01-15 15:49:58',12,'(UserLogged,admin) - TZ=1;TZString=Europe/Paris;Screen=1920x948','127.0.0.1','Mozilla/5.0 (X11; Linux x86_64) AppleWebKit/537.36 (KHTML, like Gecko) Chrome/79.0.3945.117 Safari/537.36',NULL,'8ac86e29343929e21171a305760f9a3b',NULL,NULL),
(1047,'2020-01-15 13:35:01','USER_LOGIN_FAILED',1,'2020-01-15 17:35:01',NULL,'Identifiant ou mot de passe incorrect - login=admin','127.0.0.1','Mozilla/5.0 (X11; Linux x86_64) AppleWebKit/537.36 (KHTML, like Gecko) Chrome/79.0.3945.117 Safari/537.36',NULL,'8ac86e29343929e21171a305760f9a3b',NULL,NULL),
(1048,'2020-01-15 13:35:04','USER_LOGIN',1,'2020-01-15 17:35:04',12,'(UserLogged,admin) - TZ=1;TZString=Europe/Paris;Screen=1920x948','127.0.0.1','Mozilla/5.0 (X11; Linux x86_64) AppleWebKit/537.36 (KHTML, like Gecko) Chrome/79.0.3945.117 Safari/537.36',NULL,'8ac86e29343929e21171a305760f9a3b',NULL,NULL),
(1049,'2020-01-15 14:41:15','USER_LOGIN_FAILED',1,'2020-01-15 18:41:15',NULL,'Identifiant ou mot de passe incorrect - login=admin','127.0.0.1','Mozilla/5.0 (X11; Linux x86_64) AppleWebKit/537.36 (KHTML, like Gecko) Chrome/79.0.3945.117 Safari/537.36',NULL,'8ac86e29343929e21171a305760f9a3b',NULL,NULL),
(1050,'2020-01-15 14:41:18','USER_LOGIN',1,'2020-01-15 18:41:18',12,'(UserLogged,admin) - TZ=1;TZString=Europe/Paris;Screen=1920x948','127.0.0.1','Mozilla/5.0 (X11; Linux x86_64) AppleWebKit/537.36 (KHTML, like Gecko) Chrome/79.0.3945.117 Safari/537.36',NULL,'8ac86e29343929e21171a305760f9a3b',NULL,NULL),
(1051,'2020-01-15 18:14:40','USER_LOGIN',1,'2020-01-15 22:14:40',12,'(UserLogged,admin) - TZ=1;TZString=Europe/Paris;Screen=1920x948','127.0.0.1','Mozilla/5.0 (X11; Linux x86_64) AppleWebKit/537.36 (KHTML, like Gecko) Chrome/79.0.3945.117 Safari/537.36',NULL,'8ac86e29343929e21171a305760f9a3b',NULL,NULL),
(1052,'2020-01-15 20:03:35','USER_LOGIN',1,'2020-01-16 00:03:35',12,'(UserLogged,admin) - TZ=1;TZString=Europe/Paris;Screen=1920x948','127.0.0.1','Mozilla/5.0 (X11; Linux x86_64) AppleWebKit/537.36 (KHTML, like Gecko) Chrome/79.0.3945.117 Safari/537.36',NULL,'8ac86e29343929e21171a305760f9a3b',NULL,NULL),
(1053,'2020-01-15 20:41:56','USER_LOGIN',1,'2020-01-16 00:41:56',12,'(UserLogged,admin) - TZ=1;TZString=Europe/Paris;Screen=1920x948','127.0.0.1','Mozilla/5.0 (X11; Linux x86_64) AppleWebKit/537.36 (KHTML, like Gecko) Chrome/79.0.3945.117 Safari/537.36',NULL,'8ac86e29343929e21171a305760f9a3b',NULL,NULL),
(1054,'2020-01-16 01:01:22','USER_LOGIN',1,'2020-01-16 02:01:22',12,'(UserLogged,admin) - TZ=1;TZString=Europe/Paris;Screen=1920x948','127.0.0.1','Mozilla/5.0 (X11; Linux x86_64) AppleWebKit/537.36 (KHTML, like Gecko) Chrome/79.0.3945.117 Safari/537.36',NULL,'8ac86e29343929e21171a305760f9a3b',NULL,NULL),
(1055,'2020-01-16 15:43:23','USER_LOGIN',1,'2020-01-16 16:43:23',12,'(UserLogged,admin) - TZ=1;TZString=Europe/Paris;Screen=1920x948','127.0.0.1','Mozilla/5.0 (X11; Linux x86_64) AppleWebKit/537.36 (KHTML, like Gecko) Chrome/79.0.3945.117 Safari/537.36',NULL,'8ac86e29343929e21171a305760f9a3b',NULL,NULL),
(1056,'2020-01-16 15:44:42','USER_ENABLEDISABLE',1,'2020-01-16 16:44:42',12,'User aboston activated','127.0.0.1','Mozilla/5.0 (X11; Linux x86_64) AppleWebKit/537.36 (KHTML, like Gecko) Chrome/79.0.3945.117 Safari/537.36',NULL,'8ac86e29343929e21171a305760f9a3b',NULL,NULL),
(1057,'2020-01-16 17:01:27','USER_LOGIN',1,'2020-01-16 18:01:27',12,'(UserLogged,admin) - TZ=1;TZString=Europe/Paris;Screen=1920x948','127.0.0.1','Mozilla/5.0 (X11; Linux x86_64) AppleWebKit/537.36 (KHTML, like Gecko) Chrome/79.0.3945.117 Safari/537.36',NULL,'8ac86e29343929e21171a305760f9a3b',NULL,NULL),
(1058,'2020-01-17 09:34:03','USER_LOGIN',1,'2020-01-17 10:34:03',12,'(UserLogged,admin) - TZ=1;TZString=Europe/Paris;Screen=1920x948','127.0.0.1','Mozilla/5.0 (X11; Linux x86_64) AppleWebKit/537.36 (KHTML, like Gecko) Chrome/79.0.3945.117 Safari/537.36',NULL,'8ac86e29343929e21171a305760f9a3b',NULL,NULL),
(1059,'2020-01-18 15:17:00','USER_LOGIN',1,'2020-01-18 16:17:00',12,'(UserLogged,admin) - TZ=1;TZString=Europe/Paris;Screen=1920x899','127.0.0.1','Mozilla/5.0 (X11; Linux x86_64) AppleWebKit/537.36 (KHTML, like Gecko) Chrome/79.0.3945.117 Safari/537.36',NULL,'8ac86e29343929e21171a305760f9a3b',NULL,NULL),
(1060,'2020-01-18 18:32:21','USER_LOGIN',1,'2020-01-18 19:32:21',12,'(UserLogged,admin) - TZ=1;TZString=Europe/Paris;Screen=1920x672','127.0.0.1','Mozilla/5.0 (X11; Linux x86_64) AppleWebKit/537.36 (KHTML, like Gecko) Chrome/79.0.3945.117 Safari/537.36',NULL,'8ac86e29343929e21171a305760f9a3b',NULL,NULL),
(1061,'2020-01-19 13:20:27','USER_LOGIN_FAILED',1,'2020-01-19 14:20:27',NULL,'Identifiant ou mot de passe incorrect - login=admin','127.0.0.1','Mozilla/5.0 (X11; Linux x86_64) AppleWebKit/537.36 (KHTML, like Gecko) Chrome/79.0.3945.117 Safari/537.36',NULL,'8ac86e29343929e21171a305760f9a3b',NULL,NULL),
(1062,'2020-01-19 13:20:30','USER_LOGIN',1,'2020-01-19 14:20:30',12,'(UserLogged,admin) - TZ=1;TZString=Europe/Paris;Screen=1920x948','127.0.0.1','Mozilla/5.0 (X11; Linux x86_64) AppleWebKit/537.36 (KHTML, like Gecko) Chrome/79.0.3945.117 Safari/537.36',NULL,'8ac86e29343929e21171a305760f9a3b',NULL,NULL),
(1063,'2020-01-19 17:05:23','USER_LOGIN',1,'2020-01-19 18:05:23',12,'(UserLogged,admin) - TZ=1;TZString=Europe/Paris;Screen=1920x948','127.0.0.1','Mozilla/5.0 (X11; Linux x86_64) AppleWebKit/537.36 (KHTML, like Gecko) Chrome/79.0.3945.117 Safari/537.36',NULL,'8ac86e29343929e21171a305760f9a3b',NULL,NULL),
(1064,'2020-01-19 19:29:37','USER_LOGIN',1,'2020-01-19 20:29:37',12,'(UserLogged,admin) - TZ=1;TZString=Europe/Paris;Screen=1920x948','127.0.0.1','Mozilla/5.0 (X11; Linux x86_64) AppleWebKit/537.36 (KHTML, like Gecko) Chrome/79.0.3945.117 Safari/537.36',NULL,'8ac86e29343929e21171a305760f9a3b',NULL,NULL),
(1065,'2020-01-20 00:19:16','USER_LOGIN_FAILED',1,'2020-01-20 01:19:16',NULL,'Identifiant ou mot de passe incorrect - login=admin','127.0.0.1','Mozilla/5.0 (X11; Linux x86_64) AppleWebKit/537.36 (KHTML, like Gecko) Chrome/79.0.3945.117 Safari/537.36',NULL,'8ac86e29343929e21171a305760f9a3b',NULL,NULL),
(1066,'2020-01-20 00:19:19','USER_LOGIN',1,'2020-01-20 01:19:19',12,'(UserLogged,admin) - TZ=1;TZString=Europe/Paris;Screen=1920x948','127.0.0.1','Mozilla/5.0 (X11; Linux x86_64) AppleWebKit/537.36 (KHTML, like Gecko) Chrome/79.0.3945.117 Safari/537.36',NULL,'8ac86e29343929e21171a305760f9a3b',NULL,NULL),
(1067,'2020-01-20 10:20:00','USER_LOGIN',1,'2020-01-20 11:20:00',12,'(UserLogged,admin) - TZ=1;TZString=Europe/Paris;Screen=1920x948','127.0.0.1','Mozilla/5.0 (X11; Linux x86_64) AppleWebKit/537.36 (KHTML, like Gecko) Chrome/79.0.3945.117 Safari/537.36',NULL,'8ac86e29343929e21171a305760f9a3b',NULL,NULL),
(1068,'2020-01-20 13:29:21','USER_LOGIN',1,'2020-01-20 14:29:21',12,'(UserLogged,admin) - TZ=1;TZString=Europe/Paris;Screen=1920x948','127.0.0.1','Mozilla/5.0 (X11; Linux x86_64) AppleWebKit/537.36 (KHTML, like Gecko) Chrome/79.0.3945.117 Safari/537.36',NULL,'8ac86e29343929e21171a305760f9a3b',NULL,NULL),
(1069,'2020-01-20 16:20:00','USER_LOGIN',1,'2020-01-20 17:20:00',12,'(UserLogged,admin) - TZ=1;TZString=Europe/Paris;Screen=1920x948','127.0.0.1','Mozilla/5.0 (X11; Linux x86_64) AppleWebKit/537.36 (KHTML, like Gecko) Chrome/79.0.3945.117 Safari/537.36',NULL,'8ac86e29343929e21171a305760f9a3b',NULL,NULL),
(1070,'2020-01-20 22:52:22','USER_LOGIN_FAILED',1,'2020-01-20 23:52:22',NULL,'Identifiant ou mot de passe incorrect - login=admin','127.0.0.1','Mozilla/5.0 (X11; Linux x86_64) AppleWebKit/537.36 (KHTML, like Gecko) Chrome/79.0.3945.117 Safari/537.36',NULL,'8ac86e29343929e21171a305760f9a3b',NULL,NULL),
(1071,'2020-01-20 22:52:25','USER_LOGIN',1,'2020-01-20 23:52:25',12,'(UserLogged,admin) - TZ=1;TZString=Europe/Paris;Screen=1920x948','127.0.0.1','Mozilla/5.0 (X11; Linux x86_64) AppleWebKit/537.36 (KHTML, like Gecko) Chrome/79.0.3945.117 Safari/537.36',NULL,'8ac86e29343929e21171a305760f9a3b',NULL,NULL),
(1072,'2020-01-20 23:43:37','USER_LOGIN_FAILED',1,'2020-01-21 00:43:37',NULL,'Identifiant ou mot de passe incorrect - login=admin','127.0.0.1','Mozilla/5.0 (X11; Linux x86_64) AppleWebKit/537.36 (KHTML, like Gecko) Chrome/79.0.3945.117 Safari/537.36',NULL,'8ac86e29343929e21171a305760f9a3b',NULL,NULL),
(1073,'2020-01-20 23:43:41','USER_LOGIN',1,'2020-01-21 00:43:41',12,'(UserLogged,admin) - TZ=1;TZString=Europe/Paris;Screen=1905x643','127.0.0.1','Mozilla/5.0 (X11; Linux x86_64) AppleWebKit/537.36 (KHTML, like Gecko) Chrome/79.0.3945.117 Safari/537.36',NULL,'8ac86e29343929e21171a305760f9a3b',NULL,NULL),
(1074,'2020-01-21 09:21:05','USER_LOGIN_FAILED',1,'2020-01-21 10:21:05',NULL,'Identifiant ou mot de passe incorrect - login=admin','127.0.0.1','Mozilla/5.0 (X11; Linux x86_64) AppleWebKit/537.36 (KHTML, like Gecko) Chrome/79.0.3945.117 Safari/537.36',NULL,'8ac86e29343929e21171a305760f9a3b',NULL,NULL),
(1075,'2020-01-21 09:21:09','USER_LOGIN',1,'2020-01-21 10:21:09',12,'(UserLogged,admin) - TZ=1;TZString=Europe/Paris;Screen=1920x870','127.0.0.1','Mozilla/5.0 (X11; Linux x86_64) AppleWebKit/537.36 (KHTML, like Gecko) Chrome/79.0.3945.117 Safari/537.36',NULL,'8ac86e29343929e21171a305760f9a3b',NULL,NULL),
(1076,'2020-01-21 09:33:53','USER_LOGOUT',1,'2020-01-21 10:33:53',12,'(UserLogoff,admin)','127.0.0.1','Mozilla/5.0 (X11; Linux x86_64) AppleWebKit/537.36 (KHTML, like Gecko) Chrome/79.0.3945.117 Safari/537.36',NULL,'8ac86e29343929e21171a305760f9a3b',NULL,NULL),
(1077,'2020-01-21 09:35:27','USER_LOGIN',1,'2020-01-21 10:35:27',12,'(UserLogged,admin) - TZ=1;TZString=Europe/Paris;Screen=1920x919','127.0.0.1','Mozilla/5.0 (X11; Linux x86_64) AppleWebKit/537.36 (KHTML, like Gecko) Chrome/79.0.3945.117 Safari/537.36',NULL,'8ac86e29343929e21171a305760f9a3b',NULL,NULL),
(1078,'2020-01-21 09:35:52','USER_LOGOUT',1,'2020-01-21 10:35:52',12,'(UserLogoff,admin)','127.0.0.1','Mozilla/5.0 (X11; Linux x86_64) AppleWebKit/537.36 (KHTML, like Gecko) Chrome/79.0.3945.117 Safari/537.36',NULL,'8ac86e29343929e21171a305760f9a3b',NULL,NULL),
(1079,'2020-01-21 09:38:41','USER_LOGIN',1,'2020-01-21 10:38:41',12,'(UserLogged,admin) - TZ=1;TZString=Europe/Paris;Screen=1920x919','127.0.0.1','Mozilla/5.0 (X11; Linux x86_64) AppleWebKit/537.36 (KHTML, like Gecko) Chrome/79.0.3945.117 Safari/537.36',NULL,'8ac86e29343929e21171a305760f9a3b',NULL,NULL),
(1080,'2021-04-15 10:38:52','USER_NEW_PASSWORD',1,'2021-04-15 07:38:52',12,'Password change for admin','127.0.0.1','Mozilla/5.0 (X11; Linux x86_64) AppleWebKit/537.36 (KHTML, like Gecko) Chrome/88.0.4324.146 Safari/537.36',NULL,'ad25e182a7c96613025098ed58d8c6cb',NULL,NULL),
(1081,'2021-04-15 10:38:52','USER_MODIFY',1,'2021-04-15 07:38:52',12,'User admin modified','127.0.0.1','Mozilla/5.0 (X11; Linux x86_64) AppleWebKit/537.36 (KHTML, like Gecko) Chrome/88.0.4324.146 Safari/537.36',NULL,'ad25e182a7c96613025098ed58d8c6cb',NULL,NULL),
(1082,'2021-04-15 10:40:22','USER_NEW_PASSWORD',1,'2021-04-15 07:40:22',12,'Password change for zzeceo','127.0.0.1','Mozilla/5.0 (X11; Linux x86_64) AppleWebKit/537.36 (KHTML, like Gecko) Chrome/88.0.4324.146 Safari/537.36',NULL,'ad25e182a7c96613025098ed58d8c6cb',NULL,NULL),
(1083,'2021-04-15 10:40:22','USER_MODIFY',1,'2021-04-15 07:40:22',12,'User zzeceo modified','127.0.0.1','Mozilla/5.0 (X11; Linux x86_64) AppleWebKit/537.36 (KHTML, like Gecko) Chrome/88.0.4324.146 Safari/537.36',NULL,'ad25e182a7c96613025098ed58d8c6cb',NULL,NULL),
(1084,'2021-04-15 10:41:51','USER_NEW_PASSWORD',1,'2021-04-15 07:41:51',12,'Password change for ccommercy','127.0.0.1','Mozilla/5.0 (X11; Linux x86_64) AppleWebKit/537.36 (KHTML, like Gecko) Chrome/88.0.4324.146 Safari/537.36',NULL,'ad25e182a7c96613025098ed58d8c6cb',NULL,NULL),
(1085,'2021-04-15 10:41:51','USER_MODIFY',1,'2021-04-15 07:41:51',12,'User ccommercy modified','127.0.0.1','Mozilla/5.0 (X11; Linux x86_64) AppleWebKit/537.36 (KHTML, like Gecko) Chrome/88.0.4324.146 Safari/537.36',NULL,'ad25e182a7c96613025098ed58d8c6cb',NULL,NULL),
(1086,'2021-04-15 10:42:13','USER_NEW_PASSWORD',1,'2021-04-15 07:42:13',12,'Password change for aeinstein','127.0.0.1','Mozilla/5.0 (X11; Linux x86_64) AppleWebKit/537.36 (KHTML, like Gecko) Chrome/88.0.4324.146 Safari/537.36',NULL,'ad25e182a7c96613025098ed58d8c6cb',NULL,NULL),
(1087,'2021-04-15 10:42:13','USER_MODIFY',1,'2021-04-15 07:42:13',12,'User aeinstein modified','127.0.0.1','Mozilla/5.0 (X11; Linux x86_64) AppleWebKit/537.36 (KHTML, like Gecko) Chrome/88.0.4324.146 Safari/537.36',NULL,'ad25e182a7c96613025098ed58d8c6cb',NULL,NULL),
(1088,'2021-04-15 10:54:43','USER_LOGOUT',1,'2021-04-15 07:54:43',12,'(UserLogoff,admin)','127.0.0.1','Mozilla/5.0 (X11; Linux x86_64) AppleWebKit/537.36 (KHTML, like Gecko) Chrome/88.0.4324.146 Safari/537.36',NULL,'ad25e182a7c96613025098ed58d8c6cb',NULL,NULL),
(1089,'2021-04-15 10:55:32','USER_LOGIN_FAILED',1,'2021-04-15 07:55:32',NULL,'Identifiant ou mot de passe incorrect - login=admin','127.0.0.1','Mozilla/5.0 (X11; Linux x86_64) AppleWebKit/537.36 (KHTML, like Gecko) Chrome/88.0.4324.146 Safari/537.36',NULL,'ad25e182a7c96613025098ed58d8c6cb',NULL,NULL),
(1090,'2021-04-15 10:55:36','USER_LOGIN',1,'2021-04-15 07:55:36',12,'(UserLogged,admin) - TZ=1;TZString=Europe/Paris;Screen=1920x948','127.0.0.1','Mozilla/5.0 (X11; Linux x86_64) AppleWebKit/537.36 (KHTML, like Gecko) Chrome/88.0.4324.146 Safari/537.36',NULL,'ad25e182a7c96613025098ed58d8c6cb',NULL,NULL),
(1091,'2021-04-15 10:55:57','USER_LOGOUT',1,'2021-04-15 07:55:57',12,'(UserLogoff,admin)','127.0.0.1','Mozilla/5.0 (X11; Linux x86_64) AppleWebKit/537.36 (KHTML, like Gecko) Chrome/88.0.4324.146 Safari/537.36',NULL,'ad25e182a7c96613025098ed58d8c6cb',NULL,NULL),
(1092,'2021-04-15 10:56:17','USER_LOGIN',1,'2021-04-15 07:56:17',12,'(UserLogged,admin) - TZ=1;TZString=Europe/Paris;Screen=1920x948','127.0.0.1','Mozilla/5.0 (X11; Linux x86_64) AppleWebKit/537.36 (KHTML, like Gecko) Chrome/88.0.4324.146 Safari/537.36',NULL,'ad25e182a7c96613025098ed58d8c6cb',NULL,NULL),
